{"id":6141,"date":"2022-08-09T12:38:57","date_gmt":"2022-08-09T12:38:57","guid":{"rendered":"https:\/\/www.cinemasoul.es\/?post_type=product&#038;p=6141"},"modified":"2022-08-19T16:16:03","modified_gmt":"2022-08-19T16:16:03","slug":"y-si-no-nos-enfadamos-dvd","status":"publish","type":"product","link":"https:\/\/cinemasoul.es\/?product=y-si-no-nos-enfadamos-dvd","title":{"rendered":"&#8230;.Y si no, nos enfadamos [DVD]"},"content":{"rendered":"","protected":false},"excerpt":{"rendered":"<p><strong>T\u00edtulo original <\/strong>&#8230;Altrimenti ci arrabbiamo <strong>A\u00f1o<\/strong> 1974 <strong>Duraci\u00f3n<\/strong> 92 min. <strong>Pa\u00eds<\/strong> Italia\u00a0 <strong>Direcci\u00f3n<\/strong> <span class=\"nb\">Marcello Fondato <\/span><strong>Guion <\/strong><span class=\"nb\">Jes\u00fas R. Folgar,<\/span> <span class=\"nb\">Vicente Coello <\/span><strong>M\u00fasica\u00a0\u00a0<\/strong><span class=\"nb\">Guido De Angelis,<\/span> <span class=\"nb\">Maurizio De Angelis <\/span><strong>Fotograf\u00eda<\/strong>\u00a0<span class=\"nb\">Arturo Zavattini <\/span><strong>Reparto <\/strong><span class=\"nb\">Terence Hill,<\/span> <span class=\"nb\">Bud Spencer,<\/span> <span class=\"nb\">Deogratias Huerta,<\/span> <span class=\"nb\">John Sharp,<\/span> <span class=\"nb\">Patty Shepard,<\/span> <span class=\"nb\">Manuel de Blas,<\/span> <span class=\"nb\">Luis Barbero,<\/span> <span class=\"nb\">Donald Pleasence,<\/span> <span class=\"nb\">Emilio Laguna <\/span><strong>Productora<\/strong> Coproducci\u00f3n Italia-Espa\u00f1a; <span class=\"nb\">Capital Films,<\/span> <span class=\"nb\">Filmayer Producci\u00f3n,<\/span> <span class=\"nb\">Rizzoli Film <\/span><strong>G\u00e9nero\u00a0<\/strong> Comedia. Acci\u00f3n<\/p>\n<p><strong>Sinopsis\u00a0<\/strong>Kid y Ben, amigos pero rivales, participan en una carrera de coches cuyo premio es un estupendo \u00abdune-buggy\u00bb, un minib\u00f3lido rojo con capota amarilla. Despu\u00e9s de innumerables peripecias, Kid y Ben llegan juntos a la meta, por lo que el minib\u00f3lido les pertenece a los dos. Kid propone que se lo jueguen a \u00abcervezas y salchichas\u00bb.<\/p>\n","protected":false},"featured_media":6144,"comment_status":"open","ping_status":"closed","template":"","meta":{"site-sidebar-layout":"default","site-content-layout":"default","ast-site-content-layout":"default","site-content-style":"default","site-sidebar-style":"default","ast-global-header-display":"","ast-banner-title-visibility":"","ast-main-header-display":"","ast-hfb-above-header-display":"","ast-hfb-below-header-display":"","ast-hfb-mobile-header-display":"","site-post-title":"","ast-breadcrumbs-content":"","ast-featured-img":"","footer-sml-layout":"","ast-disable-related-posts":"","theme-transparent-header-meta":"","adv-header-id-meta":"","stick-header-meta":"","header-above-stick-meta":"","header-main-stick-meta":"","header-below-stick-meta":"","astra-migrate-meta-layouts":"default","ast-page-background-enabled":"default","ast-page-background-meta":{"desktop":{"background-color":"","background-image":"","background-repeat":"repeat","background-position":"center center","background-size":"auto","background-attachment":"scroll","background-type":"","background-media":"","overlay-type":"","overlay-color":"","overlay-opacity":"","overlay-gradient":""},"tablet":{"background-color":"","background-image":"","background-repeat":"repeat","background-position":"center center","background-size":"auto","background-attachment":"scroll","background-type":"","background-media":"","overlay-type":"","overlay-color":"","overlay-opacity":"","overlay-gradient":""},"mobile":{"background-color":"","background-image":"","background-repeat":"repeat","background-position":"center center","background-size":"auto","background-attachment":"scroll","background-type":"","background-media":"","overlay-type":"","overlay-color":"","overlay-opacity":"","overlay-gradient":""}},"ast-content-background-meta":{"desktop":{"background-color":"var(--ast-global-color-5)","background-image":"","background-repeat":"repeat","background-position":"center center","background-size":"auto","background-attachment":"scroll","background-type":"","background-media":"","overlay-type":"","overlay-color":"","overlay-opacity":"","overlay-gradient":""},"tablet":{"background-color":"var(--ast-global-color-5)","background-image":"","background-repeat":"repeat","background-position":"center center","background-size":"auto","background-attachment":"scroll","background-type":"","background-media":"","overlay-type":"","overlay-color":"","overlay-opacity":"","overlay-gradient":""},"mobile":{"background-color":"var(--ast-global-color-5)","background-image":"","background-repeat":"repeat","background-position":"center center","background-size":"auto","background-attachment":"scroll","background-type":"","background-media":"","overlay-type":"","overlay-color":"","overlay-opacity":"","overlay-gradient":""}},"_joinchat":[]},"product_brand":[],"product_cat":[42],"product_tag":[],"class_list":{"0":"post-6141","1":"product","2":"type-product","3":"status-publish","4":"has-post-thumbnail","6":"product_cat-dvd","7":"desktop-align-left","8":"tablet-align-left","9":"mobile-align-left","11":"first","12":"instock","13":"shipping-taxable","14":"purchasable","15":"product-type-simple"},"_links":{"self":[{"href":"https:\/\/cinemasoul.es\/index.php?rest_route=\/wp\/v2\/product\/6141","targetHints":{"allow":["GET"]}}],"collection":[{"href":"https:\/\/cinemasoul.es\/index.php?rest_route=\/wp\/v2\/product"}],"about":[{"href":"https:\/\/cinemasoul.es\/index.php?rest_route=\/wp\/v2\/types\/product"}],"replies":[{"embeddable":true,"href":"https:\/\/cinemasoul.es\/index.php?rest_route=%2Fwp%2Fv2%2Fcomments&post=6141"}],"version-history":[{"count":2,"href":"https:\/\/cinemasoul.es\/index.php?rest_route=\/wp\/v2\/product\/6141\/revisions"}],"predecessor-version":[{"id":6188,"href":"https:\/\/cinemasoul.es\/index.php?rest_route=\/wp\/v2\/product\/6141\/revisions\/6188"}],"wp:featuredmedia":[{"embeddable":true,"href":"https:\/\/cinemasoul.es\/index.php?rest_route=\/wp\/v2\/media\/6144"}],"wp:attachment":[{"href":"https:\/\/cinemasoul.es\/index.php?rest_route=%2Fwp%2Fv2%2Fmedia&parent=6141"}],"wp:term":[{"taxonomy":"product_brand","embeddable":true,"href":"https:\/\/cinemasoul.es\/index.php?rest_route=%2Fwp%2Fv2%2Fproduct_brand&post=6141"},{"taxonomy":"product_cat","embeddable":true,"href":"https:\/\/cinemasoul.es\/index.php?rest_route=%2Fwp%2Fv2%2Fproduct_cat&post=6141"},{"taxonomy":"product_tag","embeddable":true,"href":"https:\/\/cinemasoul.es\/index.php?rest_route=%2Fwp%2Fv2%2Fproduct_tag&post=6141"}],"curies":[{"name":"wp","href":"https:\/\/api.w.org\/{rel}","templated":true}]}}