{"id":6098,"date":"2022-07-27T19:04:45","date_gmt":"2022-07-27T19:04:45","guid":{"rendered":"https:\/\/www.cinemasoul.es\/?post_type=product&#038;p=6098"},"modified":"2022-08-19T16:25:39","modified_gmt":"2022-08-19T16:25:39","slug":"le-llamaban-trinidad-dvd","status":"publish","type":"product","link":"https:\/\/cinemasoul.es\/?product=le-llamaban-trinidad-dvd","title":{"rendered":"Le llamaban Trinidad [DVD]"},"content":{"rendered":"","protected":false},"excerpt":{"rendered":"<p><strong>T\u00edtulo original\u00a0<\/strong>Lo chiamavano Trinit\u00e0&#8230; <strong>A\u00f1o<\/strong> 1970 <strong>Duraci\u00f3n<\/strong> 109 min. <strong>Pa\u00eds<\/strong> Italia <strong>Direcci\u00f3n<\/strong>\u00a0<span class=\"nb\">Enzo Barboni <\/span><strong>Guion\u00a0<\/strong><span class=\"nb\">Enzo Barboni <\/span><strong>M\u00fasica <\/strong><span class=\"nb\">Franco Micalizzi <\/span><strong>Fotograf\u00eda<\/strong>\u00a0<span class=\"nb\">Aldo Giordani <\/span><strong>Reparto\u00a0 <\/strong><span class=\"nb\">Terence Hill,<\/span> <span class=\"nb\">Bud Spencer,<\/span> <span class=\"nb\">Farley Granger,<\/span> <span class=\"nb\">Elena Pedemonte,<\/span> <span class=\"nb\">Steffen Zacharias,<\/span> <span class=\"nb\">Gisela Hahn,<\/span> <span class=\"nb\">Dan Sturkie,<\/span> <span class=\"nb\">Ezio Marano,<\/span> <span class=\"nb\">Luciano Rossi,<\/span> <span class=\"nb\">Fortunato Arena,<\/span> <span class=\"nb\">Riccardo Pizzuti,<\/span> <span class=\"nb\">Ugo Sasso,<\/span> <span class=\"nb\">Remo Capitani,<\/span> <span class=\"nb\">Luigi Bonos,<\/span> <span class=\"nb\">Paolo Magalotti,<\/span> <span class=\"nb\">Franco Marletta <\/span><strong>Productora\u00a0<\/strong><span class=\"nb\">West Film,<\/span> <span class=\"nb\">AVCO Embassy Pictures <\/span><strong>G\u00e9nero\u00a0\u00a0<\/strong>Comedia. Spaghetti Western.<\/p>\n<p><strong>Sinopsis\u00a0<\/strong>Despu\u00e9s de atravesar medio desierto, Trinidad, un tipo muy diestro con el rev\u00f3lver, descubre que su hermano mayor, otro granuja como \u00e9l, es ahora el sheriff de un peque\u00f1o pueblo. Como no tiene nada urgente que hacer, decide quedarse a comer y descansar por alg\u00fan tiempo.<\/p>\n","protected":false},"featured_media":6099,"comment_status":"open","ping_status":"closed","template":"","meta":{"site-sidebar-layout":"default","site-content-layout":"default","ast-site-content-layout":"default","site-content-style":"default","site-sidebar-style":"default","ast-global-header-display":"","ast-banner-title-visibility":"","ast-main-header-display":"","ast-hfb-above-header-display":"","ast-hfb-below-header-display":"","ast-hfb-mobile-header-display":"","site-post-title":"","ast-breadcrumbs-content":"","ast-featured-img":"","footer-sml-layout":"","ast-disable-related-posts":"","theme-transparent-header-meta":"","adv-header-id-meta":"","stick-header-meta":"","header-above-stick-meta":"","header-main-stick-meta":"","header-below-stick-meta":"","astra-migrate-meta-layouts":"default","ast-page-background-enabled":"default","ast-page-background-meta":{"desktop":{"background-color":"","background-image":"","background-repeat":"repeat","background-position":"center center","background-size":"auto","background-attachment":"scroll","background-type":"","background-media":"","overlay-type":"","overlay-color":"","overlay-opacity":"","overlay-gradient":""},"tablet":{"background-color":"","background-image":"","background-repeat":"repeat","background-position":"center center","background-size":"auto","background-attachment":"scroll","background-type":"","background-media":"","overlay-type":"","overlay-color":"","overlay-opacity":"","overlay-gradient":""},"mobile":{"background-color":"","background-image":"","background-repeat":"repeat","background-position":"center center","background-size":"auto","background-attachment":"scroll","background-type":"","background-media":"","overlay-type":"","overlay-color":"","overlay-opacity":"","overlay-gradient":""}},"ast-content-background-meta":{"desktop":{"background-color":"var(--ast-global-color-5)","background-image":"","background-repeat":"repeat","background-position":"center center","background-size":"auto","background-attachment":"scroll","background-type":"","background-media":"","overlay-type":"","overlay-color":"","overlay-opacity":"","overlay-gradient":""},"tablet":{"background-color":"var(--ast-global-color-5)","background-image":"","background-repeat":"repeat","background-position":"center center","background-size":"auto","background-attachment":"scroll","background-type":"","background-media":"","overlay-type":"","overlay-color":"","overlay-opacity":"","overlay-gradient":""},"mobile":{"background-color":"var(--ast-global-color-5)","background-image":"","background-repeat":"repeat","background-position":"center center","background-size":"auto","background-attachment":"scroll","background-type":"","background-media":"","overlay-type":"","overlay-color":"","overlay-opacity":"","overlay-gradient":""}},"_joinchat":[]},"product_brand":[],"product_cat":[42],"product_tag":[],"class_list":{"0":"post-6098","1":"product","2":"type-product","3":"status-publish","4":"has-post-thumbnail","6":"product_cat-dvd","7":"desktop-align-left","8":"tablet-align-left","9":"mobile-align-left","11":"first","12":"instock","13":"shipping-taxable","14":"purchasable","15":"product-type-simple"},"_links":{"self":[{"href":"https:\/\/cinemasoul.es\/index.php?rest_route=\/wp\/v2\/product\/6098","targetHints":{"allow":["GET"]}}],"collection":[{"href":"https:\/\/cinemasoul.es\/index.php?rest_route=\/wp\/v2\/product"}],"about":[{"href":"https:\/\/cinemasoul.es\/index.php?rest_route=\/wp\/v2\/types\/product"}],"replies":[{"embeddable":true,"href":"https:\/\/cinemasoul.es\/index.php?rest_route=%2Fwp%2Fv2%2Fcomments&post=6098"}],"version-history":[{"count":2,"href":"https:\/\/cinemasoul.es\/index.php?rest_route=\/wp\/v2\/product\/6098\/revisions"}],"predecessor-version":[{"id":6199,"href":"https:\/\/cinemasoul.es\/index.php?rest_route=\/wp\/v2\/product\/6098\/revisions\/6199"}],"wp:featuredmedia":[{"embeddable":true,"href":"https:\/\/cinemasoul.es\/index.php?rest_route=\/wp\/v2\/media\/6099"}],"wp:attachment":[{"href":"https:\/\/cinemasoul.es\/index.php?rest_route=%2Fwp%2Fv2%2Fmedia&parent=6098"}],"wp:term":[{"taxonomy":"product_brand","embeddable":true,"href":"https:\/\/cinemasoul.es\/index.php?rest_route=%2Fwp%2Fv2%2Fproduct_brand&post=6098"},{"taxonomy":"product_cat","embeddable":true,"href":"https:\/\/cinemasoul.es\/index.php?rest_route=%2Fwp%2Fv2%2Fproduct_cat&post=6098"},{"taxonomy":"product_tag","embeddable":true,"href":"https:\/\/cinemasoul.es\/index.php?rest_route=%2Fwp%2Fv2%2Fproduct_tag&post=6098"}],"curies":[{"name":"wp","href":"https:\/\/api.w.org\/{rel}","templated":true}]}}