{"id":6073,"date":"2022-07-22T18:55:21","date_gmt":"2022-07-22T18:55:21","guid":{"rendered":"https:\/\/www.cinemasoul.es\/?post_type=product&#038;p=6073"},"modified":"2022-08-19T16:57:37","modified_gmt":"2022-08-19T16:57:37","slug":"dos-supersuperesbirros-dvd","status":"publish","type":"product","link":"https:\/\/cinemasoul.es\/?product=dos-supersuperesbirros-dvd","title":{"rendered":"Dos super super esbirros [DVD]"},"content":{"rendered":"","protected":false},"excerpt":{"rendered":"<p><strong>T\u00edtulo original<\/strong> Nati con la camicia <strong>A\u00f1o<\/strong> 1983 <strong>Duraci\u00f3n<\/strong> 104 min. <strong>Pa\u00eds<\/strong> Italia <strong>Direcci\u00f3n<\/strong>\u00a0<span class=\"nb\">Enzo Barboni<\/span> (E.B. Clucher) <strong>Guion <\/strong><span class=\"nb\">Marco\u00a0 Barboni <\/span><strong>M\u00fasica\u00a0\u00a0<\/strong><span class=\"nb\">Franco Micalizzi <\/span><strong>Fotograf\u00eda<\/strong>\u00a0<span class=\"nb\">Ben McDermott <\/span><strong>Reparto\u00a0 <\/strong><span class=\"nb\">Terence Hill,<\/span> <span class=\"nb\">Bud Spencer,<\/span> <span class=\"nb\">Buffy Dee,<\/span> <span class=\"nb\">David Huddleston,<\/span> <span class=\"nb\">Riccardo Pizzuti,<\/span> <span class=\"nb\">Faith Minton,<\/span> <span class=\"nb\">Dan Rambo,<\/span> <span class=\"nb\">Susan Teesdale,<\/span> <span class=\"nb\">Dan Fitzgerald <\/span><strong>Productora<\/strong> Coproducci\u00f3n Italia-Estados Unidos; <span class=\"nb\">El Pico S.A,<\/span> <span class=\"nb\">Laguna Productions <\/span><strong>G\u00e9nero\u00a0\u00a0<\/strong>Aventuras. Comedia. Acci\u00f3n<\/p>\n<p><strong>Sinopsis\u00a0<\/strong>Rosco Frazer (Terence Hill) es un simp\u00e1tico viajero que vagabundea por las autopistas y casi es atropellado por un enorme cami\u00f3n conducido por dos tipos fuertes. Doug O&#8217;Riordan (Bud Spencer), un gigante barbudo, acaba de salir de prisi\u00f3n y est\u00e1 disfrutando de su comida en un \u00e1rea de descanso, cuando Rosco descubre al cami\u00f3n aparcado all\u00ed&#8230; Con la ayuda de Doug, Rosco consigue vengarse de los dos tipos. A partir de ah\u00ed se desencadenar\u00e1n una serie de acontecimientos que les llevar\u00e1n a ser tomados primero por ladrones y luego por agentes especiales de viaje en misi\u00f3n extraordinaria.<\/p>\n","protected":false},"featured_media":6074,"comment_status":"open","ping_status":"closed","template":"","meta":{"site-sidebar-layout":"default","site-content-layout":"default","ast-site-content-layout":"default","site-content-style":"default","site-sidebar-style":"default","ast-global-header-display":"","ast-banner-title-visibility":"","ast-main-header-display":"","ast-hfb-above-header-display":"","ast-hfb-below-header-display":"","ast-hfb-mobile-header-display":"","site-post-title":"","ast-breadcrumbs-content":"","ast-featured-img":"","footer-sml-layout":"","ast-disable-related-posts":"","theme-transparent-header-meta":"","adv-header-id-meta":"","stick-header-meta":"","header-above-stick-meta":"","header-main-stick-meta":"","header-below-stick-meta":"","astra-migrate-meta-layouts":"default","ast-page-background-enabled":"default","ast-page-background-meta":{"desktop":{"background-color":"","background-image":"","background-repeat":"repeat","background-position":"center center","background-size":"auto","background-attachment":"scroll","background-type":"","background-media":"","overlay-type":"","overlay-color":"","overlay-opacity":"","overlay-gradient":""},"tablet":{"background-color":"","background-image":"","background-repeat":"repeat","background-position":"center center","background-size":"auto","background-attachment":"scroll","background-type":"","background-media":"","overlay-type":"","overlay-color":"","overlay-opacity":"","overlay-gradient":""},"mobile":{"background-color":"","background-image":"","background-repeat":"repeat","background-position":"center center","background-size":"auto","background-attachment":"scroll","background-type":"","background-media":"","overlay-type":"","overlay-color":"","overlay-opacity":"","overlay-gradient":""}},"ast-content-background-meta":{"desktop":{"background-color":"var(--ast-global-color-5)","background-image":"","background-repeat":"repeat","background-position":"center center","background-size":"auto","background-attachment":"scroll","background-type":"","background-media":"","overlay-type":"","overlay-color":"","overlay-opacity":"","overlay-gradient":""},"tablet":{"background-color":"var(--ast-global-color-5)","background-image":"","background-repeat":"repeat","background-position":"center center","background-size":"auto","background-attachment":"scroll","background-type":"","background-media":"","overlay-type":"","overlay-color":"","overlay-opacity":"","overlay-gradient":""},"mobile":{"background-color":"var(--ast-global-color-5)","background-image":"","background-repeat":"repeat","background-position":"center center","background-size":"auto","background-attachment":"scroll","background-type":"","background-media":"","overlay-type":"","overlay-color":"","overlay-opacity":"","overlay-gradient":""}},"_joinchat":[]},"product_brand":[],"product_cat":[42],"product_tag":[],"class_list":{"0":"post-6073","1":"product","2":"type-product","3":"status-publish","4":"has-post-thumbnail","6":"product_cat-dvd","7":"desktop-align-left","8":"tablet-align-left","9":"mobile-align-left","11":"first","12":"instock","13":"shipping-taxable","14":"purchasable","15":"product-type-simple"},"_links":{"self":[{"href":"https:\/\/cinemasoul.es\/index.php?rest_route=\/wp\/v2\/product\/6073","targetHints":{"allow":["GET"]}}],"collection":[{"href":"https:\/\/cinemasoul.es\/index.php?rest_route=\/wp\/v2\/product"}],"about":[{"href":"https:\/\/cinemasoul.es\/index.php?rest_route=\/wp\/v2\/types\/product"}],"replies":[{"embeddable":true,"href":"https:\/\/cinemasoul.es\/index.php?rest_route=%2Fwp%2Fv2%2Fcomments&post=6073"}],"version-history":[{"count":3,"href":"https:\/\/cinemasoul.es\/index.php?rest_route=\/wp\/v2\/product\/6073\/revisions"}],"predecessor-version":[{"id":6212,"href":"https:\/\/cinemasoul.es\/index.php?rest_route=\/wp\/v2\/product\/6073\/revisions\/6212"}],"wp:featuredmedia":[{"embeddable":true,"href":"https:\/\/cinemasoul.es\/index.php?rest_route=\/wp\/v2\/media\/6074"}],"wp:attachment":[{"href":"https:\/\/cinemasoul.es\/index.php?rest_route=%2Fwp%2Fv2%2Fmedia&parent=6073"}],"wp:term":[{"taxonomy":"product_brand","embeddable":true,"href":"https:\/\/cinemasoul.es\/index.php?rest_route=%2Fwp%2Fv2%2Fproduct_brand&post=6073"},{"taxonomy":"product_cat","embeddable":true,"href":"https:\/\/cinemasoul.es\/index.php?rest_route=%2Fwp%2Fv2%2Fproduct_cat&post=6073"},{"taxonomy":"product_tag","embeddable":true,"href":"https:\/\/cinemasoul.es\/index.php?rest_route=%2Fwp%2Fv2%2Fproduct_tag&post=6073"}],"curies":[{"name":"wp","href":"https:\/\/api.w.org\/{rel}","templated":true}]}}