{"id":6047,"date":"2022-07-20T12:51:50","date_gmt":"2022-07-20T12:51:50","guid":{"rendered":"https:\/\/www.cinemasoul.es\/?post_type=product&#038;p=6047"},"modified":"2022-08-19T17:07:50","modified_gmt":"2022-08-19T17:07:50","slug":"viudas-del-jazz-dvd-vose","status":"publish","type":"product","link":"https:\/\/cinemasoul.es\/?product=viudas-del-jazz-dvd-vose","title":{"rendered":"Viudas Del Jazz (VOSE) [DVD]"},"content":{"rendered":"","protected":false},"excerpt":{"rendered":"<div id=\"tab-description\" class=\"tab-content\">\n<p>\u201c<em>M\u00fasica caliente e intriga atractiva<\/em>\u201d \u2013 Variety<\/p>\n<p>GEORGE MONTGOMERY, ANN RUTHERFORD CON GLENN MILLER Y SU BANDA EN <em>VIUDAS DEL JAZZ<\/em> CON\u00a0LYNN BARI, CAROLE LANDIS, CESAR ROMERO, VIRGINIA GILMORE.\u00a0<strong>DIRIGIDA<\/strong> POR ARCHIE MAYO <strong>PRODUCIDA<\/strong> POR WILLIAM LeBARON <strong>GUI\u00d3N<\/strong> DE KARL TUNBERG y DARRELL WARE UNA <strong>HISTORIA<\/strong> ORIGINAL DE JAMES PRINDLE <strong>M\u00fasica<\/strong> de Leigh Harline y Alfred Newman <strong>Fotograf\u00eda<\/strong> de Lucien Ballard<\/p>\n<p><strong>A\u00d1O<\/strong>: 1942 <strong>NACIONALIDAD<\/strong>: ESTADOS UNIDOS <strong>GENERO<\/strong>: MUSICAL Blanco y negro <strong>IDIOMAS<\/strong> INGL\u00c9S CON SUBT\u00cdTULOS CASTELLANO <strong>N\u00ba DE EXPEDIENTE<\/strong>\u00a0130.803 <strong>CLASIFICACI\u00d3N<\/strong> APTA PARA TODOS LOS P\u00daBLICOS <strong>DURACI\u00d3N<\/strong> 98 MIN. APROX. <strong>FORMATO<\/strong> 4\/3 1.37:1<\/p>\n<p>Fabulosa m\u00fasica <em>swing<\/em> y melod\u00edas memorables llenan esta pel\u00edcula \u2013 nominada al Oscar\u00ae \u2013 sobre las vidas de las mujeres de los m\u00fasicos de una famosa <em>big band<\/em>.\u00a0Cuando la banda de Gene Morrison (la Glenn Miller Band) est\u00e1 de gira, el trompetista Bill Abbot (George Montgomery) se enamora de una chica del p\u00fablico, Connie Ward (Ann Rutherford). Connie, despu\u00e9s de casarse con Bill, descubre y aprende lo que es ser una esposa de la orquesta y sus aventuras cuando sus maridos est\u00e1n de gira.Mientras los m\u00fasicos act\u00faan sus esposas est\u00e1n sumidas en suficientes celos inflamables y trucos sucios, para romper la banda. Ahora, Connie debe demostrar su amor por Bill, adem\u00e1s de intentar volver a reunir a la banda.<\/p>\n<\/div>\n","protected":false},"featured_media":6048,"comment_status":"open","ping_status":"closed","template":"","meta":{"site-sidebar-layout":"default","site-content-layout":"default","ast-site-content-layout":"default","site-content-style":"default","site-sidebar-style":"default","ast-global-header-display":"","ast-banner-title-visibility":"","ast-main-header-display":"","ast-hfb-above-header-display":"","ast-hfb-below-header-display":"","ast-hfb-mobile-header-display":"","site-post-title":"","ast-breadcrumbs-content":"","ast-featured-img":"","footer-sml-layout":"","ast-disable-related-posts":"","theme-transparent-header-meta":"","adv-header-id-meta":"","stick-header-meta":"","header-above-stick-meta":"","header-main-stick-meta":"","header-below-stick-meta":"","astra-migrate-meta-layouts":"default","ast-page-background-enabled":"default","ast-page-background-meta":{"desktop":{"background-color":"","background-image":"","background-repeat":"repeat","background-position":"center center","background-size":"auto","background-attachment":"scroll","background-type":"","background-media":"","overlay-type":"","overlay-color":"","overlay-opacity":"","overlay-gradient":""},"tablet":{"background-color":"","background-image":"","background-repeat":"repeat","background-position":"center center","background-size":"auto","background-attachment":"scroll","background-type":"","background-media":"","overlay-type":"","overlay-color":"","overlay-opacity":"","overlay-gradient":""},"mobile":{"background-color":"","background-image":"","background-repeat":"repeat","background-position":"center center","background-size":"auto","background-attachment":"scroll","background-type":"","background-media":"","overlay-type":"","overlay-color":"","overlay-opacity":"","overlay-gradient":""}},"ast-content-background-meta":{"desktop":{"background-color":"var(--ast-global-color-5)","background-image":"","background-repeat":"repeat","background-position":"center center","background-size":"auto","background-attachment":"scroll","background-type":"","background-media":"","overlay-type":"","overlay-color":"","overlay-opacity":"","overlay-gradient":""},"tablet":{"background-color":"var(--ast-global-color-5)","background-image":"","background-repeat":"repeat","background-position":"center center","background-size":"auto","background-attachment":"scroll","background-type":"","background-media":"","overlay-type":"","overlay-color":"","overlay-opacity":"","overlay-gradient":""},"mobile":{"background-color":"var(--ast-global-color-5)","background-image":"","background-repeat":"repeat","background-position":"center center","background-size":"auto","background-attachment":"scroll","background-type":"","background-media":"","overlay-type":"","overlay-color":"","overlay-opacity":"","overlay-gradient":""}},"_joinchat":[]},"product_brand":[],"product_cat":[42],"product_tag":[],"class_list":{"0":"post-6047","1":"product","2":"type-product","3":"status-publish","4":"has-post-thumbnail","6":"product_cat-dvd","7":"desktop-align-left","8":"tablet-align-left","9":"mobile-align-left","11":"first","12":"instock","13":"shipping-taxable","14":"purchasable","15":"product-type-simple"},"_links":{"self":[{"href":"https:\/\/cinemasoul.es\/index.php?rest_route=\/wp\/v2\/product\/6047","targetHints":{"allow":["GET"]}}],"collection":[{"href":"https:\/\/cinemasoul.es\/index.php?rest_route=\/wp\/v2\/product"}],"about":[{"href":"https:\/\/cinemasoul.es\/index.php?rest_route=\/wp\/v2\/types\/product"}],"replies":[{"embeddable":true,"href":"https:\/\/cinemasoul.es\/index.php?rest_route=%2Fwp%2Fv2%2Fcomments&post=6047"}],"version-history":[{"count":2,"href":"https:\/\/cinemasoul.es\/index.php?rest_route=\/wp\/v2\/product\/6047\/revisions"}],"predecessor-version":[{"id":6219,"href":"https:\/\/cinemasoul.es\/index.php?rest_route=\/wp\/v2\/product\/6047\/revisions\/6219"}],"wp:featuredmedia":[{"embeddable":true,"href":"https:\/\/cinemasoul.es\/index.php?rest_route=\/wp\/v2\/media\/6048"}],"wp:attachment":[{"href":"https:\/\/cinemasoul.es\/index.php?rest_route=%2Fwp%2Fv2%2Fmedia&parent=6047"}],"wp:term":[{"taxonomy":"product_brand","embeddable":true,"href":"https:\/\/cinemasoul.es\/index.php?rest_route=%2Fwp%2Fv2%2Fproduct_brand&post=6047"},{"taxonomy":"product_cat","embeddable":true,"href":"https:\/\/cinemasoul.es\/index.php?rest_route=%2Fwp%2Fv2%2Fproduct_cat&post=6047"},{"taxonomy":"product_tag","embeddable":true,"href":"https:\/\/cinemasoul.es\/index.php?rest_route=%2Fwp%2Fv2%2Fproduct_tag&post=6047"}],"curies":[{"name":"wp","href":"https:\/\/api.w.org\/{rel}","templated":true}]}}