{"id":6030,"date":"2022-07-20T10:55:46","date_gmt":"2022-07-20T10:55:46","guid":{"rendered":"https:\/\/www.cinemasoul.es\/?post_type=product&#038;p=6030"},"modified":"2022-07-20T10:55:46","modified_gmt":"2022-07-20T10:55:46","slug":"repertorio-de-verano-dvd","status":"publish","type":"product","link":"https:\/\/cinemasoul.es\/?product=repertorio-de-verano-dvd","title":{"rendered":"Repertorio de verano [DVD]"},"content":{"rendered":"","protected":false},"excerpt":{"rendered":"<div id=\"tab-description\" class=\"tab-content\">\n<p><em>Vamos a montar un espect\u00e1culo:\u00a0 \u00a1JUDY<\/em> \u00a0<em>Y GENE\u00a0 transforman un granero en una sala de Broadway!<\/em><\/p>\n<p>M-G-M\u00a0PRESENTA A JUDY GARLAND, GENE KELLY EN \u201cREPERTORIO DE VERANO\u201d.\u00a0<strong>COPROTAGONIZADA<\/strong> POR EDDIE BRACKEN, GLORIA DE HAVEN, MARJORIE MAIN, PHIL SILVERS,\u00a0RAY COLLINS.\u00a0<strong>COLOR<\/strong> POR TECHNICOLOR (R).<strong>\u00a0<\/strong><strong>GUI\u00d3N<\/strong> DE GEORGE WELLS YSY GOMBERG.\u00a0<strong>ARGUMENTO<\/strong> DE SY GOMBERG.\u00a0<strong>M\u00daSICA<\/strong> DE HARRY WARREN.\u00a0<strong>LETRAS<\/strong> DE MACK GORDON.\u00a0<strong>DIRIGIDA<\/strong> POR CHARLESWALTERS.\u00a0<strong>PRODUCIDA<\/strong> POR JOE PASTERNAK. UNA <strong>PEL\u00cdCULA<\/strong> DE METRO-GOLDWYN-MAYER.<\/p>\n<p><strong>IDIOMAS<\/strong>: CASTELLANO E INGL\u00c9S CON SUBT\u00cdTULOS EN CASTELLANO.\u00a0<strong>NACIONALIDAD<\/strong>: ESTADOS UNIDOS.\u00a0<strong>A\u00d1O<\/strong>: 1950.\u00a0<strong>G\u00c9NERO<\/strong>: MUSICAL.\u00a0<strong>DURACI\u00d3N<\/strong>: 105\u2019.\u00a0<strong>FORMATO<\/strong>: 4X3 1:33.\u00a0<strong>COLOR<\/strong>: COLOR.<\/p>\n<p><strong>REFERENCIA<\/strong>: DVDY27191.\u00a0<strong>EAN<\/strong>: 5051893024418.\u00a0<strong>DEP\u00d3SITO LEGAL<\/strong>: TF-2180-2009.\u00a0<strong>N\u00ba DE EXPEDIENTE<\/strong>: 115.519.\u00a0<strong>CLASIFICACI\u00d3N<\/strong>: APTA PARA TODOS LOS P\u00daBLICOS.<\/p>\n<p>La cosecha ha sido un poco rara en la granja Falbury: jud\u00edas, heno\u2026 y canciones. E hist\u00f3rica tambi\u00e9n, con Judy Garland y Gene Kelly bailando y cantando. En su \u00faltimo musical para la MGM, Garland interpreta a Jane Falbury, una granjera que se agarra un tremendo berrinche cuando su hermana (Gloria De Haven), aspirante a actriz, se presenta en su casa con una compa\u00f1\u00eda teatral que pretende montar un musical en el granero de la familia. \u00bfY a que no saben qui\u00e9n se convierte en la inesperada estrella del espect\u00e1culo cuando la solista hace mutis con un actor de Broadway? Entre los n\u00fameros inolvidables de la pel\u00edcula figuran el baile de Kelly<em>You, Wonderful<\/em> <em>You<\/em> utilizando tablas y peri\u00f3dicos en el suelo; la jubilosa <em>Get Happy,<\/em> con Garland enfundada en unas medias y una chaqueta de <em>smoking;<\/em> y el tema <em>Heavenly Music<\/em> de Gene Kelly y Phil Silvers con acompa\u00f1amiento de canes ladradores. Despu\u00e9s de semejante espect\u00e1culo, \u00bfc\u00f3mo van a quedarse estos chicos entre las cuatro tablas del granero?<\/p>\n<\/div>\n","protected":false},"featured_media":6031,"comment_status":"open","ping_status":"closed","template":"","meta":{"site-sidebar-layout":"default","site-content-layout":"default","ast-site-content-layout":"default","site-content-style":"default","site-sidebar-style":"default","ast-global-header-display":"","ast-banner-title-visibility":"","ast-main-header-display":"","ast-hfb-above-header-display":"","ast-hfb-below-header-display":"","ast-hfb-mobile-header-display":"","site-post-title":"","ast-breadcrumbs-content":"","ast-featured-img":"","footer-sml-layout":"","ast-disable-related-posts":"","theme-transparent-header-meta":"","adv-header-id-meta":"","stick-header-meta":"","header-above-stick-meta":"","header-main-stick-meta":"","header-below-stick-meta":"","astra-migrate-meta-layouts":"default","ast-page-background-enabled":"default","ast-page-background-meta":{"desktop":{"background-color":"","background-image":"","background-repeat":"repeat","background-position":"center center","background-size":"auto","background-attachment":"scroll","background-type":"","background-media":"","overlay-type":"","overlay-color":"","overlay-opacity":"","overlay-gradient":""},"tablet":{"background-color":"","background-image":"","background-repeat":"repeat","background-position":"center center","background-size":"auto","background-attachment":"scroll","background-type":"","background-media":"","overlay-type":"","overlay-color":"","overlay-opacity":"","overlay-gradient":""},"mobile":{"background-color":"","background-image":"","background-repeat":"repeat","background-position":"center center","background-size":"auto","background-attachment":"scroll","background-type":"","background-media":"","overlay-type":"","overlay-color":"","overlay-opacity":"","overlay-gradient":""}},"ast-content-background-meta":{"desktop":{"background-color":"var(--ast-global-color-5)","background-image":"","background-repeat":"repeat","background-position":"center center","background-size":"auto","background-attachment":"scroll","background-type":"","background-media":"","overlay-type":"","overlay-color":"","overlay-opacity":"","overlay-gradient":""},"tablet":{"background-color":"var(--ast-global-color-5)","background-image":"","background-repeat":"repeat","background-position":"center center","background-size":"auto","background-attachment":"scroll","background-type":"","background-media":"","overlay-type":"","overlay-color":"","overlay-opacity":"","overlay-gradient":""},"mobile":{"background-color":"var(--ast-global-color-5)","background-image":"","background-repeat":"repeat","background-position":"center center","background-size":"auto","background-attachment":"scroll","background-type":"","background-media":"","overlay-type":"","overlay-color":"","overlay-opacity":"","overlay-gradient":""}},"_joinchat":[]},"product_brand":[],"product_cat":[42],"product_tag":[],"class_list":{"0":"post-6030","1":"product","2":"type-product","3":"status-publish","4":"has-post-thumbnail","6":"product_cat-dvd","7":"desktop-align-left","8":"tablet-align-left","9":"mobile-align-left","11":"first","12":"instock","13":"shipping-taxable","14":"purchasable","15":"product-type-simple"},"_links":{"self":[{"href":"https:\/\/cinemasoul.es\/index.php?rest_route=\/wp\/v2\/product\/6030","targetHints":{"allow":["GET"]}}],"collection":[{"href":"https:\/\/cinemasoul.es\/index.php?rest_route=\/wp\/v2\/product"}],"about":[{"href":"https:\/\/cinemasoul.es\/index.php?rest_route=\/wp\/v2\/types\/product"}],"replies":[{"embeddable":true,"href":"https:\/\/cinemasoul.es\/index.php?rest_route=%2Fwp%2Fv2%2Fcomments&post=6030"}],"version-history":[{"count":1,"href":"https:\/\/cinemasoul.es\/index.php?rest_route=\/wp\/v2\/product\/6030\/revisions"}],"predecessor-version":[{"id":6033,"href":"https:\/\/cinemasoul.es\/index.php?rest_route=\/wp\/v2\/product\/6030\/revisions\/6033"}],"wp:featuredmedia":[{"embeddable":true,"href":"https:\/\/cinemasoul.es\/index.php?rest_route=\/wp\/v2\/media\/6031"}],"wp:attachment":[{"href":"https:\/\/cinemasoul.es\/index.php?rest_route=%2Fwp%2Fv2%2Fmedia&parent=6030"}],"wp:term":[{"taxonomy":"product_brand","embeddable":true,"href":"https:\/\/cinemasoul.es\/index.php?rest_route=%2Fwp%2Fv2%2Fproduct_brand&post=6030"},{"taxonomy":"product_cat","embeddable":true,"href":"https:\/\/cinemasoul.es\/index.php?rest_route=%2Fwp%2Fv2%2Fproduct_cat&post=6030"},{"taxonomy":"product_tag","embeddable":true,"href":"https:\/\/cinemasoul.es\/index.php?rest_route=%2Fwp%2Fv2%2Fproduct_tag&post=6030"}],"curies":[{"name":"wp","href":"https:\/\/api.w.org\/{rel}","templated":true}]}}