{"id":6022,"date":"2022-07-19T18:59:01","date_gmt":"2022-07-19T18:59:01","guid":{"rendered":"https:\/\/www.cinemasoul.es\/?post_type=product&#038;p=6022"},"modified":"2022-07-19T18:59:01","modified_gmt":"2022-07-19T18:59:01","slug":"la-nueva-melodia-de-broadway-dvd","status":"publish","type":"product","link":"https:\/\/cinemasoul.es\/?product=la-nueva-melodia-de-broadway-dvd","title":{"rendered":"La nueva melod\u00eda de Broadway [DVD]"},"content":{"rendered":"","protected":false},"excerpt":{"rendered":"<div id=\"tab-description\" class=\"tab-content\">\n<p><em>ABSOLUTAMENTE\u00a0 \u201cBEGUINERS\u201d.\u00a0 Fred Astaire y Eleanor Powell bailan la maravillosa melod\u00eda Begin the Beguine<\/em><\/p>\n<p>FRED ASTAIRE, ELEANOR POWELL EN \u201cLA NUEVA MELOD\u00cdA DE BROADWAY\u201d (<em>BROADWAY MELODY OF 1940<\/em>)\u00a0CON GEORGE MURPHY, FRANK MORGAN, IAN HUNTER, FLORENCE RICE, LYNNE CARVER\u00a0<strong>GUI\u00d3N<\/strong> DE LEON GORDON <strong>Y<\/strong> GEORGE OPPENHEMER\u00a0<strong>LETRA<\/strong> Y <strong>M\u00daSICA<\/strong> DE COLE PORTER\u00a0UNA <strong>PEL\u00cdCULA<\/strong> DE METRO-GOLDWYN-MAYER\u00a0<strong>DIRIGIDA<\/strong> POR NORMAN TAUROG\u00a0<strong>PRODUCIDA<\/strong> POR JACK CUMMINGS<\/p>\n<p><strong>IDIOMAS<\/strong>: CASTELLANO E INGL\u00c9S CON SUBT\u00cdTULOS EN CASTELLANO\u00a0<strong>NACIONALIDAD<\/strong>: ESTADOS UNIDOS <strong>A\u00d1O<\/strong>: 1940\u00a0<strong>G\u00c9NER<\/strong><strong>O<\/strong>: MUSICAL\u00a0<strong>FORMATO<\/strong>: 4X3 (1.33:1) <strong>COLOR<\/strong>: BLANCO Y NEGRO<strong>\u00a0DURACI\u00d3N<\/strong>: 97 MINUTOS APROX. <strong>DEP\u00d3SITO LEGAL<\/strong>: TF: 633-2011\u00a0<strong>N\u00ba DE EXPEDIENTE<\/strong>: 121.265\u00a0<strong>CLASIFICACI\u00d3N<\/strong>: APTA PARA TODOS LOS P\u00daBLICOS<\/p>\n<p>Se supone que el trabajo (una brillante carrera) va a ser para el bailar\u00edn Johnny Brett, pero una confusi\u00f3n en los nombres hace que acabe en manos de su compa\u00f1ero. \u00bfSer\u00e1 otro ejemplo de desastre en Broadway? No cuando Johnny es interpretado por Fred Astaire. Las burbujeantes canciones de Cole Porter, una comedia inteligente y las estrellas del baile Astaire y Eleanor Powell, hacen que la \u00faltima <em>Melod\u00eda de Broadwa<\/em>] (coprotagonizada por George Murphy) sea una pel\u00edcula inolvidable. <em>I\u2019m the Captai<\/em>], n\u00famero musical acu\u00e1tico interpretado por Powell y <em>I\u2019ve got my eyes on you<\/em>, cantada y bailada por Astaire son elementos m\u00e1s que suficientes para satisfacer a cualquier fan. Pero el n\u00famero musical que alcanzar\u00e1 la inmortalidad ser\u00e1 <em>Begin the Beguine<\/em>. Frank Sinatra en la pel\u00edcula \u201c<em>\u00c9rase una vez en Hollywood<\/em>\u201d dec\u00eda de esta escena: \u201cPodr\u00e1s esperar y esperar, pero jam\u00e1s volver\u00e1s a ver nada igual\u201d.<\/p>\n<\/div>\n","protected":false},"featured_media":6023,"comment_status":"open","ping_status":"closed","template":"","meta":{"site-sidebar-layout":"default","site-content-layout":"default","ast-site-content-layout":"default","site-content-style":"default","site-sidebar-style":"default","ast-global-header-display":"","ast-banner-title-visibility":"","ast-main-header-display":"","ast-hfb-above-header-display":"","ast-hfb-below-header-display":"","ast-hfb-mobile-header-display":"","site-post-title":"","ast-breadcrumbs-content":"","ast-featured-img":"","footer-sml-layout":"","ast-disable-related-posts":"","theme-transparent-header-meta":"","adv-header-id-meta":"","stick-header-meta":"","header-above-stick-meta":"","header-main-stick-meta":"","header-below-stick-meta":"","astra-migrate-meta-layouts":"default","ast-page-background-enabled":"default","ast-page-background-meta":{"desktop":{"background-color":"","background-image":"","background-repeat":"repeat","background-position":"center center","background-size":"auto","background-attachment":"scroll","background-type":"","background-media":"","overlay-type":"","overlay-color":"","overlay-opacity":"","overlay-gradient":""},"tablet":{"background-color":"","background-image":"","background-repeat":"repeat","background-position":"center center","background-size":"auto","background-attachment":"scroll","background-type":"","background-media":"","overlay-type":"","overlay-color":"","overlay-opacity":"","overlay-gradient":""},"mobile":{"background-color":"","background-image":"","background-repeat":"repeat","background-position":"center center","background-size":"auto","background-attachment":"scroll","background-type":"","background-media":"","overlay-type":"","overlay-color":"","overlay-opacity":"","overlay-gradient":""}},"ast-content-background-meta":{"desktop":{"background-color":"var(--ast-global-color-5)","background-image":"","background-repeat":"repeat","background-position":"center center","background-size":"auto","background-attachment":"scroll","background-type":"","background-media":"","overlay-type":"","overlay-color":"","overlay-opacity":"","overlay-gradient":""},"tablet":{"background-color":"var(--ast-global-color-5)","background-image":"","background-repeat":"repeat","background-position":"center center","background-size":"auto","background-attachment":"scroll","background-type":"","background-media":"","overlay-type":"","overlay-color":"","overlay-opacity":"","overlay-gradient":""},"mobile":{"background-color":"var(--ast-global-color-5)","background-image":"","background-repeat":"repeat","background-position":"center center","background-size":"auto","background-attachment":"scroll","background-type":"","background-media":"","overlay-type":"","overlay-color":"","overlay-opacity":"","overlay-gradient":""}},"_joinchat":[]},"product_brand":[],"product_cat":[42],"product_tag":[],"class_list":{"0":"post-6022","1":"product","2":"type-product","3":"status-publish","4":"has-post-thumbnail","6":"product_cat-dvd","7":"desktop-align-left","8":"tablet-align-left","9":"mobile-align-left","11":"first","12":"instock","13":"shipping-taxable","14":"purchasable","15":"product-type-simple"},"_links":{"self":[{"href":"https:\/\/cinemasoul.es\/index.php?rest_route=\/wp\/v2\/product\/6022","targetHints":{"allow":["GET"]}}],"collection":[{"href":"https:\/\/cinemasoul.es\/index.php?rest_route=\/wp\/v2\/product"}],"about":[{"href":"https:\/\/cinemasoul.es\/index.php?rest_route=\/wp\/v2\/types\/product"}],"replies":[{"embeddable":true,"href":"https:\/\/cinemasoul.es\/index.php?rest_route=%2Fwp%2Fv2%2Fcomments&post=6022"}],"version-history":[{"count":1,"href":"https:\/\/cinemasoul.es\/index.php?rest_route=\/wp\/v2\/product\/6022\/revisions"}],"predecessor-version":[{"id":6025,"href":"https:\/\/cinemasoul.es\/index.php?rest_route=\/wp\/v2\/product\/6022\/revisions\/6025"}],"wp:featuredmedia":[{"embeddable":true,"href":"https:\/\/cinemasoul.es\/index.php?rest_route=\/wp\/v2\/media\/6023"}],"wp:attachment":[{"href":"https:\/\/cinemasoul.es\/index.php?rest_route=%2Fwp%2Fv2%2Fmedia&parent=6022"}],"wp:term":[{"taxonomy":"product_brand","embeddable":true,"href":"https:\/\/cinemasoul.es\/index.php?rest_route=%2Fwp%2Fv2%2Fproduct_brand&post=6022"},{"taxonomy":"product_cat","embeddable":true,"href":"https:\/\/cinemasoul.es\/index.php?rest_route=%2Fwp%2Fv2%2Fproduct_cat&post=6022"},{"taxonomy":"product_tag","embeddable":true,"href":"https:\/\/cinemasoul.es\/index.php?rest_route=%2Fwp%2Fv2%2Fproduct_tag&post=6022"}],"curies":[{"name":"wp","href":"https:\/\/api.w.org\/{rel}","templated":true}]}}