{"id":5992,"date":"2022-07-18T18:14:22","date_gmt":"2022-07-18T18:14:22","guid":{"rendered":"https:\/\/www.cinemasoul.es\/?post_type=product&#038;p=5992"},"modified":"2022-07-18T18:20:45","modified_gmt":"2022-07-18T18:20:45","slug":"la-hija-de-neptuno-dvd","status":"publish","type":"product","link":"https:\/\/cinemasoul.es\/?product=la-hija-de-neptuno-dvd","title":{"rendered":"La hija de Neptuno [DVD]"},"content":{"rendered":"","protected":false},"excerpt":{"rendered":"<div id=\"tab-description\" class=\"tab-content\">\n<p><strong>M-G-M PRESENTA\u00a0<\/strong>\u201cLA HIJA DE NEPTUNO\u201d ESTHER WILLIAMS, RED SKELTON, RICARDO MONTALBAN, BETTY GARRETT, KEENAN WYNN, XAVIER CUGAT Y SU ORQUESTA.\u00a0<strong>COLOR POR<\/strong> TECHNICOLOR.\u00a0<strong>GUI\u00d3N DE<\/strong> DOROTHY KINGSLEY.\u00a0<strong>DI\u00c1LOGO ADICIONAL DE<\/strong> RAY SINGER Y DICK CHEVILLAT.\u00a0<strong>PRODUCIDA POR<\/strong>\u00a0JACK CUMMINGS.\u00a0<strong>DIRIGIDA POR<\/strong> EDWARD BUZZELL.\u00a0<strong>UNA PEL\u00cdCULA DE<\/strong> METRO-Goldwyn-Mayer.<\/p>\n<p><strong>NACIONALIDAD<\/strong>: ESTADOS UNIDOS.\u00a0<strong>A\u00d1O<\/strong>: 1949.\u00a0<strong>G\u00c9NERO<\/strong>: COMEDIA-MUSICAL.\u00a0<strong>DURACI\u00d3N<\/strong>: 95 MINUTOS APROX.\u00a0<strong>COLOR<\/strong>: COLOR.\u00a0<strong>FORMATO<\/strong>: 4\/3 1.33:1.\u00a0<strong>REFERENCIA<\/strong>: DVDY26127.\u00a0<strong>DEPOSITO LEGAL<\/strong>:TF: 1895-2009.\u00a0<strong>N\u00ba DE EXPEDIENTE<\/strong>:114.604.\u00a0<strong>CLASIFICACI\u00d3N<\/strong>: TODOS LOS PUBLICOS.<\/p>\n<p><em>\u201cUna comedia alegre y ligera con Esther Williams siempre provocativa en traje de ba\u00f1o.\u201d The Hollywood Reporter<\/em><\/p>\n<p>La atolondrada Betty Barrett (Betty Garrett) confunde al masajista Jack Spratt (Red Skelton) con Jos\u00e9 O\u2019Rourke (Ricardo Montalban), el capit\u00e1n del equipo de polo de Am\u00e9rica el Sur. Spratt mantiene el equ\u00edvoco, pero la situaci\u00f3n se complica cuando se enamoran. Mientras tanto, la hermana mayor de Betty, Eve (Esther Williams), campeona de nataci\u00f3n que vende trajes de ba\u00f1o asociada con Joe Backett (Keenan Wynn), se teme que Betty sufra un desenga\u00f1o cuando Jos\u00e9 regrese a Am\u00e9rica del Sur, as\u00ed que se las ingenia para conocer al aut\u00e9ntico O\u2019Rourke, y pronto surgir\u00e1 tambi\u00e9n el amor entre los dos. En paralelo a esta historia de confusi\u00f3n de identidades se desarrolla una subtrama en la que un g\u00e1nster (Ted de Corsia) y su torpe gorila (Mike Mazurki) planean capturar a O\u2019Rourke antes del gran partido de polo para ganar una apuesta. Dirigida con oficio por Edward Buzzell <em>(Una tarde en el circo, Los hermanos Marx en el Oeste)<\/em>, <em>La hija de Neptuno<\/em> destaca sobre todo por los n\u00fameros musicales (el tema \u201cBaby, It&#8217;s Cold Outside\u201d, compuesto por Frank Loesser, gan\u00f3 el Oscar\u00ae a la Mejor Canci\u00f3n en 1959) y por la brillantez de los espect\u00e1culos de nataci\u00f3n sincronizada que tanta fama reportaron a Esther Williams. Como curiosidad, la pel\u00edcula cuenta con una breve aparici\u00f3n de Mel Blanc, la inolvidable voz de Bugs Bunny, el Pato Lucas y otros muchos personajes de dibujos animados.<\/p>\n<\/div>\n","protected":false},"featured_media":5993,"comment_status":"open","ping_status":"closed","template":"","meta":{"site-sidebar-layout":"default","site-content-layout":"default","ast-site-content-layout":"default","site-content-style":"default","site-sidebar-style":"default","ast-global-header-display":"","ast-banner-title-visibility":"","ast-main-header-display":"","ast-hfb-above-header-display":"","ast-hfb-below-header-display":"","ast-hfb-mobile-header-display":"","site-post-title":"","ast-breadcrumbs-content":"","ast-featured-img":"","footer-sml-layout":"","ast-disable-related-posts":"","theme-transparent-header-meta":"","adv-header-id-meta":"","stick-header-meta":"","header-above-stick-meta":"","header-main-stick-meta":"","header-below-stick-meta":"","astra-migrate-meta-layouts":"default","ast-page-background-enabled":"default","ast-page-background-meta":{"desktop":{"background-color":"","background-image":"","background-repeat":"repeat","background-position":"center center","background-size":"auto","background-attachment":"scroll","background-type":"","background-media":"","overlay-type":"","overlay-color":"","overlay-opacity":"","overlay-gradient":""},"tablet":{"background-color":"","background-image":"","background-repeat":"repeat","background-position":"center center","background-size":"auto","background-attachment":"scroll","background-type":"","background-media":"","overlay-type":"","overlay-color":"","overlay-opacity":"","overlay-gradient":""},"mobile":{"background-color":"","background-image":"","background-repeat":"repeat","background-position":"center center","background-size":"auto","background-attachment":"scroll","background-type":"","background-media":"","overlay-type":"","overlay-color":"","overlay-opacity":"","overlay-gradient":""}},"ast-content-background-meta":{"desktop":{"background-color":"var(--ast-global-color-5)","background-image":"","background-repeat":"repeat","background-position":"center center","background-size":"auto","background-attachment":"scroll","background-type":"","background-media":"","overlay-type":"","overlay-color":"","overlay-opacity":"","overlay-gradient":""},"tablet":{"background-color":"var(--ast-global-color-5)","background-image":"","background-repeat":"repeat","background-position":"center center","background-size":"auto","background-attachment":"scroll","background-type":"","background-media":"","overlay-type":"","overlay-color":"","overlay-opacity":"","overlay-gradient":""},"mobile":{"background-color":"var(--ast-global-color-5)","background-image":"","background-repeat":"repeat","background-position":"center center","background-size":"auto","background-attachment":"scroll","background-type":"","background-media":"","overlay-type":"","overlay-color":"","overlay-opacity":"","overlay-gradient":""}},"_joinchat":[]},"product_brand":[],"product_cat":[42],"product_tag":[],"class_list":{"0":"post-5992","1":"product","2":"type-product","3":"status-publish","4":"has-post-thumbnail","6":"product_cat-dvd","7":"desktop-align-left","8":"tablet-align-left","9":"mobile-align-left","11":"first","12":"instock","13":"shipping-taxable","14":"purchasable","15":"product-type-simple"},"_links":{"self":[{"href":"https:\/\/cinemasoul.es\/index.php?rest_route=\/wp\/v2\/product\/5992","targetHints":{"allow":["GET"]}}],"collection":[{"href":"https:\/\/cinemasoul.es\/index.php?rest_route=\/wp\/v2\/product"}],"about":[{"href":"https:\/\/cinemasoul.es\/index.php?rest_route=\/wp\/v2\/types\/product"}],"replies":[{"embeddable":true,"href":"https:\/\/cinemasoul.es\/index.php?rest_route=%2Fwp%2Fv2%2Fcomments&post=5992"}],"version-history":[{"count":1,"href":"https:\/\/cinemasoul.es\/index.php?rest_route=\/wp\/v2\/product\/5992\/revisions"}],"predecessor-version":[{"id":5995,"href":"https:\/\/cinemasoul.es\/index.php?rest_route=\/wp\/v2\/product\/5992\/revisions\/5995"}],"wp:featuredmedia":[{"embeddable":true,"href":"https:\/\/cinemasoul.es\/index.php?rest_route=\/wp\/v2\/media\/5993"}],"wp:attachment":[{"href":"https:\/\/cinemasoul.es\/index.php?rest_route=%2Fwp%2Fv2%2Fmedia&parent=5992"}],"wp:term":[{"taxonomy":"product_brand","embeddable":true,"href":"https:\/\/cinemasoul.es\/index.php?rest_route=%2Fwp%2Fv2%2Fproduct_brand&post=5992"},{"taxonomy":"product_cat","embeddable":true,"href":"https:\/\/cinemasoul.es\/index.php?rest_route=%2Fwp%2Fv2%2Fproduct_cat&post=5992"},{"taxonomy":"product_tag","embeddable":true,"href":"https:\/\/cinemasoul.es\/index.php?rest_route=%2Fwp%2Fv2%2Fproduct_tag&post=5992"}],"curies":[{"name":"wp","href":"https:\/\/api.w.org\/{rel}","templated":true}]}}