{"id":5987,"date":"2022-07-18T17:44:24","date_gmt":"2022-07-18T17:44:24","guid":{"rendered":"https:\/\/www.cinemasoul.es\/?post_type=product&#038;p=5987"},"modified":"2022-07-18T18:02:41","modified_gmt":"2022-07-18T18:02:41","slug":"hello-frisco-hello-dvd","status":"publish","type":"product","link":"https:\/\/cinemasoul.es\/?product=hello-frisco-hello-dvd","title":{"rendered":"Hello Frisco, Hello [DVD]"},"content":{"rendered":"","protected":false},"excerpt":{"rendered":"<div id=\"tab-description\" class=\"tab-content\">\n<p>ALICE FAYE, JOHN PAYNE, JACK OAKIE, LYNN BARI EN \u00abHELLO, FRISCO, HELLO\u00bb\u00a0CON LAIRO CREGAR, JUNE HAVOC, WARD BOND, GEORGE BARBIER, AUBREY MATHER.<strong>\u00a0GUI\u00d3N<\/strong> DE ROBERT ELLIS, HELEN LOGAN Y RICHARD MACAULEY. <strong>DIRIGIDA<\/strong> POR BRUCE HUMBERSTONE.<\/p>\n<p><strong>A\u00d1O<\/strong>: 1943.\u00a0<strong>NACIONALIDAD<\/strong><strong>:<\/strong> ESTADOS UNIDOS.\u00a0<strong>GENERO<\/strong>: MUSICAL &#8211; COMEDIA.\u00a0<strong>COLOR<\/strong>.\u00a0<strong>IDIOMAS<\/strong>:<strong>\u00a0<\/strong>ESPA\u00d1OL NEUTRO E INGL\u00c9S CON SUBT\u00cdTULOS EN CASTELLANO, INGL\u00c9S, PORTUGU\u00c9S.\u00a0<strong>N\u00ba DE EXPEDIENTE<\/strong>: 128.304.\u00a0<strong>CLASIFICACI\u00d3N<\/strong>:<strong>\u00a0<\/strong>APTA PARA TODOS LOS P\u00daBLICOS.\u00a0<strong>DURACI\u00d3N<\/strong>:<strong>\u00a0<\/strong>99 Minutos aprox.\u00a0<strong>FORMATO<\/strong>: 4\/3 1:37.1.<\/p>\n<p>El Barbary Coast de San Francisco es el lugar en el que hay que estar en el cambio de siglo, y es all\u00ed donde el \u00abaspirante\u00bb a hombre de negocios y pianista Johnny Cornell (John Payne) y su grupo est\u00e1n, adem\u00e1s de todos aquellos que a\u00fan sufr\u00edan \u00abla fiebre del oro\u00bb.\u00a0 El cuarteto incluye a la cantante Trudy Evans (Alice Faye), al siempre divertido Dan Daley (Jack Oakie) y a su pareja Beulah Clancy (June Havoc). Cuando el cuarteto es despedido por ser \u00abdemasiado entretenido\u00bb, Johnny decide abrir su propio local de baile. Pronto se comenzar\u00e1n a mezclar con la sociedad de Nob Hill y Johnny se enamora y termina cas\u00e1ndose con Bernice Croft (Lyn Bari), una rica heredera con intenciones puramente ego\u00edstas.<\/p>\n<\/div>\n","protected":false},"featured_media":5988,"comment_status":"open","ping_status":"closed","template":"","meta":{"site-sidebar-layout":"default","site-content-layout":"default","ast-site-content-layout":"default","site-content-style":"default","site-sidebar-style":"default","ast-global-header-display":"","ast-banner-title-visibility":"","ast-main-header-display":"","ast-hfb-above-header-display":"","ast-hfb-below-header-display":"","ast-hfb-mobile-header-display":"","site-post-title":"","ast-breadcrumbs-content":"","ast-featured-img":"","footer-sml-layout":"","ast-disable-related-posts":"","theme-transparent-header-meta":"","adv-header-id-meta":"","stick-header-meta":"","header-above-stick-meta":"","header-main-stick-meta":"","header-below-stick-meta":"","astra-migrate-meta-layouts":"default","ast-page-background-enabled":"default","ast-page-background-meta":{"desktop":{"background-color":"","background-image":"","background-repeat":"repeat","background-position":"center center","background-size":"auto","background-attachment":"scroll","background-type":"","background-media":"","overlay-type":"","overlay-color":"","overlay-opacity":"","overlay-gradient":""},"tablet":{"background-color":"","background-image":"","background-repeat":"repeat","background-position":"center center","background-size":"auto","background-attachment":"scroll","background-type":"","background-media":"","overlay-type":"","overlay-color":"","overlay-opacity":"","overlay-gradient":""},"mobile":{"background-color":"","background-image":"","background-repeat":"repeat","background-position":"center center","background-size":"auto","background-attachment":"scroll","background-type":"","background-media":"","overlay-type":"","overlay-color":"","overlay-opacity":"","overlay-gradient":""}},"ast-content-background-meta":{"desktop":{"background-color":"var(--ast-global-color-5)","background-image":"","background-repeat":"repeat","background-position":"center center","background-size":"auto","background-attachment":"scroll","background-type":"","background-media":"","overlay-type":"","overlay-color":"","overlay-opacity":"","overlay-gradient":""},"tablet":{"background-color":"var(--ast-global-color-5)","background-image":"","background-repeat":"repeat","background-position":"center center","background-size":"auto","background-attachment":"scroll","background-type":"","background-media":"","overlay-type":"","overlay-color":"","overlay-opacity":"","overlay-gradient":""},"mobile":{"background-color":"var(--ast-global-color-5)","background-image":"","background-repeat":"repeat","background-position":"center center","background-size":"auto","background-attachment":"scroll","background-type":"","background-media":"","overlay-type":"","overlay-color":"","overlay-opacity":"","overlay-gradient":""}},"_joinchat":[]},"product_brand":[],"product_cat":[42],"product_tag":[],"class_list":{"0":"post-5987","1":"product","2":"type-product","3":"status-publish","4":"has-post-thumbnail","6":"product_cat-dvd","7":"desktop-align-left","8":"tablet-align-left","9":"mobile-align-left","11":"first","12":"instock","13":"shipping-taxable","14":"purchasable","15":"product-type-simple"},"_links":{"self":[{"href":"https:\/\/cinemasoul.es\/index.php?rest_route=\/wp\/v2\/product\/5987","targetHints":{"allow":["GET"]}}],"collection":[{"href":"https:\/\/cinemasoul.es\/index.php?rest_route=\/wp\/v2\/product"}],"about":[{"href":"https:\/\/cinemasoul.es\/index.php?rest_route=\/wp\/v2\/types\/product"}],"replies":[{"embeddable":true,"href":"https:\/\/cinemasoul.es\/index.php?rest_route=%2Fwp%2Fv2%2Fcomments&post=5987"}],"version-history":[{"count":2,"href":"https:\/\/cinemasoul.es\/index.php?rest_route=\/wp\/v2\/product\/5987\/revisions"}],"predecessor-version":[{"id":5991,"href":"https:\/\/cinemasoul.es\/index.php?rest_route=\/wp\/v2\/product\/5987\/revisions\/5991"}],"wp:featuredmedia":[{"embeddable":true,"href":"https:\/\/cinemasoul.es\/index.php?rest_route=\/wp\/v2\/media\/5988"}],"wp:attachment":[{"href":"https:\/\/cinemasoul.es\/index.php?rest_route=%2Fwp%2Fv2%2Fmedia&parent=5987"}],"wp:term":[{"taxonomy":"product_brand","embeddable":true,"href":"https:\/\/cinemasoul.es\/index.php?rest_route=%2Fwp%2Fv2%2Fproduct_brand&post=5987"},{"taxonomy":"product_cat","embeddable":true,"href":"https:\/\/cinemasoul.es\/index.php?rest_route=%2Fwp%2Fv2%2Fproduct_cat&post=5987"},{"taxonomy":"product_tag","embeddable":true,"href":"https:\/\/cinemasoul.es\/index.php?rest_route=%2Fwp%2Fv2%2Fproduct_tag&post=5987"}],"curies":[{"name":"wp","href":"https:\/\/api.w.org\/{rel}","templated":true}]}}