{"id":5903,"date":"2022-07-12T17:14:26","date_gmt":"2022-07-12T17:14:26","guid":{"rendered":"https:\/\/www.cinemasoul.es\/?post_type=product&#038;p=5903"},"modified":"2022-07-12T17:14:26","modified_gmt":"2022-07-12T17:14:26","slug":"otra-vez-juntos-dvd","status":"publish","type":"product","link":"https:\/\/cinemasoul.es\/?product=otra-vez-juntos-dvd","title":{"rendered":"Otra vez juntos [DVD]"},"content":{"rendered":"","protected":false},"excerpt":{"rendered":"<p>COLUMBIA PICTURES PRESENTA A IRENE DUNNE, CHARLES BOYER <strong>EN<\/strong> \u201cOTRA VEZ JUNTOS\u201d (<em>TOGETHER AGAIN<\/em>) <strong>CON<\/strong> CHARLES COBURN <strong>Y<\/strong> MONA FREEMAN, JEROME COURTLAND, ELIZABETH PATTERSON, CHARLES DINGLE. <strong>HISTORIA DE<\/strong> STANLEY RUSSELL <strong>Y<\/strong> HERBERT BIBERMAN. <strong>GUI\u00d3N DE<\/strong> VIRGINIA VAN UPP <strong>Y\u00a0<\/strong> F. HUGH HERBERT.\u00a0\u00a0 <strong>PRODUCIDA POR<\/strong> VIRGINIA VAN UPP. <strong>DIRIGIDA POR<\/strong> CHARLES VIDOR.<\/p>\n<p><strong>A\u00d1O<\/strong>: 1944 <strong>G\u00c9NERO<\/strong>: COMEDIA <strong>NACIONALIDAD<\/strong>: ESTADOS UNIDOS <strong>BLANCO Y NEGRO<\/strong>.\u00a0<strong>DURACI\u00d3N<\/strong>: 85 MIN. APROX. <strong>IDIOMAS<\/strong>: CASTELLANO E INGL\u00c9S CON SUBT\u00cdTULOS EN CASTELLANO <strong>FORMATO DE PANTALLA<\/strong>: 4&#215;3 1.33.1 <strong>ICAA N\u00ba<\/strong>: 125.465 <strong>EAN<\/strong>: 8414533085663 <strong>DEP\u00d3SITO LEGAL<\/strong>:TF 752-2012 <strong>CLASIFICACI\u00d3N<\/strong>: APTA PARA TODOS LOS P\u00daBLICOS<\/p>\n<p>Irene Dunne y Charles Boyer, que hab\u00edan causado sensaci\u00f3n con historias rom\u00e1nticas como <em>T\u00fa y yo<\/em> (1939) y <em>Hurac\u00e1n<\/em> (1939) vuelven a trabajar juntos. Ahora ella es la viuda de un alcalde de una peque\u00f1a localidad de Vermont, que se enamora del escultor contratado para erigir una estatua en memoria de su esposo. Por supuesto, el romance entre ambos est\u00e1 m\u00e1s que asegurado a pesar de algunos problemas y enredos.<\/p>\n","protected":false},"featured_media":5904,"comment_status":"open","ping_status":"closed","template":"","meta":{"site-sidebar-layout":"default","site-content-layout":"default","ast-site-content-layout":"default","site-content-style":"default","site-sidebar-style":"default","ast-global-header-display":"","ast-banner-title-visibility":"","ast-main-header-display":"","ast-hfb-above-header-display":"","ast-hfb-below-header-display":"","ast-hfb-mobile-header-display":"","site-post-title":"","ast-breadcrumbs-content":"","ast-featured-img":"","footer-sml-layout":"","ast-disable-related-posts":"","theme-transparent-header-meta":"","adv-header-id-meta":"","stick-header-meta":"","header-above-stick-meta":"","header-main-stick-meta":"","header-below-stick-meta":"","astra-migrate-meta-layouts":"default","ast-page-background-enabled":"default","ast-page-background-meta":{"desktop":{"background-color":"","background-image":"","background-repeat":"repeat","background-position":"center center","background-size":"auto","background-attachment":"scroll","background-type":"","background-media":"","overlay-type":"","overlay-color":"","overlay-opacity":"","overlay-gradient":""},"tablet":{"background-color":"","background-image":"","background-repeat":"repeat","background-position":"center center","background-size":"auto","background-attachment":"scroll","background-type":"","background-media":"","overlay-type":"","overlay-color":"","overlay-opacity":"","overlay-gradient":""},"mobile":{"background-color":"","background-image":"","background-repeat":"repeat","background-position":"center center","background-size":"auto","background-attachment":"scroll","background-type":"","background-media":"","overlay-type":"","overlay-color":"","overlay-opacity":"","overlay-gradient":""}},"ast-content-background-meta":{"desktop":{"background-color":"var(--ast-global-color-5)","background-image":"","background-repeat":"repeat","background-position":"center center","background-size":"auto","background-attachment":"scroll","background-type":"","background-media":"","overlay-type":"","overlay-color":"","overlay-opacity":"","overlay-gradient":""},"tablet":{"background-color":"var(--ast-global-color-5)","background-image":"","background-repeat":"repeat","background-position":"center center","background-size":"auto","background-attachment":"scroll","background-type":"","background-media":"","overlay-type":"","overlay-color":"","overlay-opacity":"","overlay-gradient":""},"mobile":{"background-color":"var(--ast-global-color-5)","background-image":"","background-repeat":"repeat","background-position":"center center","background-size":"auto","background-attachment":"scroll","background-type":"","background-media":"","overlay-type":"","overlay-color":"","overlay-opacity":"","overlay-gradient":""}},"_joinchat":[]},"product_brand":[],"product_cat":[42],"product_tag":[],"class_list":{"0":"post-5903","1":"product","2":"type-product","3":"status-publish","4":"has-post-thumbnail","6":"product_cat-dvd","7":"desktop-align-left","8":"tablet-align-left","9":"mobile-align-left","11":"first","12":"instock","13":"shipping-taxable","14":"purchasable","15":"product-type-simple"},"_links":{"self":[{"href":"https:\/\/cinemasoul.es\/index.php?rest_route=\/wp\/v2\/product\/5903","targetHints":{"allow":["GET"]}}],"collection":[{"href":"https:\/\/cinemasoul.es\/index.php?rest_route=\/wp\/v2\/product"}],"about":[{"href":"https:\/\/cinemasoul.es\/index.php?rest_route=\/wp\/v2\/types\/product"}],"replies":[{"embeddable":true,"href":"https:\/\/cinemasoul.es\/index.php?rest_route=%2Fwp%2Fv2%2Fcomments&post=5903"}],"version-history":[{"count":1,"href":"https:\/\/cinemasoul.es\/index.php?rest_route=\/wp\/v2\/product\/5903\/revisions"}],"predecessor-version":[{"id":5906,"href":"https:\/\/cinemasoul.es\/index.php?rest_route=\/wp\/v2\/product\/5903\/revisions\/5906"}],"wp:featuredmedia":[{"embeddable":true,"href":"https:\/\/cinemasoul.es\/index.php?rest_route=\/wp\/v2\/media\/5904"}],"wp:attachment":[{"href":"https:\/\/cinemasoul.es\/index.php?rest_route=%2Fwp%2Fv2%2Fmedia&parent=5903"}],"wp:term":[{"taxonomy":"product_brand","embeddable":true,"href":"https:\/\/cinemasoul.es\/index.php?rest_route=%2Fwp%2Fv2%2Fproduct_brand&post=5903"},{"taxonomy":"product_cat","embeddable":true,"href":"https:\/\/cinemasoul.es\/index.php?rest_route=%2Fwp%2Fv2%2Fproduct_cat&post=5903"},{"taxonomy":"product_tag","embeddable":true,"href":"https:\/\/cinemasoul.es\/index.php?rest_route=%2Fwp%2Fv2%2Fproduct_tag&post=5903"}],"curies":[{"name":"wp","href":"https:\/\/api.w.org\/{rel}","templated":true}]}}