{"id":5867,"date":"2022-07-07T17:00:25","date_gmt":"2022-07-07T17:00:25","guid":{"rendered":"https:\/\/www.cinemasoul.es\/?post_type=product&#038;p=5867"},"modified":"2022-07-07T17:00:26","modified_gmt":"2022-07-07T17:00:26","slug":"un-mes-de-abstinencia-dvd","status":"publish","type":"product","link":"https:\/\/cinemasoul.es\/?product=un-mes-de-abstinencia-dvd","title":{"rendered":"Un mes de abstinencia [DVD]"},"content":{"rendered":"","protected":false},"excerpt":{"rendered":"<p><strong>T\u00edtulo original<\/strong> Cold Turkey <strong>A\u00f1o<\/strong> 1971 <strong>Duraci\u00f3n<\/strong> 99 min. <strong>Pa\u00eds<\/strong> Estados Unidos <strong>Direcci\u00f3n<\/strong> Norman Lear <strong>Guion<\/strong> Norman Lear, William Price Fox Jr. <strong>M\u00fasica<\/strong> Randy Newman <strong>Fotograf\u00eda<\/strong> Charles F. Wheeler <strong>Reparto<\/strong> Dick Van Dyke, Pippa Scott, Tom Poston, Edward Everett Horton, Bob Elliott, Ray Goulding, Vincent Gardenia, Barnard Hughes, Graham Jarvis, Jean Stapleton, Barbara Cason, Sudie Blond, Judith Lowry, Helen Page Camp, Paul Benedict <strong>Productora<\/strong> Tandem Productions, DFI <strong>G\u00e9nero<\/strong> Comedia | S\u00e1tira<\/p>\n<p><strong>Sinopsis<\/strong> Un experto en relaciones p\u00fablicas convence al propietario de una empresa tabacalera para patrocinar un concurso en el que se ofrecen 25 millones de d\u00f3lares a cualquier pueblo de EE.UU. que consiga que sus habitantes dejen de fumar durante 30 d\u00edas. El Reverendo Brooks lidera a Eagle Rock para vencer en este particular desaf\u00edo, a pesar de que algunos ejecutivos de la tabacalera est\u00e9n empe\u00f1ados en que no cumplan el objetivo. Si los ciudadanos no se vuelven locos y no se matan debido al s\u00edndrome de abstinencia, podr\u00e1n ganar un fabuloso premio&#8230;<\/p>\n","protected":false},"featured_media":5868,"comment_status":"open","ping_status":"closed","template":"","meta":{"site-sidebar-layout":"default","site-content-layout":"default","ast-site-content-layout":"default","site-content-style":"default","site-sidebar-style":"default","ast-global-header-display":"","ast-banner-title-visibility":"","ast-main-header-display":"","ast-hfb-above-header-display":"","ast-hfb-below-header-display":"","ast-hfb-mobile-header-display":"","site-post-title":"","ast-breadcrumbs-content":"","ast-featured-img":"","footer-sml-layout":"","ast-disable-related-posts":"","theme-transparent-header-meta":"","adv-header-id-meta":"","stick-header-meta":"","header-above-stick-meta":"","header-main-stick-meta":"","header-below-stick-meta":"","astra-migrate-meta-layouts":"default","ast-page-background-enabled":"default","ast-page-background-meta":{"desktop":{"background-color":"","background-image":"","background-repeat":"repeat","background-position":"center center","background-size":"auto","background-attachment":"scroll","background-type":"","background-media":"","overlay-type":"","overlay-color":"","overlay-opacity":"","overlay-gradient":""},"tablet":{"background-color":"","background-image":"","background-repeat":"repeat","background-position":"center center","background-size":"auto","background-attachment":"scroll","background-type":"","background-media":"","overlay-type":"","overlay-color":"","overlay-opacity":"","overlay-gradient":""},"mobile":{"background-color":"","background-image":"","background-repeat":"repeat","background-position":"center center","background-size":"auto","background-attachment":"scroll","background-type":"","background-media":"","overlay-type":"","overlay-color":"","overlay-opacity":"","overlay-gradient":""}},"ast-content-background-meta":{"desktop":{"background-color":"var(--ast-global-color-5)","background-image":"","background-repeat":"repeat","background-position":"center center","background-size":"auto","background-attachment":"scroll","background-type":"","background-media":"","overlay-type":"","overlay-color":"","overlay-opacity":"","overlay-gradient":""},"tablet":{"background-color":"var(--ast-global-color-5)","background-image":"","background-repeat":"repeat","background-position":"center center","background-size":"auto","background-attachment":"scroll","background-type":"","background-media":"","overlay-type":"","overlay-color":"","overlay-opacity":"","overlay-gradient":""},"mobile":{"background-color":"var(--ast-global-color-5)","background-image":"","background-repeat":"repeat","background-position":"center center","background-size":"auto","background-attachment":"scroll","background-type":"","background-media":"","overlay-type":"","overlay-color":"","overlay-opacity":"","overlay-gradient":""}},"_joinchat":[]},"product_brand":[],"product_cat":[42],"product_tag":[],"class_list":{"0":"post-5867","1":"product","2":"type-product","3":"status-publish","4":"has-post-thumbnail","6":"product_cat-dvd","7":"desktop-align-left","8":"tablet-align-left","9":"mobile-align-left","11":"first","12":"instock","13":"sale","14":"shipping-taxable","15":"purchasable","16":"product-type-simple"},"_links":{"self":[{"href":"https:\/\/cinemasoul.es\/index.php?rest_route=\/wp\/v2\/product\/5867","targetHints":{"allow":["GET"]}}],"collection":[{"href":"https:\/\/cinemasoul.es\/index.php?rest_route=\/wp\/v2\/product"}],"about":[{"href":"https:\/\/cinemasoul.es\/index.php?rest_route=\/wp\/v2\/types\/product"}],"replies":[{"embeddable":true,"href":"https:\/\/cinemasoul.es\/index.php?rest_route=%2Fwp%2Fv2%2Fcomments&post=5867"}],"version-history":[{"count":1,"href":"https:\/\/cinemasoul.es\/index.php?rest_route=\/wp\/v2\/product\/5867\/revisions"}],"predecessor-version":[{"id":5870,"href":"https:\/\/cinemasoul.es\/index.php?rest_route=\/wp\/v2\/product\/5867\/revisions\/5870"}],"wp:featuredmedia":[{"embeddable":true,"href":"https:\/\/cinemasoul.es\/index.php?rest_route=\/wp\/v2\/media\/5868"}],"wp:attachment":[{"href":"https:\/\/cinemasoul.es\/index.php?rest_route=%2Fwp%2Fv2%2Fmedia&parent=5867"}],"wp:term":[{"taxonomy":"product_brand","embeddable":true,"href":"https:\/\/cinemasoul.es\/index.php?rest_route=%2Fwp%2Fv2%2Fproduct_brand&post=5867"},{"taxonomy":"product_cat","embeddable":true,"href":"https:\/\/cinemasoul.es\/index.php?rest_route=%2Fwp%2Fv2%2Fproduct_cat&post=5867"},{"taxonomy":"product_tag","embeddable":true,"href":"https:\/\/cinemasoul.es\/index.php?rest_route=%2Fwp%2Fv2%2Fproduct_tag&post=5867"}],"curies":[{"name":"wp","href":"https:\/\/api.w.org\/{rel}","templated":true}]}}