{"id":5831,"date":"2022-07-06T18:25:09","date_gmt":"2022-07-06T18:25:09","guid":{"rendered":"https:\/\/www.cinemasoul.es\/?post_type=product&#038;p=5831"},"modified":"2022-07-06T18:27:13","modified_gmt":"2022-07-06T18:27:13","slug":"en-intima-colaboracion-dvd","status":"publish","type":"product","link":"https:\/\/cinemasoul.es\/?product=en-intima-colaboracion-dvd","title":{"rendered":"En \u00edntima colaboraci\u00f3n [DVD]"},"content":{"rendered":"","protected":false},"excerpt":{"rendered":"<p><strong>T\u00edtulo original\u00a0<\/strong>Romantic Comedy!\u00a0<strong>A\u00f1o\u00a0<\/strong>1983\u00a0<strong>Duraci\u00f3n\u00a0<\/strong>103 min.\u00a0<strong>Pa\u00eds\u00a0<\/strong>Estados Unidos\u00a0<strong>Direcci\u00f3n\u00a0<\/strong>Arthur Hiller\u00a0<strong>Guion\u00a0<\/strong>Bernard Slade\u00a0<strong>M\u00fasica\u00a0<\/strong>Marvin Hamlisch\u00a0<strong>Fotograf\u00eda\u00a0<\/strong>David M. Walsh\u00a0<strong>Reparto\u00a0<\/strong>Dudley Moore, Mary Steenburgen, Frances Sternhagen, Janet Eilber, Robyn Douglass\u00a0<strong>Productora\u00a0<\/strong>The Mirisch Corporation, TAFT Entertainment\u00a0 Pictures, United Artists\u00a0<strong>G\u00e9nero\u00a0<\/strong>Comedia. Romance<\/p>\n<p><strong>Sinopsis\u00a0<\/strong>A pesar de que siempre ha sido un seductor y un mujeriego empedernido, el autor teatral Jason Carmichael est\u00e1 a punto de embarcarse en un matrimonio de conveniencia con Allison, una dama de la alta sociedad. A punto de celebrarse la boda, se presenta en casa de Jason, Phoebe Craddock, una mujer provinciana que aspira a ser novelista, y provoca situaciones equ\u00edvocas. En realidad, el motivo de su visita es el deseo de ocupar el puesto de secretaria de Jason.<\/p>\n","protected":false},"featured_media":5832,"comment_status":"open","ping_status":"closed","template":"","meta":{"site-sidebar-layout":"default","site-content-layout":"default","ast-site-content-layout":"default","site-content-style":"default","site-sidebar-style":"default","ast-global-header-display":"","ast-banner-title-visibility":"","ast-main-header-display":"","ast-hfb-above-header-display":"","ast-hfb-below-header-display":"","ast-hfb-mobile-header-display":"","site-post-title":"","ast-breadcrumbs-content":"","ast-featured-img":"","footer-sml-layout":"","ast-disable-related-posts":"","theme-transparent-header-meta":"","adv-header-id-meta":"","stick-header-meta":"","header-above-stick-meta":"","header-main-stick-meta":"","header-below-stick-meta":"","astra-migrate-meta-layouts":"default","ast-page-background-enabled":"default","ast-page-background-meta":{"desktop":{"background-color":"","background-image":"","background-repeat":"repeat","background-position":"center center","background-size":"auto","background-attachment":"scroll","background-type":"","background-media":"","overlay-type":"","overlay-color":"","overlay-opacity":"","overlay-gradient":""},"tablet":{"background-color":"","background-image":"","background-repeat":"repeat","background-position":"center center","background-size":"auto","background-attachment":"scroll","background-type":"","background-media":"","overlay-type":"","overlay-color":"","overlay-opacity":"","overlay-gradient":""},"mobile":{"background-color":"","background-image":"","background-repeat":"repeat","background-position":"center center","background-size":"auto","background-attachment":"scroll","background-type":"","background-media":"","overlay-type":"","overlay-color":"","overlay-opacity":"","overlay-gradient":""}},"ast-content-background-meta":{"desktop":{"background-color":"var(--ast-global-color-5)","background-image":"","background-repeat":"repeat","background-position":"center center","background-size":"auto","background-attachment":"scroll","background-type":"","background-media":"","overlay-type":"","overlay-color":"","overlay-opacity":"","overlay-gradient":""},"tablet":{"background-color":"var(--ast-global-color-5)","background-image":"","background-repeat":"repeat","background-position":"center center","background-size":"auto","background-attachment":"scroll","background-type":"","background-media":"","overlay-type":"","overlay-color":"","overlay-opacity":"","overlay-gradient":""},"mobile":{"background-color":"var(--ast-global-color-5)","background-image":"","background-repeat":"repeat","background-position":"center center","background-size":"auto","background-attachment":"scroll","background-type":"","background-media":"","overlay-type":"","overlay-color":"","overlay-opacity":"","overlay-gradient":""}},"_joinchat":[]},"product_brand":[],"product_cat":[42],"product_tag":[],"class_list":{"0":"post-5831","1":"product","2":"type-product","3":"status-publish","4":"has-post-thumbnail","6":"product_cat-dvd","7":"desktop-align-left","8":"tablet-align-left","9":"mobile-align-left","11":"first","12":"instock","13":"sale","14":"shipping-taxable","15":"purchasable","16":"product-type-simple"},"_links":{"self":[{"href":"https:\/\/cinemasoul.es\/index.php?rest_route=\/wp\/v2\/product\/5831","targetHints":{"allow":["GET"]}}],"collection":[{"href":"https:\/\/cinemasoul.es\/index.php?rest_route=\/wp\/v2\/product"}],"about":[{"href":"https:\/\/cinemasoul.es\/index.php?rest_route=\/wp\/v2\/types\/product"}],"replies":[{"embeddable":true,"href":"https:\/\/cinemasoul.es\/index.php?rest_route=%2Fwp%2Fv2%2Fcomments&post=5831"}],"version-history":[{"count":2,"href":"https:\/\/cinemasoul.es\/index.php?rest_route=\/wp\/v2\/product\/5831\/revisions"}],"predecessor-version":[{"id":5835,"href":"https:\/\/cinemasoul.es\/index.php?rest_route=\/wp\/v2\/product\/5831\/revisions\/5835"}],"wp:featuredmedia":[{"embeddable":true,"href":"https:\/\/cinemasoul.es\/index.php?rest_route=\/wp\/v2\/media\/5832"}],"wp:attachment":[{"href":"https:\/\/cinemasoul.es\/index.php?rest_route=%2Fwp%2Fv2%2Fmedia&parent=5831"}],"wp:term":[{"taxonomy":"product_brand","embeddable":true,"href":"https:\/\/cinemasoul.es\/index.php?rest_route=%2Fwp%2Fv2%2Fproduct_brand&post=5831"},{"taxonomy":"product_cat","embeddable":true,"href":"https:\/\/cinemasoul.es\/index.php?rest_route=%2Fwp%2Fv2%2Fproduct_cat&post=5831"},{"taxonomy":"product_tag","embeddable":true,"href":"https:\/\/cinemasoul.es\/index.php?rest_route=%2Fwp%2Fv2%2Fproduct_tag&post=5831"}],"curies":[{"name":"wp","href":"https:\/\/api.w.org\/{rel}","templated":true}]}}