{"id":5747,"date":"2022-06-30T16:34:55","date_gmt":"2022-06-30T16:34:55","guid":{"rendered":"https:\/\/www.cinemasoul.es\/?post_type=product&#038;p=5747"},"modified":"2022-06-30T16:34:56","modified_gmt":"2022-06-30T16:34:56","slug":"apartamento-para-peggy-dvd","status":"publish","type":"product","link":"https:\/\/cinemasoul.es\/?product=apartamento-para-peggy-dvd","title":{"rendered":"Apartamento para Peggy [DVD]"},"content":{"rendered":"","protected":false},"excerpt":{"rendered":"<p><strong>T\u00cdTULO ORIGINAL<\/strong>:\u00a0<em>APARTMENT FOR PEGGY\u00a0<\/em><strong>DIRIGIDA<\/strong> POR\u00a0George Seaton <strong>GUI\u00d3N<\/strong> DE\u00a0George Seaton.\u00a0BASADO EN LA <strong>NOVELA<\/strong> DE\u00a0FAITH BALDWIN <strong>M\u00daSICA<\/strong> DE\u00a0DAVID RAKSIN Y EARLE HAGEN.\u00a0<strong>FOTOGRAF\u00cdA<\/strong> DE\u00a0HARRY JACKSON.\u00a0<strong>REPARTO<\/strong>: Jeanne Crain, William Holden,\u00a0Edmund Gwenn, Gene Lockhart, Griff Barnett, Randy Stuart, Betty Lynn.<\/p>\n<p><strong>A\u00d1O:<\/strong> 1948\u00a0<strong>NACIONALIDAD<\/strong>: ESTADOS UNIDOS\u00a0<strong>GENERO<\/strong>: DRAMA\u00a0<strong>COLOR<\/strong>: COLOR\u00a0<strong>IDIOMAS<\/strong>: CASTELLANO E INGL\u00c9S\u00a0<strong>DURACI\u00d3N<\/strong>: 96 MIN. APROX.\u00a0<strong>FORMATO<\/strong>: 4\/3 1:37.1\u00a0<strong>N\u00ba DE\u00a0EXPEDIENTE<\/strong>:\u00a0128.310\u00a0<strong>CLASIFICACI\u00d3N<\/strong>:\u00a0APTA PARA TODOS LOS P\u00daBLICOS.<\/p>\n<p>Jason es un veterano de la Segunda Guerra Mundial que acaba de contraer matrimonio con la dulce Peggy. Pero ambos tienen un problema para encontrar una vivienda, por lo que aceptan la proposici\u00f3n del anciano profesor Henry de vivir en el \u00e1tico de su gran mansi\u00f3n. Sin embargo, la convivencia acaba siendo bastante m\u00e1s compleja de lo que parec\u00eda. Adaptaci\u00f3n de la novela de Faith Baldwin, que da como resultado un agradable drama dirigido con cierto estilo narrativo por George Seaton. Supuso la segunda colaboraci\u00f3n entre dicho director y el actor Edmund Gwenn, tras el gran \u00e9xito de ambos con\u00a0<em>De ilusi\u00f3n tambi\u00e9n se vive<\/em>\u00a0(1947).<\/p>\n","protected":false},"featured_media":5748,"comment_status":"open","ping_status":"closed","template":"","meta":{"site-sidebar-layout":"default","site-content-layout":"default","ast-site-content-layout":"default","site-content-style":"default","site-sidebar-style":"default","ast-global-header-display":"","ast-banner-title-visibility":"","ast-main-header-display":"","ast-hfb-above-header-display":"","ast-hfb-below-header-display":"","ast-hfb-mobile-header-display":"","site-post-title":"","ast-breadcrumbs-content":"","ast-featured-img":"","footer-sml-layout":"","ast-disable-related-posts":"","theme-transparent-header-meta":"","adv-header-id-meta":"","stick-header-meta":"","header-above-stick-meta":"","header-main-stick-meta":"","header-below-stick-meta":"","astra-migrate-meta-layouts":"default","ast-page-background-enabled":"default","ast-page-background-meta":{"desktop":{"background-color":"","background-image":"","background-repeat":"repeat","background-position":"center center","background-size":"auto","background-attachment":"scroll","background-type":"","background-media":"","overlay-type":"","overlay-color":"","overlay-opacity":"","overlay-gradient":""},"tablet":{"background-color":"","background-image":"","background-repeat":"repeat","background-position":"center center","background-size":"auto","background-attachment":"scroll","background-type":"","background-media":"","overlay-type":"","overlay-color":"","overlay-opacity":"","overlay-gradient":""},"mobile":{"background-color":"","background-image":"","background-repeat":"repeat","background-position":"center center","background-size":"auto","background-attachment":"scroll","background-type":"","background-media":"","overlay-type":"","overlay-color":"","overlay-opacity":"","overlay-gradient":""}},"ast-content-background-meta":{"desktop":{"background-color":"var(--ast-global-color-5)","background-image":"","background-repeat":"repeat","background-position":"center center","background-size":"auto","background-attachment":"scroll","background-type":"","background-media":"","overlay-type":"","overlay-color":"","overlay-opacity":"","overlay-gradient":""},"tablet":{"background-color":"var(--ast-global-color-5)","background-image":"","background-repeat":"repeat","background-position":"center center","background-size":"auto","background-attachment":"scroll","background-type":"","background-media":"","overlay-type":"","overlay-color":"","overlay-opacity":"","overlay-gradient":""},"mobile":{"background-color":"var(--ast-global-color-5)","background-image":"","background-repeat":"repeat","background-position":"center center","background-size":"auto","background-attachment":"scroll","background-type":"","background-media":"","overlay-type":"","overlay-color":"","overlay-opacity":"","overlay-gradient":""}},"_joinchat":[]},"product_brand":[],"product_cat":[42],"product_tag":[],"class_list":{"0":"post-5747","1":"product","2":"type-product","3":"status-publish","4":"has-post-thumbnail","6":"product_cat-dvd","7":"desktop-align-left","8":"tablet-align-left","9":"mobile-align-left","11":"first","12":"instock","13":"sale","14":"shipping-taxable","15":"purchasable","16":"product-type-simple"},"_links":{"self":[{"href":"https:\/\/cinemasoul.es\/index.php?rest_route=\/wp\/v2\/product\/5747","targetHints":{"allow":["GET"]}}],"collection":[{"href":"https:\/\/cinemasoul.es\/index.php?rest_route=\/wp\/v2\/product"}],"about":[{"href":"https:\/\/cinemasoul.es\/index.php?rest_route=\/wp\/v2\/types\/product"}],"replies":[{"embeddable":true,"href":"https:\/\/cinemasoul.es\/index.php?rest_route=%2Fwp%2Fv2%2Fcomments&post=5747"}],"version-history":[{"count":1,"href":"https:\/\/cinemasoul.es\/index.php?rest_route=\/wp\/v2\/product\/5747\/revisions"}],"predecessor-version":[{"id":5750,"href":"https:\/\/cinemasoul.es\/index.php?rest_route=\/wp\/v2\/product\/5747\/revisions\/5750"}],"wp:featuredmedia":[{"embeddable":true,"href":"https:\/\/cinemasoul.es\/index.php?rest_route=\/wp\/v2\/media\/5748"}],"wp:attachment":[{"href":"https:\/\/cinemasoul.es\/index.php?rest_route=%2Fwp%2Fv2%2Fmedia&parent=5747"}],"wp:term":[{"taxonomy":"product_brand","embeddable":true,"href":"https:\/\/cinemasoul.es\/index.php?rest_route=%2Fwp%2Fv2%2Fproduct_brand&post=5747"},{"taxonomy":"product_cat","embeddable":true,"href":"https:\/\/cinemasoul.es\/index.php?rest_route=%2Fwp%2Fv2%2Fproduct_cat&post=5747"},{"taxonomy":"product_tag","embeddable":true,"href":"https:\/\/cinemasoul.es\/index.php?rest_route=%2Fwp%2Fv2%2Fproduct_tag&post=5747"}],"curies":[{"name":"wp","href":"https:\/\/api.w.org\/{rel}","templated":true}]}}