{"id":5636,"date":"2022-06-29T11:26:39","date_gmt":"2022-06-29T11:26:39","guid":{"rendered":"https:\/\/www.cinemasoul.es\/?post_type=product&#038;p=5636"},"modified":"2022-06-29T11:26:39","modified_gmt":"2022-06-29T11:26:39","slug":"milagro-bajo-la-lluvia-dvd","status":"publish","type":"product","link":"https:\/\/cinemasoul.es\/?product=milagro-bajo-la-lluvia-dvd","title":{"rendered":"Milagro bajo la lluvia [DVD]"},"content":{"rendered":"","protected":false},"excerpt":{"rendered":"<div id=\"tab-description\" class=\"tab-content\">\n<p><em>LA GENTE HACE<\/em> \u00a0<em>PLANES. LA VIDA HACE LOS SUYOS.<\/em> <em>UNA ARREBATADORA HISTORIA DE AMOR EN TIEMPOS DE GUERRA.<\/em><\/p>\n<p>WARNER BROS. PICTURES PRESENTA<strong>\u00a0<\/strong>JANE WYMAN, VAN JOHNSON EN \u201cMILAGRO BAJO LA LLUVIA\u201d (MIRACLE IN THE RAIN) CON PEGGIE CASTLE, FRED CLARK, EILEEN HECKART, JOSEPHINE HUTCHINSON, ALAN KING <strong>NOVELA<\/strong> Y <strong>GUI\u00d3N<\/strong> DE BEN HETCH\u00a0<strong>M\u00daSICA<\/strong> COMPUESTA Y DIRIGIDA POR FRANZ WAXMAN\u00a0<strong>PRODUCIDA<\/strong> POR FRANK P. ROSENBERG\u00a0<strong>DIRIGIDA<\/strong> POR RUDOLPH MAT\u00c9<\/p>\n<p><strong>IDIOMAS<\/strong>: CASTELLANO E INGL\u00c9S CON SUBT\u00cdTULOS EN CASTELLANO\u00a0<strong>NACIONALIDAD<\/strong>: ESTADOS UNIDOS <strong>A\u00d1O<\/strong>: 1955\u00a0<strong>G\u00c9NERO<\/strong>: DRAMA\u00a0<strong>DURACI\u00d3N<\/strong>: 103&#8242;\u00a0<strong>FORMATO<\/strong> 4&#215;3 1.33.1\u00a0<strong>COLOR<\/strong>: BLANCO Y NEGRO\u00a0<strong>FEERTS<\/strong> 1000169834\u00a0<strong>REFERENCIA<\/strong>: DVDY10744\u00a0<strong>EAN<\/strong>: 5051893034776\u00a0<strong>DEP\u00d3SITO LEGAL<\/strong>: TF: 1.666 -2010\u00a0<strong>N\u00ba DE EXPEDIENTE<\/strong>: 118.290\u00a0<strong>CLASIFICACI\u00d3N<\/strong>: NO RECOMENDADA PARA MENORES DE 7 A\u00d1OS<\/p>\n<p>Ruth es una t\u00edmida secretaria que trabaja en Nueva York en el a\u00f1o 1942 y que cuida de su madre inv\u00e1lida cuando no est\u00e1 en su trabajo. Arthur es un afable pero solitario soldado de Tennessee que espera ser env\u00edado a la guerra. Ambos se encuentran durante una tormenta, aunque para ellos dar\u00eda lo mismo si llovieran margaritas.\u00a0Saquen sus pa\u00f1uelos para ver <em>Milagro bajo la lluvia<\/em>, protagonizada por Jane Wyman y Van Johnson en el papel de dos extra\u00f1os que se encuentran, se enamoran y hacen planes de no dejarse jam\u00e1s cuando \u00e9l regrese de la guerra. Igual que en <em>El reloj<\/em>, rodada once a\u00f1os antes, <em>Milagro bajo la lluvia<\/em> seduce con escenas de la bulliciosa ciudad de Nueva York en tiempos de la Segunda Guerra Mundial. E igual que en <em>Dos en el cielo<\/em>, <em>Milagro bajo la lluvia<\/em> brilla con la sensaci\u00f3n de que aquellos que tenemos muy cerca en nuestros corazones siempre estar\u00e1n con nosotros. \u201cEl amor nunca muere\u201d, dir\u00e1 Arthur. Para cualquiera que haya vivido un romance roto por la guerra, sus palabras parecen muy reales.<\/p>\n<\/div>\n","protected":false},"featured_media":5637,"comment_status":"open","ping_status":"closed","template":"","meta":{"site-sidebar-layout":"default","site-content-layout":"default","ast-site-content-layout":"default","site-content-style":"default","site-sidebar-style":"default","ast-global-header-display":"","ast-banner-title-visibility":"","ast-main-header-display":"","ast-hfb-above-header-display":"","ast-hfb-below-header-display":"","ast-hfb-mobile-header-display":"","site-post-title":"","ast-breadcrumbs-content":"","ast-featured-img":"","footer-sml-layout":"","ast-disable-related-posts":"","theme-transparent-header-meta":"","adv-header-id-meta":"","stick-header-meta":"","header-above-stick-meta":"","header-main-stick-meta":"","header-below-stick-meta":"","astra-migrate-meta-layouts":"default","ast-page-background-enabled":"default","ast-page-background-meta":{"desktop":{"background-color":"","background-image":"","background-repeat":"repeat","background-position":"center center","background-size":"auto","background-attachment":"scroll","background-type":"","background-media":"","overlay-type":"","overlay-color":"","overlay-opacity":"","overlay-gradient":""},"tablet":{"background-color":"","background-image":"","background-repeat":"repeat","background-position":"center center","background-size":"auto","background-attachment":"scroll","background-type":"","background-media":"","overlay-type":"","overlay-color":"","overlay-opacity":"","overlay-gradient":""},"mobile":{"background-color":"","background-image":"","background-repeat":"repeat","background-position":"center center","background-size":"auto","background-attachment":"scroll","background-type":"","background-media":"","overlay-type":"","overlay-color":"","overlay-opacity":"","overlay-gradient":""}},"ast-content-background-meta":{"desktop":{"background-color":"var(--ast-global-color-5)","background-image":"","background-repeat":"repeat","background-position":"center center","background-size":"auto","background-attachment":"scroll","background-type":"","background-media":"","overlay-type":"","overlay-color":"","overlay-opacity":"","overlay-gradient":""},"tablet":{"background-color":"var(--ast-global-color-5)","background-image":"","background-repeat":"repeat","background-position":"center center","background-size":"auto","background-attachment":"scroll","background-type":"","background-media":"","overlay-type":"","overlay-color":"","overlay-opacity":"","overlay-gradient":""},"mobile":{"background-color":"var(--ast-global-color-5)","background-image":"","background-repeat":"repeat","background-position":"center center","background-size":"auto","background-attachment":"scroll","background-type":"","background-media":"","overlay-type":"","overlay-color":"","overlay-opacity":"","overlay-gradient":""}},"_joinchat":[]},"product_brand":[],"product_cat":[42],"product_tag":[],"class_list":{"0":"post-5636","1":"product","2":"type-product","3":"status-publish","4":"has-post-thumbnail","6":"product_cat-dvd","7":"desktop-align-left","8":"tablet-align-left","9":"mobile-align-left","11":"first","12":"instock","13":"sale","14":"shipping-taxable","15":"purchasable","16":"product-type-simple"},"_links":{"self":[{"href":"https:\/\/cinemasoul.es\/index.php?rest_route=\/wp\/v2\/product\/5636","targetHints":{"allow":["GET"]}}],"collection":[{"href":"https:\/\/cinemasoul.es\/index.php?rest_route=\/wp\/v2\/product"}],"about":[{"href":"https:\/\/cinemasoul.es\/index.php?rest_route=\/wp\/v2\/types\/product"}],"replies":[{"embeddable":true,"href":"https:\/\/cinemasoul.es\/index.php?rest_route=%2Fwp%2Fv2%2Fcomments&post=5636"}],"version-history":[{"count":1,"href":"https:\/\/cinemasoul.es\/index.php?rest_route=\/wp\/v2\/product\/5636\/revisions"}],"predecessor-version":[{"id":5639,"href":"https:\/\/cinemasoul.es\/index.php?rest_route=\/wp\/v2\/product\/5636\/revisions\/5639"}],"wp:featuredmedia":[{"embeddable":true,"href":"https:\/\/cinemasoul.es\/index.php?rest_route=\/wp\/v2\/media\/5637"}],"wp:attachment":[{"href":"https:\/\/cinemasoul.es\/index.php?rest_route=%2Fwp%2Fv2%2Fmedia&parent=5636"}],"wp:term":[{"taxonomy":"product_brand","embeddable":true,"href":"https:\/\/cinemasoul.es\/index.php?rest_route=%2Fwp%2Fv2%2Fproduct_brand&post=5636"},{"taxonomy":"product_cat","embeddable":true,"href":"https:\/\/cinemasoul.es\/index.php?rest_route=%2Fwp%2Fv2%2Fproduct_cat&post=5636"},{"taxonomy":"product_tag","embeddable":true,"href":"https:\/\/cinemasoul.es\/index.php?rest_route=%2Fwp%2Fv2%2Fproduct_tag&post=5636"}],"curies":[{"name":"wp","href":"https:\/\/api.w.org\/{rel}","templated":true}]}}