{"id":5624,"date":"2022-06-29T10:34:22","date_gmt":"2022-06-29T10:34:22","guid":{"rendered":"https:\/\/www.cinemasoul.es\/?post_type=product&#038;p=5624"},"modified":"2022-06-29T10:34:23","modified_gmt":"2022-06-29T10:34:23","slug":"todos-los-hermanos-eran-valientes-dvd","status":"publish","type":"product","link":"https:\/\/cinemasoul.es\/?product=todos-los-hermanos-eran-valientes-dvd","title":{"rendered":"Todos los hermanos eran valientes [DVD]"},"content":{"rendered":"","protected":false},"excerpt":{"rendered":"<div id=\"tab-description\" class=\"tab-content\">\n<p>MGM PRESENTA \u201cTODOS LOS HERMANOS ERAN VALIENTES\u201d (<em>ALL THE BROTHERS WERE VALIANT)<\/em> TECHNICOLOR\u00ae\u00a0<strong>PROTAGONIZADA<\/strong> POR ROBERT TAYLOR, STEWART GRANGER, ANN BLYTH CON BETTA ST. JOHN, KEENAN WYNN, JAMES WHITMORE, KURT KASZNAR.\u00a0<strong>GUI\u00d3N<\/strong> DE HARRY BROWN.\u00a0<strong>BASADA EN LA NOVELA DE<\/strong> BEN AMES WILLIAMS.\u00a0<strong>PRODUCIDA<\/strong> POR PANDRO S. BERMAN.\u00a0<strong>DIRIGIDA<\/strong> POR RICHARD THORPE.\u00a0<strong>UNA PEL\u00cdCULA<\/strong> DE METRO-GOLDWYN-MAYER.<\/p>\n<p><strong>A\u00d1O<\/strong>: 1953.\u00a0<strong>G\u00c9NERO<\/strong>: AVENTURAS &#8211; DRAMA.\u00a0<strong>DURACI\u00d3N<\/strong>: 92 MINUTOS.\u00a0<strong>FORMATO<\/strong>: 4X3 1:33.\u00a0<strong>COLOR<\/strong>.\u00a0<strong>IDIOMAS<\/strong>: CASTELLANO E INGL\u00c9S CON SUBT\u00cdTULOS EN CASTELLANO.\u00a0<strong>NACIONALIDAD<\/strong>: ESTADOS UNIDOS. <strong>FEERTS<\/strong>: 1000159846.\u00a0<strong>REFERENCIA<\/strong>: DVDY27822.\u00a0<strong>EAN<\/strong>: 5051893031843.\u00a0<strong>DEP\u00d3SITO LEGAL<\/strong>: TF: 1.187 &#8211; 2010.\u00a0<strong>N\u00ba DE EXPEDIENTE<\/strong>: 117.399.\u00a0<strong>CLASIFICACION<\/strong>: APTA PARA TODOS LOS P\u00daBLICOS.<\/p>\n<p><em>Dos hermanos unidos por el mar&#8230; y por sus desventurados destinos.<\/em><\/p>\n<p>Con las velas hinchadas por el viento y la proa cortando las olas, Nathan Ross, de New Bedford, surca las aguas del Pac\u00edfico Sur. La goleta se construy\u00f3 para la pesca de la ballena, pero le aguarda un peligro mucho mayor que cualquier leviat\u00e1n. Un alijo de raras perlas negras yace en un cercano banco de arena, y el conflicto sobre si la tripulaci\u00f3n debe buscar el tesoro enfrenta a hermano contra hermano&#8230; e inflama su rivalidad por la misma y bella mujer. Esta pel\u00edcula en Technicolor\u00ae sobre navegantes ambientada en la d\u00e9cada de 1850 combina talentos cuyos \u00e9xitos de taquilla \u2013<em>Ivanhoe<\/em> (Robert Taylor), <em>Scaramouche<\/em> (Stewart Granger), <em>El gran Caruso<\/em> (Ann Blyth) \u2013 a\u00f1adieron lustre a las marquesinas de las salas de cine. Y como contrapunto a tanto <em>glamour,<\/em> James Whitmore interpreta al m\u00e1s desalmado de los canallas. \u00a1Aventura a la vista!<\/p>\n<\/div>\n","protected":false},"featured_media":5625,"comment_status":"open","ping_status":"closed","template":"","meta":{"site-sidebar-layout":"default","site-content-layout":"default","ast-site-content-layout":"default","site-content-style":"default","site-sidebar-style":"default","ast-global-header-display":"","ast-banner-title-visibility":"","ast-main-header-display":"","ast-hfb-above-header-display":"","ast-hfb-below-header-display":"","ast-hfb-mobile-header-display":"","site-post-title":"","ast-breadcrumbs-content":"","ast-featured-img":"","footer-sml-layout":"","ast-disable-related-posts":"","theme-transparent-header-meta":"","adv-header-id-meta":"","stick-header-meta":"","header-above-stick-meta":"","header-main-stick-meta":"","header-below-stick-meta":"","astra-migrate-meta-layouts":"default","ast-page-background-enabled":"default","ast-page-background-meta":{"desktop":{"background-color":"","background-image":"","background-repeat":"repeat","background-position":"center center","background-size":"auto","background-attachment":"scroll","background-type":"","background-media":"","overlay-type":"","overlay-color":"","overlay-opacity":"","overlay-gradient":""},"tablet":{"background-color":"","background-image":"","background-repeat":"repeat","background-position":"center center","background-size":"auto","background-attachment":"scroll","background-type":"","background-media":"","overlay-type":"","overlay-color":"","overlay-opacity":"","overlay-gradient":""},"mobile":{"background-color":"","background-image":"","background-repeat":"repeat","background-position":"center center","background-size":"auto","background-attachment":"scroll","background-type":"","background-media":"","overlay-type":"","overlay-color":"","overlay-opacity":"","overlay-gradient":""}},"ast-content-background-meta":{"desktop":{"background-color":"var(--ast-global-color-5)","background-image":"","background-repeat":"repeat","background-position":"center center","background-size":"auto","background-attachment":"scroll","background-type":"","background-media":"","overlay-type":"","overlay-color":"","overlay-opacity":"","overlay-gradient":""},"tablet":{"background-color":"var(--ast-global-color-5)","background-image":"","background-repeat":"repeat","background-position":"center center","background-size":"auto","background-attachment":"scroll","background-type":"","background-media":"","overlay-type":"","overlay-color":"","overlay-opacity":"","overlay-gradient":""},"mobile":{"background-color":"var(--ast-global-color-5)","background-image":"","background-repeat":"repeat","background-position":"center center","background-size":"auto","background-attachment":"scroll","background-type":"","background-media":"","overlay-type":"","overlay-color":"","overlay-opacity":"","overlay-gradient":""}},"_joinchat":[]},"product_brand":[],"product_cat":[42],"product_tag":[],"class_list":{"0":"post-5624","1":"product","2":"type-product","3":"status-publish","4":"has-post-thumbnail","6":"product_cat-dvd","7":"desktop-align-left","8":"tablet-align-left","9":"mobile-align-left","11":"first","12":"instock","13":"shipping-taxable","14":"purchasable","15":"product-type-simple"},"_links":{"self":[{"href":"https:\/\/cinemasoul.es\/index.php?rest_route=\/wp\/v2\/product\/5624","targetHints":{"allow":["GET"]}}],"collection":[{"href":"https:\/\/cinemasoul.es\/index.php?rest_route=\/wp\/v2\/product"}],"about":[{"href":"https:\/\/cinemasoul.es\/index.php?rest_route=\/wp\/v2\/types\/product"}],"replies":[{"embeddable":true,"href":"https:\/\/cinemasoul.es\/index.php?rest_route=%2Fwp%2Fv2%2Fcomments&post=5624"}],"version-history":[{"count":1,"href":"https:\/\/cinemasoul.es\/index.php?rest_route=\/wp\/v2\/product\/5624\/revisions"}],"predecessor-version":[{"id":5627,"href":"https:\/\/cinemasoul.es\/index.php?rest_route=\/wp\/v2\/product\/5624\/revisions\/5627"}],"wp:featuredmedia":[{"embeddable":true,"href":"https:\/\/cinemasoul.es\/index.php?rest_route=\/wp\/v2\/media\/5625"}],"wp:attachment":[{"href":"https:\/\/cinemasoul.es\/index.php?rest_route=%2Fwp%2Fv2%2Fmedia&parent=5624"}],"wp:term":[{"taxonomy":"product_brand","embeddable":true,"href":"https:\/\/cinemasoul.es\/index.php?rest_route=%2Fwp%2Fv2%2Fproduct_brand&post=5624"},{"taxonomy":"product_cat","embeddable":true,"href":"https:\/\/cinemasoul.es\/index.php?rest_route=%2Fwp%2Fv2%2Fproduct_cat&post=5624"},{"taxonomy":"product_tag","embeddable":true,"href":"https:\/\/cinemasoul.es\/index.php?rest_route=%2Fwp%2Fv2%2Fproduct_tag&post=5624"}],"curies":[{"name":"wp","href":"https:\/\/api.w.org\/{rel}","templated":true}]}}