{"id":5608,"date":"2022-06-28T17:00:38","date_gmt":"2022-06-28T17:00:38","guid":{"rendered":"https:\/\/www.cinemasoul.es\/?post_type=product&#038;p=5608"},"modified":"2022-06-28T17:00:38","modified_gmt":"2022-06-28T17:00:38","slug":"los-tres-desafios-de-tarzan-dvd","status":"publish","type":"product","link":"https:\/\/cinemasoul.es\/?product=los-tres-desafios-de-tarzan-dvd","title":{"rendered":"Los tres desaf\u00edos de Tarz\u00e1n [DVD]"},"content":{"rendered":"","protected":false},"excerpt":{"rendered":"<p><strong>T\u00edtulo original<\/strong>: Tarzan&#8217;s Three Challenges\u00a0 <strong>A\u00f1o<\/strong>: 1963 <strong>Pa\u00eds<\/strong>:\u00a0 Estados Unidos <strong>Direcci\u00f3n<\/strong>: Robert Day\u00a0 Guion Robert Day, Berne Giler (Novela: Edgar Rice Burroughs) <strong>M\u00fasica<\/strong>: Joseph Horovitz <strong>Fotograf\u00eda<\/strong>: Edward Scaife Reparto Jock Mahoney, Woody Strode, Tsu Kobayashi, Earl Cameron, Anthony Chinn\u00a0 <strong>G\u00e9nero<\/strong>: Aventuras. Comedia<\/p>\n<p><strong>Referencia<\/strong>: BD53537 <strong>EAN<\/strong>: 8436555535384 <strong>Idiomas<\/strong>: CASTELLANO DD 2.0 e INGLES DTSHD 2,0 <strong>Subt\u00edtulos<\/strong>: Castellano e ingl\u00e9s <strong>Formato<\/strong>: 16:9 1:2.35 <strong>Duraci\u00f3n<\/strong>: 95 minutos <strong>COLOR<\/strong>: COLOR<\/p>\n<p><strong>Sinopsis<\/strong>:\u00a0 El l\u00edder espiritual de un pa\u00eds oriental se est\u00e1 muriendo; y el malvado Khan quiere evitar que su hermano Kashi (el heredero) asuma su cargo. Tarz\u00e1n, que es convocado para proteger a Kashi, deber\u00e1 enfrentarse a Khan en tres pruebas de fuerza.<\/p>\n","protected":false},"featured_media":5609,"comment_status":"open","ping_status":"closed","template":"","meta":{"site-sidebar-layout":"default","site-content-layout":"default","ast-site-content-layout":"default","site-content-style":"default","site-sidebar-style":"default","ast-global-header-display":"","ast-banner-title-visibility":"","ast-main-header-display":"","ast-hfb-above-header-display":"","ast-hfb-below-header-display":"","ast-hfb-mobile-header-display":"","site-post-title":"","ast-breadcrumbs-content":"","ast-featured-img":"","footer-sml-layout":"","ast-disable-related-posts":"","theme-transparent-header-meta":"","adv-header-id-meta":"","stick-header-meta":"","header-above-stick-meta":"","header-main-stick-meta":"","header-below-stick-meta":"","astra-migrate-meta-layouts":"default","ast-page-background-enabled":"default","ast-page-background-meta":{"desktop":{"background-color":"","background-image":"","background-repeat":"repeat","background-position":"center center","background-size":"auto","background-attachment":"scroll","background-type":"","background-media":"","overlay-type":"","overlay-color":"","overlay-opacity":"","overlay-gradient":""},"tablet":{"background-color":"","background-image":"","background-repeat":"repeat","background-position":"center center","background-size":"auto","background-attachment":"scroll","background-type":"","background-media":"","overlay-type":"","overlay-color":"","overlay-opacity":"","overlay-gradient":""},"mobile":{"background-color":"","background-image":"","background-repeat":"repeat","background-position":"center center","background-size":"auto","background-attachment":"scroll","background-type":"","background-media":"","overlay-type":"","overlay-color":"","overlay-opacity":"","overlay-gradient":""}},"ast-content-background-meta":{"desktop":{"background-color":"var(--ast-global-color-5)","background-image":"","background-repeat":"repeat","background-position":"center center","background-size":"auto","background-attachment":"scroll","background-type":"","background-media":"","overlay-type":"","overlay-color":"","overlay-opacity":"","overlay-gradient":""},"tablet":{"background-color":"var(--ast-global-color-5)","background-image":"","background-repeat":"repeat","background-position":"center center","background-size":"auto","background-attachment":"scroll","background-type":"","background-media":"","overlay-type":"","overlay-color":"","overlay-opacity":"","overlay-gradient":""},"mobile":{"background-color":"var(--ast-global-color-5)","background-image":"","background-repeat":"repeat","background-position":"center center","background-size":"auto","background-attachment":"scroll","background-type":"","background-media":"","overlay-type":"","overlay-color":"","overlay-opacity":"","overlay-gradient":""}},"_joinchat":[]},"product_brand":[],"product_cat":[42],"product_tag":[],"class_list":{"0":"post-5608","1":"product","2":"type-product","3":"status-publish","4":"has-post-thumbnail","6":"product_cat-dvd","7":"desktop-align-left","8":"tablet-align-left","9":"mobile-align-left","11":"first","12":"instock","13":"sale","14":"shipping-taxable","15":"purchasable","16":"product-type-simple"},"_links":{"self":[{"href":"https:\/\/cinemasoul.es\/index.php?rest_route=\/wp\/v2\/product\/5608","targetHints":{"allow":["GET"]}}],"collection":[{"href":"https:\/\/cinemasoul.es\/index.php?rest_route=\/wp\/v2\/product"}],"about":[{"href":"https:\/\/cinemasoul.es\/index.php?rest_route=\/wp\/v2\/types\/product"}],"replies":[{"embeddable":true,"href":"https:\/\/cinemasoul.es\/index.php?rest_route=%2Fwp%2Fv2%2Fcomments&post=5608"}],"version-history":[{"count":1,"href":"https:\/\/cinemasoul.es\/index.php?rest_route=\/wp\/v2\/product\/5608\/revisions"}],"predecessor-version":[{"id":5611,"href":"https:\/\/cinemasoul.es\/index.php?rest_route=\/wp\/v2\/product\/5608\/revisions\/5611"}],"wp:featuredmedia":[{"embeddable":true,"href":"https:\/\/cinemasoul.es\/index.php?rest_route=\/wp\/v2\/media\/5609"}],"wp:attachment":[{"href":"https:\/\/cinemasoul.es\/index.php?rest_route=%2Fwp%2Fv2%2Fmedia&parent=5608"}],"wp:term":[{"taxonomy":"product_brand","embeddable":true,"href":"https:\/\/cinemasoul.es\/index.php?rest_route=%2Fwp%2Fv2%2Fproduct_brand&post=5608"},{"taxonomy":"product_cat","embeddable":true,"href":"https:\/\/cinemasoul.es\/index.php?rest_route=%2Fwp%2Fv2%2Fproduct_cat&post=5608"},{"taxonomy":"product_tag","embeddable":true,"href":"https:\/\/cinemasoul.es\/index.php?rest_route=%2Fwp%2Fv2%2Fproduct_tag&post=5608"}],"curies":[{"name":"wp","href":"https:\/\/api.w.org\/{rel}","templated":true}]}}