{"id":5605,"date":"2022-06-28T16:53:27","date_gmt":"2022-06-28T16:53:27","guid":{"rendered":"https:\/\/www.cinemasoul.es\/?post_type=product&#038;p=5605"},"modified":"2022-06-28T16:53:27","modified_gmt":"2022-06-28T16:53:27","slug":"su-majestad-de-los-mares-del-sur-dvd","status":"publish","type":"product","link":"https:\/\/cinemasoul.es\/?product=su-majestad-de-los-mares-del-sur-dvd","title":{"rendered":"Su Majestad de los Mares del Sur [DvD]"},"content":{"rendered":"","protected":false},"excerpt":{"rendered":"<p><strong>WARNER BROS<\/strong>. <strong>PICTURES<\/strong> PRESENTA BURT LANCASTER Como <em>HIS MAJESTY O\u2019KEEFE<\/em>\u00a0<strong>COLOR por<\/strong> TECHNICOLOR <strong>con<\/strong> JOAN RICE ANDRE MORELL ABRAHAM SOFAER\u00a0<strong>BASADO EN EL BEST SELLER DE<\/strong> LAWRENCE KLINGMAN Y GERALD GREEN\u00a0<strong>GUI\u00d3N DE<\/strong> BORDEN CHASE Y JAMES HILL\u00a0<strong>MUSICA COMPUESTA Y DIRIGIDA POR<\/strong> DIMITRI TIOMKIN\u00a0<strong>PRODUCIDA POR<\/strong> HAROLD HECHT\u00a0<strong>DIRIGIDA POR<\/strong> BYRON HASKIN. <strong>Formato<\/strong>: 4\/3 (1.33:1)\u00a0\u00a0<strong>Idiomas<\/strong>: Castellano e Ingl\u00e9s con subt\u00edtulos en Castellano. <strong>Certificado de<\/strong><strong>calificaci\u00f3n<\/strong>\u00a0N\u00ba 107.891\u00a0Apta para todos los p\u00fablicos\u00a0<strong>Dep\u00f3sito legal<\/strong>: TF: 851-2008\u00a0<strong>Duraci\u00f3n<\/strong>: 86 minutos.\u00a0<strong>Caracter\u00edsticas especiales disponibles<\/strong>: Ficha t\u00e9cnica, art\u00edstica y galer\u00eda fotogr\u00e1fica.\u00a0Para \u00e1mbito dom\u00e9stico<\/p>\n<p><strong>\u00a1Burt Lancaster reina en una en\u00e9rgica aventura de los mares del sur!\u00a0<\/strong>Por ello los hombres robar\u00edan y las naciones ir\u00edan a la guerra. Es el petr\u00f3leo \u2013 \u00a1y crece en los \u00e1rboles! El aceite de coco es la sangre esencial para la vida de los comerciantes de los mares del sur en la d\u00e9cada de 1870. Y para conseguirlo se derramar\u00e1 mucha sangre humana.\u00a0El esplendor de la pantalla Burt Lancaster, es su majestad O\u2019Keefe en esta \u00faltima de tres aventuras que (junto con\u00a0<em>El halc\u00f3n y la flecha<\/em>\u00a0y\u00a0<em>El temible burl\u00f3n<\/em>) soplaron un viento revitalizador en las velas del g\u00e9nero de capa y espada.\u00a0Acci\u00f3n, astucia y haza\u00f1as son los lemas del marinero David O&#8217;Keefe mientras se hace amigo, defiende y por \u00faltimo gobierna a los isle\u00f1os de las ex\u00f3ticas islas Yap. Rodada en magn\u00edficas localizaciones de las islas Fiyi, grandiosamente grabada por Robert Farnon y dirigida con vehemencia por Byron Haskin, su majestad O\u2019Keefe reparte heroicidades de proporciones regias.<\/p>\n","protected":false},"featured_media":5606,"comment_status":"open","ping_status":"closed","template":"","meta":{"site-sidebar-layout":"default","site-content-layout":"default","ast-site-content-layout":"default","site-content-style":"default","site-sidebar-style":"default","ast-global-header-display":"","ast-banner-title-visibility":"","ast-main-header-display":"","ast-hfb-above-header-display":"","ast-hfb-below-header-display":"","ast-hfb-mobile-header-display":"","site-post-title":"","ast-breadcrumbs-content":"","ast-featured-img":"","footer-sml-layout":"","ast-disable-related-posts":"","theme-transparent-header-meta":"","adv-header-id-meta":"","stick-header-meta":"","header-above-stick-meta":"","header-main-stick-meta":"","header-below-stick-meta":"","astra-migrate-meta-layouts":"default","ast-page-background-enabled":"default","ast-page-background-meta":{"desktop":{"background-color":"","background-image":"","background-repeat":"repeat","background-position":"center center","background-size":"auto","background-attachment":"scroll","background-type":"","background-media":"","overlay-type":"","overlay-color":"","overlay-opacity":"","overlay-gradient":""},"tablet":{"background-color":"","background-image":"","background-repeat":"repeat","background-position":"center center","background-size":"auto","background-attachment":"scroll","background-type":"","background-media":"","overlay-type":"","overlay-color":"","overlay-opacity":"","overlay-gradient":""},"mobile":{"background-color":"","background-image":"","background-repeat":"repeat","background-position":"center center","background-size":"auto","background-attachment":"scroll","background-type":"","background-media":"","overlay-type":"","overlay-color":"","overlay-opacity":"","overlay-gradient":""}},"ast-content-background-meta":{"desktop":{"background-color":"var(--ast-global-color-5)","background-image":"","background-repeat":"repeat","background-position":"center center","background-size":"auto","background-attachment":"scroll","background-type":"","background-media":"","overlay-type":"","overlay-color":"","overlay-opacity":"","overlay-gradient":""},"tablet":{"background-color":"var(--ast-global-color-5)","background-image":"","background-repeat":"repeat","background-position":"center center","background-size":"auto","background-attachment":"scroll","background-type":"","background-media":"","overlay-type":"","overlay-color":"","overlay-opacity":"","overlay-gradient":""},"mobile":{"background-color":"var(--ast-global-color-5)","background-image":"","background-repeat":"repeat","background-position":"center center","background-size":"auto","background-attachment":"scroll","background-type":"","background-media":"","overlay-type":"","overlay-color":"","overlay-opacity":"","overlay-gradient":""}},"_joinchat":[]},"product_brand":[],"product_cat":[42],"product_tag":[],"class_list":{"0":"post-5605","1":"product","2":"type-product","3":"status-publish","4":"has-post-thumbnail","6":"product_cat-dvd","7":"desktop-align-left","8":"tablet-align-left","9":"mobile-align-left","11":"first","12":"instock","13":"sale","14":"shipping-taxable","15":"purchasable","16":"product-type-simple"},"_links":{"self":[{"href":"https:\/\/cinemasoul.es\/index.php?rest_route=\/wp\/v2\/product\/5605","targetHints":{"allow":["GET"]}}],"collection":[{"href":"https:\/\/cinemasoul.es\/index.php?rest_route=\/wp\/v2\/product"}],"about":[{"href":"https:\/\/cinemasoul.es\/index.php?rest_route=\/wp\/v2\/types\/product"}],"replies":[{"embeddable":true,"href":"https:\/\/cinemasoul.es\/index.php?rest_route=%2Fwp%2Fv2%2Fcomments&post=5605"}],"version-history":[{"count":1,"href":"https:\/\/cinemasoul.es\/index.php?rest_route=\/wp\/v2\/product\/5605\/revisions"}],"predecessor-version":[{"id":5607,"href":"https:\/\/cinemasoul.es\/index.php?rest_route=\/wp\/v2\/product\/5605\/revisions\/5607"}],"wp:featuredmedia":[{"embeddable":true,"href":"https:\/\/cinemasoul.es\/index.php?rest_route=\/wp\/v2\/media\/5606"}],"wp:attachment":[{"href":"https:\/\/cinemasoul.es\/index.php?rest_route=%2Fwp%2Fv2%2Fmedia&parent=5605"}],"wp:term":[{"taxonomy":"product_brand","embeddable":true,"href":"https:\/\/cinemasoul.es\/index.php?rest_route=%2Fwp%2Fv2%2Fproduct_brand&post=5605"},{"taxonomy":"product_cat","embeddable":true,"href":"https:\/\/cinemasoul.es\/index.php?rest_route=%2Fwp%2Fv2%2Fproduct_cat&post=5605"},{"taxonomy":"product_tag","embeddable":true,"href":"https:\/\/cinemasoul.es\/index.php?rest_route=%2Fwp%2Fv2%2Fproduct_tag&post=5605"}],"curies":[{"name":"wp","href":"https:\/\/api.w.org\/{rel}","templated":true}]}}