{"id":5570,"date":"2022-06-27T19:09:35","date_gmt":"2022-06-27T19:09:35","guid":{"rendered":"https:\/\/www.cinemasoul.es\/?post_type=product&#038;p=5570"},"modified":"2022-06-27T19:09:35","modified_gmt":"2022-06-27T19:09:35","slug":"la-garra-de-satan-dvd","status":"publish","type":"product","link":"https:\/\/cinemasoul.es\/?product=la-garra-de-satan-dvd","title":{"rendered":"La garra de Sat\u00e1n [DVD]"},"content":{"rendered":"","protected":false},"excerpt":{"rendered":"<div id=\"tab-description\" class=\"tab-content\">\n<p><strong>T\u00cdTULO ORIGINAL<\/strong>: BLOOD ON SATAN&#8217;S CLAW \u00a0<strong>DIRIGIDA<\/strong> POR PIERS HAGGARD <strong>PRODUCIDA<\/strong> POR PETER L. ANDREWS y MALCOLM B. HEYWORTH\u00a0<strong>ESCRITA<\/strong> POR PIERS HAGGARD y ROBERT WYNNE-SIMMONS\u00a0<strong>M\u00daSICA<\/strong> DE MARK WILKINSON FOTOGRAFIA DE DICK BUSH\u00a0<strong>REPARTO<\/strong>: PATRICK WYMARK, LINDA HAYDEN, BARRY ANDREWS, MICHELE DOTRICE, WENDY PADBURY, ANTHONY AINLEY,\u00a0SIMON WILLIAMS<\/p>\n<p><strong>A\u00d1O<\/strong>: 1971 <strong>G\u00c9NERO<\/strong>: TERROR <strong>NACIONALIDAD<\/strong>: REINO UNIDO <strong>COLOR<\/strong>: COLOR\u00a0<strong>CLASIFICACI\u00d3N<\/strong>: NO RECOMENDADA PARA MENORES DE 18 A\u00d1OS\u00a0<strong>DURACI\u00d3N<\/strong>: 96 MIN. APROX. <strong>ICAA<\/strong> <strong>N\u00ba<\/strong>: 10.097\u00a0<strong>IDIOMAS<\/strong>: ESPA\u00d1OL e INGL\u00c9S <strong>AUDIO<\/strong>:\u00a0DOLBY DIGITAL 2.0\u00a0<strong>SUBT\u00cdTULOS<\/strong>: ESPA\u00d1OL\u00a0<strong>FORMATO DE PANTALLA<\/strong>: 1.85:1\u00a0FULL HD 1080<\/p>\n<p>En una peque\u00f1a aldea brit\u00e1nica a mediados del siglo XVII, un joven campesino, Ralph Gower\u00a0(Barry Andrews) encuentra un cr\u00e1neo de algo que no parece humano, ni de alg\u00fan animal conocido, y se\u00a0asemeja a una garra.Durante la noche, una bella joven es victima del extra\u00f1o ataque de una misteriosa entidad y se convierte en una especie de son\u00e1mbula. El juez local (Patrick Wymark) se hace cargo de investigar lo sucedido pero al poco de iniciar\u00a0la investigaci\u00f3n la garra desaparece y una extra\u00f1a locura se adue\u00f1a de los habitantes del pueblo,\u00a0poco a poco todos los adolescentes se vuelven violentos y todos tienen una marca: un pedazo de piel peluda y gas que les crece como un\u00a0parche. S\u00f3lo el juez podr\u00e1 exorcizar las fuerzas demon\u00edacas que est\u00e1n destrozando su comunidad.<\/p>\n<\/div>\n","protected":false},"featured_media":5571,"comment_status":"open","ping_status":"closed","template":"","meta":{"site-sidebar-layout":"default","site-content-layout":"default","ast-site-content-layout":"default","site-content-style":"default","site-sidebar-style":"default","ast-global-header-display":"","ast-banner-title-visibility":"","ast-main-header-display":"","ast-hfb-above-header-display":"","ast-hfb-below-header-display":"","ast-hfb-mobile-header-display":"","site-post-title":"","ast-breadcrumbs-content":"","ast-featured-img":"","footer-sml-layout":"","ast-disable-related-posts":"","theme-transparent-header-meta":"","adv-header-id-meta":"","stick-header-meta":"","header-above-stick-meta":"","header-main-stick-meta":"","header-below-stick-meta":"","astra-migrate-meta-layouts":"default","ast-page-background-enabled":"default","ast-page-background-meta":{"desktop":{"background-color":"","background-image":"","background-repeat":"repeat","background-position":"center center","background-size":"auto","background-attachment":"scroll","background-type":"","background-media":"","overlay-type":"","overlay-color":"","overlay-opacity":"","overlay-gradient":""},"tablet":{"background-color":"","background-image":"","background-repeat":"repeat","background-position":"center center","background-size":"auto","background-attachment":"scroll","background-type":"","background-media":"","overlay-type":"","overlay-color":"","overlay-opacity":"","overlay-gradient":""},"mobile":{"background-color":"","background-image":"","background-repeat":"repeat","background-position":"center center","background-size":"auto","background-attachment":"scroll","background-type":"","background-media":"","overlay-type":"","overlay-color":"","overlay-opacity":"","overlay-gradient":""}},"ast-content-background-meta":{"desktop":{"background-color":"var(--ast-global-color-5)","background-image":"","background-repeat":"repeat","background-position":"center center","background-size":"auto","background-attachment":"scroll","background-type":"","background-media":"","overlay-type":"","overlay-color":"","overlay-opacity":"","overlay-gradient":""},"tablet":{"background-color":"var(--ast-global-color-5)","background-image":"","background-repeat":"repeat","background-position":"center center","background-size":"auto","background-attachment":"scroll","background-type":"","background-media":"","overlay-type":"","overlay-color":"","overlay-opacity":"","overlay-gradient":""},"mobile":{"background-color":"var(--ast-global-color-5)","background-image":"","background-repeat":"repeat","background-position":"center center","background-size":"auto","background-attachment":"scroll","background-type":"","background-media":"","overlay-type":"","overlay-color":"","overlay-opacity":"","overlay-gradient":""}},"_joinchat":[]},"product_brand":[],"product_cat":[42],"product_tag":[],"class_list":{"0":"post-5570","1":"product","2":"type-product","3":"status-publish","4":"has-post-thumbnail","6":"product_cat-dvd","7":"desktop-align-left","8":"tablet-align-left","9":"mobile-align-left","11":"first","12":"instock","13":"shipping-taxable","14":"purchasable","15":"product-type-simple"},"_links":{"self":[{"href":"https:\/\/cinemasoul.es\/index.php?rest_route=\/wp\/v2\/product\/5570","targetHints":{"allow":["GET"]}}],"collection":[{"href":"https:\/\/cinemasoul.es\/index.php?rest_route=\/wp\/v2\/product"}],"about":[{"href":"https:\/\/cinemasoul.es\/index.php?rest_route=\/wp\/v2\/types\/product"}],"replies":[{"embeddable":true,"href":"https:\/\/cinemasoul.es\/index.php?rest_route=%2Fwp%2Fv2%2Fcomments&post=5570"}],"version-history":[{"count":1,"href":"https:\/\/cinemasoul.es\/index.php?rest_route=\/wp\/v2\/product\/5570\/revisions"}],"predecessor-version":[{"id":5573,"href":"https:\/\/cinemasoul.es\/index.php?rest_route=\/wp\/v2\/product\/5570\/revisions\/5573"}],"wp:featuredmedia":[{"embeddable":true,"href":"https:\/\/cinemasoul.es\/index.php?rest_route=\/wp\/v2\/media\/5571"}],"wp:attachment":[{"href":"https:\/\/cinemasoul.es\/index.php?rest_route=%2Fwp%2Fv2%2Fmedia&parent=5570"}],"wp:term":[{"taxonomy":"product_brand","embeddable":true,"href":"https:\/\/cinemasoul.es\/index.php?rest_route=%2Fwp%2Fv2%2Fproduct_brand&post=5570"},{"taxonomy":"product_cat","embeddable":true,"href":"https:\/\/cinemasoul.es\/index.php?rest_route=%2Fwp%2Fv2%2Fproduct_cat&post=5570"},{"taxonomy":"product_tag","embeddable":true,"href":"https:\/\/cinemasoul.es\/index.php?rest_route=%2Fwp%2Fv2%2Fproduct_tag&post=5570"}],"curies":[{"name":"wp","href":"https:\/\/api.w.org\/{rel}","templated":true}]}}