{"id":5559,"date":"2022-06-27T18:54:44","date_gmt":"2022-06-27T18:54:44","guid":{"rendered":"https:\/\/www.cinemasoul.es\/?post_type=product&#038;p=5559"},"modified":"2022-06-27T18:54:44","modified_gmt":"2022-06-27T18:54:44","slug":"la-batalla-de-los-simios-gigantes-dvd","status":"publish","type":"product","link":"https:\/\/cinemasoul.es\/?product=la-batalla-de-los-simios-gigantes-dvd","title":{"rendered":"La Batalla de los Simios Gigantes [DVD]"},"content":{"rendered":"","protected":false},"excerpt":{"rendered":"<div id=\"tab-description\" class=\"tab-content\">\n<p><strong>TITULO ORIGINAL<\/strong>: (FURAKENSHUTAIN NO KAIJU: SANDA TAI GAIRA) <strong>REPARTO<\/strong>: RUSS TAMBLYN, KUMI MIZUNO, KENJI SAHARA, NOBUO NAKAMURA, JUN TAZAKI, HISAYA ITO, YOSHIFUMI TAJIMA, REN YAMAMOTO, KIPP HAMILTON, KOZO NOMURA\u00a0<strong>M\u00daSICA<\/strong> DE\u00a0AKIRE IFUKUBE\u00a0<strong>FOTOGRAF\u00cdA<\/strong> DE\u00a0HAJIME KOIZUMI\u00a0<strong>GUI\u00d3N<\/strong> DE\u00a0ISHIRO HONDA Y TAKESHI KIMURA\u00a0<strong>HISTORIA<\/strong> DE\u00a0REUBEN BERCOVITCH\u00a0<strong>PRODUCIDA<\/strong> POR\u00a0HENRY G. SAPERSTEIN y TOMOYUKI TANKA\u00a0<strong>DIRIGIDA<\/strong> POR\u00a0ISHIRO HONDA<\/p>\n<p><strong>A\u00d1O<\/strong>: 1966\u00a0<strong>GENERO<\/strong>: TERROR-CIENCIA FICCI\u00d3N\u00a0<strong>NACIONALIDAD<\/strong>: JAP\u00d3N <strong>COLOR<\/strong> CERTIFICADO DE CALIFICACI\u00d3N <strong>ICAA<\/strong>\u00a0N\u00ba: 58.351\u00a0<strong>DURACI\u00d3N<\/strong>: 84 MINUTOS APROX.\u00a0<strong>FORMATO DE PANTALLA<\/strong>: 16\/9 (2.35:1)\u00a0<strong>IDIOMAS<\/strong>: ESPA\u00d1OL y JAPON\u00c9S\u00a0APTA PARA TODOS LOS P\u00daBLICOS<\/p>\n<p>Un barco es atacado por un pulpo enorme. De repente, un simio gigantesco de color verde llamado Gaira entra en escena destruyendo al pulpo y devorando a los marineros. Es el comienzo de una senda de terror y destrucci\u00f3n.\u00a0A partir de aqu\u00ed las autoridades y el Centro de Investigaci\u00f3n Marina, d\u00f3nde se encuentra el Doctor Stewart, interpretado por Russ Tamblyn, se pondr\u00e1n en marcha para detener a Gaira y su arrasamiento por Tokio en general. Pero el \u00fanico que puede detener a Gaira es Sanda, otro simio gigante con el cual experimentaban el Doctor Stewart y su equipo, hermano gemelo de color marr\u00f3n de\u00a0 Gaira.<\/p>\n<\/div>\n","protected":false},"featured_media":5560,"comment_status":"open","ping_status":"closed","template":"","meta":{"site-sidebar-layout":"default","site-content-layout":"default","ast-site-content-layout":"default","site-content-style":"default","site-sidebar-style":"default","ast-global-header-display":"","ast-banner-title-visibility":"","ast-main-header-display":"","ast-hfb-above-header-display":"","ast-hfb-below-header-display":"","ast-hfb-mobile-header-display":"","site-post-title":"","ast-breadcrumbs-content":"","ast-featured-img":"","footer-sml-layout":"","ast-disable-related-posts":"","theme-transparent-header-meta":"","adv-header-id-meta":"","stick-header-meta":"","header-above-stick-meta":"","header-main-stick-meta":"","header-below-stick-meta":"","astra-migrate-meta-layouts":"default","ast-page-background-enabled":"default","ast-page-background-meta":{"desktop":{"background-color":"","background-image":"","background-repeat":"repeat","background-position":"center center","background-size":"auto","background-attachment":"scroll","background-type":"","background-media":"","overlay-type":"","overlay-color":"","overlay-opacity":"","overlay-gradient":""},"tablet":{"background-color":"","background-image":"","background-repeat":"repeat","background-position":"center center","background-size":"auto","background-attachment":"scroll","background-type":"","background-media":"","overlay-type":"","overlay-color":"","overlay-opacity":"","overlay-gradient":""},"mobile":{"background-color":"","background-image":"","background-repeat":"repeat","background-position":"center center","background-size":"auto","background-attachment":"scroll","background-type":"","background-media":"","overlay-type":"","overlay-color":"","overlay-opacity":"","overlay-gradient":""}},"ast-content-background-meta":{"desktop":{"background-color":"var(--ast-global-color-5)","background-image":"","background-repeat":"repeat","background-position":"center center","background-size":"auto","background-attachment":"scroll","background-type":"","background-media":"","overlay-type":"","overlay-color":"","overlay-opacity":"","overlay-gradient":""},"tablet":{"background-color":"var(--ast-global-color-5)","background-image":"","background-repeat":"repeat","background-position":"center center","background-size":"auto","background-attachment":"scroll","background-type":"","background-media":"","overlay-type":"","overlay-color":"","overlay-opacity":"","overlay-gradient":""},"mobile":{"background-color":"var(--ast-global-color-5)","background-image":"","background-repeat":"repeat","background-position":"center center","background-size":"auto","background-attachment":"scroll","background-type":"","background-media":"","overlay-type":"","overlay-color":"","overlay-opacity":"","overlay-gradient":""}},"_joinchat":[]},"product_brand":[],"product_cat":[42],"product_tag":[],"class_list":{"0":"post-5559","1":"product","2":"type-product","3":"status-publish","4":"has-post-thumbnail","6":"product_cat-dvd","7":"desktop-align-left","8":"tablet-align-left","9":"mobile-align-left","11":"first","12":"instock","13":"sale","14":"shipping-taxable","15":"purchasable","16":"product-type-simple"},"_links":{"self":[{"href":"https:\/\/cinemasoul.es\/index.php?rest_route=\/wp\/v2\/product\/5559","targetHints":{"allow":["GET"]}}],"collection":[{"href":"https:\/\/cinemasoul.es\/index.php?rest_route=\/wp\/v2\/product"}],"about":[{"href":"https:\/\/cinemasoul.es\/index.php?rest_route=\/wp\/v2\/types\/product"}],"replies":[{"embeddable":true,"href":"https:\/\/cinemasoul.es\/index.php?rest_route=%2Fwp%2Fv2%2Fcomments&post=5559"}],"version-history":[{"count":1,"href":"https:\/\/cinemasoul.es\/index.php?rest_route=\/wp\/v2\/product\/5559\/revisions"}],"predecessor-version":[{"id":5561,"href":"https:\/\/cinemasoul.es\/index.php?rest_route=\/wp\/v2\/product\/5559\/revisions\/5561"}],"wp:featuredmedia":[{"embeddable":true,"href":"https:\/\/cinemasoul.es\/index.php?rest_route=\/wp\/v2\/media\/5560"}],"wp:attachment":[{"href":"https:\/\/cinemasoul.es\/index.php?rest_route=%2Fwp%2Fv2%2Fmedia&parent=5559"}],"wp:term":[{"taxonomy":"product_brand","embeddable":true,"href":"https:\/\/cinemasoul.es\/index.php?rest_route=%2Fwp%2Fv2%2Fproduct_brand&post=5559"},{"taxonomy":"product_cat","embeddable":true,"href":"https:\/\/cinemasoul.es\/index.php?rest_route=%2Fwp%2Fv2%2Fproduct_cat&post=5559"},{"taxonomy":"product_tag","embeddable":true,"href":"https:\/\/cinemasoul.es\/index.php?rest_route=%2Fwp%2Fv2%2Fproduct_tag&post=5559"}],"curies":[{"name":"wp","href":"https:\/\/api.w.org\/{rel}","templated":true}]}}