{"id":5494,"date":"2022-06-27T12:16:42","date_gmt":"2022-06-27T12:16:42","guid":{"rendered":"https:\/\/www.cinemasoul.es\/?post_type=product&#038;p=5494"},"modified":"2022-06-27T12:16:42","modified_gmt":"2022-06-27T12:16:42","slug":"dos-en-la-guillotina-dvd","status":"publish","type":"product","link":"https:\/\/cinemasoul.es\/?product=dos-en-la-guillotina-dvd","title":{"rendered":"Dos en la Guillotina [DVD]"},"content":{"rendered":"","protected":false},"excerpt":{"rendered":"<div id=\"tab-description\" class=\"tab-content\">\n<p>CONNIE STEVENS, DEAN JONES, CESAR ROMERO EN \u201cDOS EN LA GUILLOTINA\u201d (<em>TWO ON A GUILLOTINE<\/em>)\u00a0<strong>COPROTAGONIZADA<\/strong> POR PARLEY BAER, WILLIAM CONRAD, VIRGINIA GREGG.\u00a0<strong>GUI\u00d3N<\/strong> DE JOHN KNEUBUHL Y HERNRY SLESAR.\u00a0BASADO EN UNA <strong>HISTORIA<\/strong> DE HENRY SLESAR.\u00a0<strong>M\u00daSICA<\/strong> DE MAX STEINER.\u00a0<strong>PRODUCIDA<\/strong> Y <strong>DIRIGIDA<\/strong> POR WILLIAM CONRAD.<\/p>\n<p><strong>A\u00d1O<\/strong>: 1964.\u00a0<strong>Nacionalidad<\/strong>: ESTADOS UNIDOS.\u00a0<strong>G\u00e9nero<\/strong>: TERROR. <strong>IDIOMAS<\/strong>: CASTELLANO E INGL\u00c9S.\u00a0<strong>SUBT\u00cdTULOS<\/strong>: CASTELLANO.\u00a0<strong>Formato de<\/strong><strong>pantalla<\/strong>: 16\/9 1.85.\u00a0<strong>Duraci\u00f3n<\/strong>: 103 APROX.\u00a0<strong>N\u00ba de Expediente<\/strong>\u00a0ICAA: 121.439.\u00a0<strong>Calificaci\u00f3n<\/strong>: No recomendada para menores de 12 a\u00f1os.<\/p>\n<p><em>\u00bfNo le gustar\u00eda aprender a arrancar de golpe la tapa? Si cortar es su entretenimiento, \u00a1aqu\u00ed tiene el que m\u00e1s le entretendr\u00e1!<\/em> Hace 20 a\u00f1os, un peque\u00f1o accidente en un truco con una guillotina dej\u00f3 a la mujer (y ayudante) del mago Duke Duquesne sin cabeza\u2026 y a su peque\u00f1a hija Cassie sin una madre. Ahora el Gran Duquesne tiene un \u00faltimo truco. El mago muere, dejando a Cassie una considerable herencia siempre y cuando ella pase siete noches en su espeluznante mansi\u00f3n. Con un valiente periodista a su lado, Cassie se enfrenta al horror producido por esp\u00edritus malignos. \u00bfO no son m\u00e1s que ilusiones creadas por el querido y loco padre de Cassie? Connie Stevens, Dean Jones\u00a0 (en una interpretaci\u00f3n previa a las pel\u00edculas de <em>Herbie<\/em>) y Cesar Romero protagonizan este espeluznante y terror\u00edfica historia que ofrece a los fans del g\u00e9nero sustos, gritos y guillotinas. La banda sonora fue la pen\u00faltima composici\u00f3n de Max Steiner (Lo que el viento se llev\u00f3).<\/p>\n<\/div>\n","protected":false},"featured_media":5495,"comment_status":"open","ping_status":"closed","template":"","meta":{"site-sidebar-layout":"default","site-content-layout":"default","ast-site-content-layout":"default","site-content-style":"default","site-sidebar-style":"default","ast-global-header-display":"","ast-banner-title-visibility":"","ast-main-header-display":"","ast-hfb-above-header-display":"","ast-hfb-below-header-display":"","ast-hfb-mobile-header-display":"","site-post-title":"","ast-breadcrumbs-content":"","ast-featured-img":"","footer-sml-layout":"","ast-disable-related-posts":"","theme-transparent-header-meta":"","adv-header-id-meta":"","stick-header-meta":"","header-above-stick-meta":"","header-main-stick-meta":"","header-below-stick-meta":"","astra-migrate-meta-layouts":"default","ast-page-background-enabled":"default","ast-page-background-meta":{"desktop":{"background-color":"","background-image":"","background-repeat":"repeat","background-position":"center center","background-size":"auto","background-attachment":"scroll","background-type":"","background-media":"","overlay-type":"","overlay-color":"","overlay-opacity":"","overlay-gradient":""},"tablet":{"background-color":"","background-image":"","background-repeat":"repeat","background-position":"center center","background-size":"auto","background-attachment":"scroll","background-type":"","background-media":"","overlay-type":"","overlay-color":"","overlay-opacity":"","overlay-gradient":""},"mobile":{"background-color":"","background-image":"","background-repeat":"repeat","background-position":"center center","background-size":"auto","background-attachment":"scroll","background-type":"","background-media":"","overlay-type":"","overlay-color":"","overlay-opacity":"","overlay-gradient":""}},"ast-content-background-meta":{"desktop":{"background-color":"var(--ast-global-color-5)","background-image":"","background-repeat":"repeat","background-position":"center center","background-size":"auto","background-attachment":"scroll","background-type":"","background-media":"","overlay-type":"","overlay-color":"","overlay-opacity":"","overlay-gradient":""},"tablet":{"background-color":"var(--ast-global-color-5)","background-image":"","background-repeat":"repeat","background-position":"center center","background-size":"auto","background-attachment":"scroll","background-type":"","background-media":"","overlay-type":"","overlay-color":"","overlay-opacity":"","overlay-gradient":""},"mobile":{"background-color":"var(--ast-global-color-5)","background-image":"","background-repeat":"repeat","background-position":"center center","background-size":"auto","background-attachment":"scroll","background-type":"","background-media":"","overlay-type":"","overlay-color":"","overlay-opacity":"","overlay-gradient":""}},"_joinchat":[]},"product_brand":[],"product_cat":[42],"product_tag":[],"class_list":{"0":"post-5494","1":"product","2":"type-product","3":"status-publish","4":"has-post-thumbnail","6":"product_cat-dvd","7":"desktop-align-left","8":"tablet-align-left","9":"mobile-align-left","11":"first","12":"instock","13":"sale","14":"shipping-taxable","15":"purchasable","16":"product-type-simple"},"_links":{"self":[{"href":"https:\/\/cinemasoul.es\/index.php?rest_route=\/wp\/v2\/product\/5494","targetHints":{"allow":["GET"]}}],"collection":[{"href":"https:\/\/cinemasoul.es\/index.php?rest_route=\/wp\/v2\/product"}],"about":[{"href":"https:\/\/cinemasoul.es\/index.php?rest_route=\/wp\/v2\/types\/product"}],"replies":[{"embeddable":true,"href":"https:\/\/cinemasoul.es\/index.php?rest_route=%2Fwp%2Fv2%2Fcomments&post=5494"}],"version-history":[{"count":1,"href":"https:\/\/cinemasoul.es\/index.php?rest_route=\/wp\/v2\/product\/5494\/revisions"}],"predecessor-version":[{"id":5497,"href":"https:\/\/cinemasoul.es\/index.php?rest_route=\/wp\/v2\/product\/5494\/revisions\/5497"}],"wp:featuredmedia":[{"embeddable":true,"href":"https:\/\/cinemasoul.es\/index.php?rest_route=\/wp\/v2\/media\/5495"}],"wp:attachment":[{"href":"https:\/\/cinemasoul.es\/index.php?rest_route=%2Fwp%2Fv2%2Fmedia&parent=5494"}],"wp:term":[{"taxonomy":"product_brand","embeddable":true,"href":"https:\/\/cinemasoul.es\/index.php?rest_route=%2Fwp%2Fv2%2Fproduct_brand&post=5494"},{"taxonomy":"product_cat","embeddable":true,"href":"https:\/\/cinemasoul.es\/index.php?rest_route=%2Fwp%2Fv2%2Fproduct_cat&post=5494"},{"taxonomy":"product_tag","embeddable":true,"href":"https:\/\/cinemasoul.es\/index.php?rest_route=%2Fwp%2Fv2%2Fproduct_tag&post=5494"}],"curies":[{"name":"wp","href":"https:\/\/api.w.org\/{rel}","templated":true}]}}