{"id":5452,"date":"2022-06-24T17:52:48","date_gmt":"2022-06-24T17:52:48","guid":{"rendered":"https:\/\/www.cinemasoul.es\/?post_type=product&#038;p=5452"},"modified":"2022-06-24T17:52:48","modified_gmt":"2022-06-24T17:52:48","slug":"las-minas-del-rey-salomon-dvd","status":"publish","type":"product","link":"https:\/\/cinemasoul.es\/?product=las-minas-del-rey-salomon-dvd","title":{"rendered":"Las Minas del Rey Salom\u00f3n [DVD]"},"content":{"rendered":"","protected":false},"excerpt":{"rendered":"<p><strong>Metro Goldwyn Mayer<\/strong>\u00a0presenta<em>\u00a0Las Minas del Rey Salom\u00f3n\u00a0<\/em><strong>Protagonistas<\/strong>\u00a0Deborah Kerr, Stewart Granger con Richard Carlson\u00a0<strong>Gui\u00f3n de<\/strong>\u00a0Helen Deutsch\u00a0<strong>Basada en la novela de<\/strong>\u00a0H. Rider Haggard\u00a0<strong>Dirigida por<\/strong>\u00a0Compton Bennet y Andrew Marton\u00a0<strong>Producida por<\/strong>\u00a0Sam Zimbalist\u00a0<strong>Un film de<\/strong>\u00a0Metro Goldwyn Mayer Technicolor. <strong>Formato de pantalla<\/strong>: 4\/3 (1.33:1)\u00a0\u00a0<strong>Idiomas<\/strong>: Castellano e Ingl\u00e9s (2.0) con subt\u00edtulos en Castellano.\u00a0Para \u00e1mbito dom\u00e9stico.\u00a0<strong>Certificado de Calificaci\u00f3n<\/strong> N\u00ba 39.353.\u00a0Apta para todos los p\u00fablicos.\u00a0<strong>Dep\u00f3sito Legal<\/strong>: TF: 1034-2008.\u00a0<strong>Duraci\u00f3n<\/strong>: 98 Minutos aprox.\u00a0<strong>Caracter\u00edsticas especiales disponibles<\/strong>: Ficha T\u00e9cnica, art\u00edstica y Galer\u00eda fotogr\u00e1fica<\/p>\n<p><strong>\u201cUna de las historias de aventuras m\u00e1s majestuosamente filmadas y nunca antes plasmada en celuloide\u201d\u00a0THE MOVIE GUIDE\u00a0\u201cMiles de bestias de la jungla africana en la estampida m\u00e1s salvaje jam\u00e1s filmada<\/strong><strong>\u201d\u00a0<\/strong>Antes de Indiana Jones estaba Allan Quartermain, el fornido h\u00e9roe de la novela cl\u00e1sica de 1885 de H. Rider Haggard, que se ha filmado en cuatro ocasiones.Stewar Granger representa a Quartermain en esta adaptaci\u00f3n de 1950 que fue nominada a la Mejor Pel\u00edcula de los premios de la academia y que gan\u00f3 dos Oscars\u00ae, al mejor montaje y a la mejor fotograf\u00eda.Deborah Kerr interpreta a la inglesa recatada que contrata a Quartermain para que lidere la b\u00fasqueda de su marido desaparecido, aunque ning\u00fan safari ha regresado jam\u00e1s de las regiones inexploradas que su expedici\u00f3n debe cruzar.\u00a0Parte aventura, parte espect\u00e1culo y filmada entre el impresionante esplendor y los peligros de la indomable \u00c1frica<em>, Las Minas del Rey Salom\u00f3n<\/em>\u00a0es una pel\u00edcula que los aficionados guardar\u00e1n como un tesoro.<\/p>\n","protected":false},"featured_media":5453,"comment_status":"open","ping_status":"closed","template":"","meta":{"site-sidebar-layout":"default","site-content-layout":"default","ast-site-content-layout":"default","site-content-style":"default","site-sidebar-style":"default","ast-global-header-display":"","ast-banner-title-visibility":"","ast-main-header-display":"","ast-hfb-above-header-display":"","ast-hfb-below-header-display":"","ast-hfb-mobile-header-display":"","site-post-title":"","ast-breadcrumbs-content":"","ast-featured-img":"","footer-sml-layout":"","ast-disable-related-posts":"","theme-transparent-header-meta":"","adv-header-id-meta":"","stick-header-meta":"","header-above-stick-meta":"","header-main-stick-meta":"","header-below-stick-meta":"","astra-migrate-meta-layouts":"default","ast-page-background-enabled":"default","ast-page-background-meta":{"desktop":{"background-color":"","background-image":"","background-repeat":"repeat","background-position":"center center","background-size":"auto","background-attachment":"scroll","background-type":"","background-media":"","overlay-type":"","overlay-color":"","overlay-opacity":"","overlay-gradient":""},"tablet":{"background-color":"","background-image":"","background-repeat":"repeat","background-position":"center center","background-size":"auto","background-attachment":"scroll","background-type":"","background-media":"","overlay-type":"","overlay-color":"","overlay-opacity":"","overlay-gradient":""},"mobile":{"background-color":"","background-image":"","background-repeat":"repeat","background-position":"center center","background-size":"auto","background-attachment":"scroll","background-type":"","background-media":"","overlay-type":"","overlay-color":"","overlay-opacity":"","overlay-gradient":""}},"ast-content-background-meta":{"desktop":{"background-color":"var(--ast-global-color-5)","background-image":"","background-repeat":"repeat","background-position":"center center","background-size":"auto","background-attachment":"scroll","background-type":"","background-media":"","overlay-type":"","overlay-color":"","overlay-opacity":"","overlay-gradient":""},"tablet":{"background-color":"var(--ast-global-color-5)","background-image":"","background-repeat":"repeat","background-position":"center center","background-size":"auto","background-attachment":"scroll","background-type":"","background-media":"","overlay-type":"","overlay-color":"","overlay-opacity":"","overlay-gradient":""},"mobile":{"background-color":"var(--ast-global-color-5)","background-image":"","background-repeat":"repeat","background-position":"center center","background-size":"auto","background-attachment":"scroll","background-type":"","background-media":"","overlay-type":"","overlay-color":"","overlay-opacity":"","overlay-gradient":""}},"_joinchat":[]},"product_brand":[],"product_cat":[42],"product_tag":[],"class_list":{"0":"post-5452","1":"product","2":"type-product","3":"status-publish","4":"has-post-thumbnail","6":"product_cat-dvd","7":"desktop-align-left","8":"tablet-align-left","9":"mobile-align-left","11":"first","12":"instock","13":"shipping-taxable","14":"purchasable","15":"product-type-simple"},"_links":{"self":[{"href":"https:\/\/cinemasoul.es\/index.php?rest_route=\/wp\/v2\/product\/5452","targetHints":{"allow":["GET"]}}],"collection":[{"href":"https:\/\/cinemasoul.es\/index.php?rest_route=\/wp\/v2\/product"}],"about":[{"href":"https:\/\/cinemasoul.es\/index.php?rest_route=\/wp\/v2\/types\/product"}],"replies":[{"embeddable":true,"href":"https:\/\/cinemasoul.es\/index.php?rest_route=%2Fwp%2Fv2%2Fcomments&post=5452"}],"version-history":[{"count":1,"href":"https:\/\/cinemasoul.es\/index.php?rest_route=\/wp\/v2\/product\/5452\/revisions"}],"predecessor-version":[{"id":5455,"href":"https:\/\/cinemasoul.es\/index.php?rest_route=\/wp\/v2\/product\/5452\/revisions\/5455"}],"wp:featuredmedia":[{"embeddable":true,"href":"https:\/\/cinemasoul.es\/index.php?rest_route=\/wp\/v2\/media\/5453"}],"wp:attachment":[{"href":"https:\/\/cinemasoul.es\/index.php?rest_route=%2Fwp%2Fv2%2Fmedia&parent=5452"}],"wp:term":[{"taxonomy":"product_brand","embeddable":true,"href":"https:\/\/cinemasoul.es\/index.php?rest_route=%2Fwp%2Fv2%2Fproduct_brand&post=5452"},{"taxonomy":"product_cat","embeddable":true,"href":"https:\/\/cinemasoul.es\/index.php?rest_route=%2Fwp%2Fv2%2Fproduct_cat&post=5452"},{"taxonomy":"product_tag","embeddable":true,"href":"https:\/\/cinemasoul.es\/index.php?rest_route=%2Fwp%2Fv2%2Fproduct_tag&post=5452"}],"curies":[{"name":"wp","href":"https:\/\/api.w.org\/{rel}","templated":true}]}}