{"id":5404,"date":"2022-06-24T12:41:34","date_gmt":"2022-06-24T12:41:34","guid":{"rendered":"https:\/\/www.cinemasoul.es\/?post_type=product&#038;p=5404"},"modified":"2022-06-24T12:41:34","modified_gmt":"2022-06-24T12:41:34","slug":"los-cuatro-jinetes-del-apocalipsis-dvd","status":"publish","type":"product","link":"https:\/\/cinemasoul.es\/?product=los-cuatro-jinetes-del-apocalipsis-dvd","title":{"rendered":"Los Cuatro Jinetes del Apocalipsis [DVD]"},"content":{"rendered":"","protected":false},"excerpt":{"rendered":"<p>METRO-GOLDWYN-MAYER<strong>\u00a0<\/strong>presenta UNA <strong>PRODUCCION<\/strong> DE\u00a0JULIAN BLAUSTEIN.\u00a0<strong>DIRIGIDA<\/strong>\u00a0POR\u00a0VINCENTE MINNELLI \u201cLOS CUATRO JINETES DEL APOCALIPSIS\u201d.\u00a0<strong>PROTAGONIZADA<\/strong>\u00a0POR GLENN FORD, INGRID THULIN, CHARLES BOYER, LEE J. COBB, PAUL HENREID\u00a0<strong>CON<\/strong>\u00a0PAUL LUKAS\u00a0<strong>Y<\/strong>\u00a0VETTE MIMIEUX, KARL BOEHM.\u00a0<strong>GUI\u00d3N<\/strong>\u00a0DE ROBERT ARDREY\u00a0Y\u00a0JOHN GAY.\u00a0BASADA EN LA <strong>NOVELA<\/strong> DE\u00a0VICENTE BLASCO IB\u00c1\u00d1EZ.<\/p>\n<p><strong>IDIOMAS<\/strong>: CASTELLANO E INGL\u00c9S <strong>SUBT\u00cdTULOS<\/strong>: CASTELLANO.\u00a0<strong>NACIONALIDAD<\/strong>: ESTADOS UNIDOS.\u00a0<strong>A\u00d1O<\/strong>: 1961. <strong>COLOR<\/strong>.<strong>\u00a0<\/strong><strong>G\u00c9NERO<\/strong>: DRAMA.\u00a0<strong>DURACI\u00d3N<\/strong>: 148&#8242;.\u00a0<strong>FORMATO<\/strong>: 16\/9 2.35:1.\u00a0<strong>CLASIFICACION<\/strong>: NO RECOMENDADA PARA MENORES DE 13 A\u00d1OS.<\/p>\n<p><em>\u201c\u00a1Un \u00e9xito rotundo!\u201d \u2013 Cue<\/em>\u00a0El oscarizado director Vincente Minnelli construye un apasionado y conmovedor espect\u00e1culo a partir de la novela hom\u00f3nima, convertida ya en un cl\u00e1sico de fama mundial sobre el amor y la guerra. Glenn Ford encabeza un reparto internacional en este relato que abarca dos continentes y transcurre durante el per\u00edodo acaso m\u00e1s dram\u00e1tico de la historia de la humanidad. Corre el a\u00f1o 1938 y el mundo se halla al borde de la II Guerra Mundial. Julio Madariaga (Lee J. Cobb) re\u00fane a tres generaciones de su acaudalada familia para celebrar su unidad y descubre que el monstruo nazi ha enfrentado a hermano contra hermano. La constataci\u00f3n de tan espantosa realidad acaba con su vida. En Par\u00eds, Julio Desnoyers (Glenn Ford) contin\u00faa su feliz existencia de playboy aunque el ej\u00e9rcito alem\u00e1n desfile bajo el Arco del Triunfo; no obstante, todo cambia para \u00e9l cuando se enamora de la bella esposa de un combatiente de la Resistencia y los nazis capturan a su hermana adolescente (Yvette Mimieux). \u00c9pico en formato scope y de alt\u00edsimo vuelo dram\u00e1tico, \u00e9ste es un Apocalipsis que ning\u00fan espectador olvidar\u00e1 con facilidad.<\/p>\n","protected":false},"featured_media":5405,"comment_status":"open","ping_status":"closed","template":"","meta":{"site-sidebar-layout":"default","site-content-layout":"default","ast-site-content-layout":"default","site-content-style":"default","site-sidebar-style":"default","ast-global-header-display":"","ast-banner-title-visibility":"","ast-main-header-display":"","ast-hfb-above-header-display":"","ast-hfb-below-header-display":"","ast-hfb-mobile-header-display":"","site-post-title":"","ast-breadcrumbs-content":"","ast-featured-img":"","footer-sml-layout":"","ast-disable-related-posts":"","theme-transparent-header-meta":"","adv-header-id-meta":"","stick-header-meta":"","header-above-stick-meta":"","header-main-stick-meta":"","header-below-stick-meta":"","astra-migrate-meta-layouts":"default","ast-page-background-enabled":"default","ast-page-background-meta":{"desktop":{"background-color":"","background-image":"","background-repeat":"repeat","background-position":"center center","background-size":"auto","background-attachment":"scroll","background-type":"","background-media":"","overlay-type":"","overlay-color":"","overlay-opacity":"","overlay-gradient":""},"tablet":{"background-color":"","background-image":"","background-repeat":"repeat","background-position":"center center","background-size":"auto","background-attachment":"scroll","background-type":"","background-media":"","overlay-type":"","overlay-color":"","overlay-opacity":"","overlay-gradient":""},"mobile":{"background-color":"","background-image":"","background-repeat":"repeat","background-position":"center center","background-size":"auto","background-attachment":"scroll","background-type":"","background-media":"","overlay-type":"","overlay-color":"","overlay-opacity":"","overlay-gradient":""}},"ast-content-background-meta":{"desktop":{"background-color":"var(--ast-global-color-5)","background-image":"","background-repeat":"repeat","background-position":"center center","background-size":"auto","background-attachment":"scroll","background-type":"","background-media":"","overlay-type":"","overlay-color":"","overlay-opacity":"","overlay-gradient":""},"tablet":{"background-color":"var(--ast-global-color-5)","background-image":"","background-repeat":"repeat","background-position":"center center","background-size":"auto","background-attachment":"scroll","background-type":"","background-media":"","overlay-type":"","overlay-color":"","overlay-opacity":"","overlay-gradient":""},"mobile":{"background-color":"var(--ast-global-color-5)","background-image":"","background-repeat":"repeat","background-position":"center center","background-size":"auto","background-attachment":"scroll","background-type":"","background-media":"","overlay-type":"","overlay-color":"","overlay-opacity":"","overlay-gradient":""}},"_joinchat":[]},"product_brand":[],"product_cat":[42],"product_tag":[],"class_list":{"0":"post-5404","1":"product","2":"type-product","3":"status-publish","4":"has-post-thumbnail","6":"product_cat-dvd","7":"desktop-align-left","8":"tablet-align-left","9":"mobile-align-left","11":"first","12":"instock","13":"sale","14":"shipping-taxable","15":"purchasable","16":"product-type-simple"},"_links":{"self":[{"href":"https:\/\/cinemasoul.es\/index.php?rest_route=\/wp\/v2\/product\/5404","targetHints":{"allow":["GET"]}}],"collection":[{"href":"https:\/\/cinemasoul.es\/index.php?rest_route=\/wp\/v2\/product"}],"about":[{"href":"https:\/\/cinemasoul.es\/index.php?rest_route=\/wp\/v2\/types\/product"}],"replies":[{"embeddable":true,"href":"https:\/\/cinemasoul.es\/index.php?rest_route=%2Fwp%2Fv2%2Fcomments&post=5404"}],"version-history":[{"count":1,"href":"https:\/\/cinemasoul.es\/index.php?rest_route=\/wp\/v2\/product\/5404\/revisions"}],"predecessor-version":[{"id":5408,"href":"https:\/\/cinemasoul.es\/index.php?rest_route=\/wp\/v2\/product\/5404\/revisions\/5408"}],"wp:featuredmedia":[{"embeddable":true,"href":"https:\/\/cinemasoul.es\/index.php?rest_route=\/wp\/v2\/media\/5405"}],"wp:attachment":[{"href":"https:\/\/cinemasoul.es\/index.php?rest_route=%2Fwp%2Fv2%2Fmedia&parent=5404"}],"wp:term":[{"taxonomy":"product_brand","embeddable":true,"href":"https:\/\/cinemasoul.es\/index.php?rest_route=%2Fwp%2Fv2%2Fproduct_brand&post=5404"},{"taxonomy":"product_cat","embeddable":true,"href":"https:\/\/cinemasoul.es\/index.php?rest_route=%2Fwp%2Fv2%2Fproduct_cat&post=5404"},{"taxonomy":"product_tag","embeddable":true,"href":"https:\/\/cinemasoul.es\/index.php?rest_route=%2Fwp%2Fv2%2Fproduct_tag&post=5404"}],"curies":[{"name":"wp","href":"https:\/\/api.w.org\/{rel}","templated":true}]}}