{"id":5387,"date":"2022-06-24T12:01:46","date_gmt":"2022-06-24T12:01:46","guid":{"rendered":"https:\/\/www.cinemasoul.es\/?post_type=product&#038;p=5387"},"modified":"2022-06-24T12:01:46","modified_gmt":"2022-06-24T12:01:46","slug":"la-sirena-de-bagdad-dvd","status":"publish","type":"product","link":"https:\/\/cinemasoul.es\/?product=la-sirena-de-bagdad-dvd","title":{"rendered":"La sirena de Bagdad [DVD]"},"content":{"rendered":"","protected":false},"excerpt":{"rendered":"<div id=\"tab-description\" class=\"tab-content\">\n<p>COLUMBIA PICTURES PRESENTA\u00a0\u201cLA SIRENA DE BAGDAD\u201d (<em>SIREN OF BAGDAD<\/em>)\u00a0 <strong>PROTAGONIZADA<\/strong> POR\u00a0PAUL HENREID, PATRICIA MEDINA\u00a0CON\u00a0HANS CONRIED <strong>HISTORIA<\/strong> Y <strong>GUI\u00d3N<\/strong> DE\u00a0ROBERT E. KENT <strong>PRODUCIDA\u00a0<\/strong>POR\u00a0SAM KATZMAN <strong>DIRIGIDA<\/strong> POR\u00a0RICHARD QUINE<\/p>\n<p><strong>A\u00d1O<\/strong>: 1953\u00a0<strong>G\u00c9NERO<\/strong>: AVENTURAS\u00a0<strong>NACIONALIDAD<\/strong>: ESTADOS UNIDOS\u00a0<strong>COLOR<\/strong>: COLOR <strong>DURACI\u00d3N<\/strong>: 69 \u00a0MIN. APROX.\u00a0<strong>IDIOMAS<\/strong>: CASTELLANO E INGL\u00c9S CON SUBT\u00cdTULOS EN CASTELLANO\u00a0<strong>FORMATO<\/strong>: 4\/3 1.33:1.\u00a0CERTIFICADO DE CLASIFICACI\u00d3N <strong>ICAA N\u00ba<\/strong>: 127.553\u00a0<strong>CLASIFICACI\u00d3N<\/strong>: APTA PARA TODOS LOS PUBLICOS\u00a0<strong>DEP\u00d3SITO LEGAL TF<\/strong>404-2013\u00a0<strong>EAN<\/strong>: 8414533088725<\/p>\n<p>Paul Henried da vida a un mago itinerante que llega con su espect\u00e1culo a Bagdag. Cuando las bailarinas de su grupo son secuestradas para entrar a formar parte del har\u00e9n del sult\u00e1n, Henried debe tratar de rescatarlas. Esta pel\u00edcula incluye una divertida referencia a La extra\u00f1a pasajera , otra de las pel\u00edculas de Henried. Pero esta vez, en vez de encender dos cigarrillos, enciende dos&#8230; pipas de agua.<\/p>\n<\/div>\n","protected":false},"featured_media":5388,"comment_status":"open","ping_status":"closed","template":"","meta":{"site-sidebar-layout":"default","site-content-layout":"default","ast-site-content-layout":"default","site-content-style":"default","site-sidebar-style":"default","ast-global-header-display":"","ast-banner-title-visibility":"","ast-main-header-display":"","ast-hfb-above-header-display":"","ast-hfb-below-header-display":"","ast-hfb-mobile-header-display":"","site-post-title":"","ast-breadcrumbs-content":"","ast-featured-img":"","footer-sml-layout":"","ast-disable-related-posts":"","theme-transparent-header-meta":"","adv-header-id-meta":"","stick-header-meta":"","header-above-stick-meta":"","header-main-stick-meta":"","header-below-stick-meta":"","astra-migrate-meta-layouts":"default","ast-page-background-enabled":"default","ast-page-background-meta":{"desktop":{"background-color":"","background-image":"","background-repeat":"repeat","background-position":"center center","background-size":"auto","background-attachment":"scroll","background-type":"","background-media":"","overlay-type":"","overlay-color":"","overlay-opacity":"","overlay-gradient":""},"tablet":{"background-color":"","background-image":"","background-repeat":"repeat","background-position":"center center","background-size":"auto","background-attachment":"scroll","background-type":"","background-media":"","overlay-type":"","overlay-color":"","overlay-opacity":"","overlay-gradient":""},"mobile":{"background-color":"","background-image":"","background-repeat":"repeat","background-position":"center center","background-size":"auto","background-attachment":"scroll","background-type":"","background-media":"","overlay-type":"","overlay-color":"","overlay-opacity":"","overlay-gradient":""}},"ast-content-background-meta":{"desktop":{"background-color":"var(--ast-global-color-5)","background-image":"","background-repeat":"repeat","background-position":"center center","background-size":"auto","background-attachment":"scroll","background-type":"","background-media":"","overlay-type":"","overlay-color":"","overlay-opacity":"","overlay-gradient":""},"tablet":{"background-color":"var(--ast-global-color-5)","background-image":"","background-repeat":"repeat","background-position":"center center","background-size":"auto","background-attachment":"scroll","background-type":"","background-media":"","overlay-type":"","overlay-color":"","overlay-opacity":"","overlay-gradient":""},"mobile":{"background-color":"var(--ast-global-color-5)","background-image":"","background-repeat":"repeat","background-position":"center center","background-size":"auto","background-attachment":"scroll","background-type":"","background-media":"","overlay-type":"","overlay-color":"","overlay-opacity":"","overlay-gradient":""}},"_joinchat":[]},"product_brand":[],"product_cat":[42],"product_tag":[],"class_list":{"0":"post-5387","1":"product","2":"type-product","3":"status-publish","4":"has-post-thumbnail","6":"product_cat-dvd","7":"desktop-align-left","8":"tablet-align-left","9":"mobile-align-left","11":"first","12":"instock","13":"sale","14":"shipping-taxable","15":"purchasable","16":"product-type-simple"},"_links":{"self":[{"href":"https:\/\/cinemasoul.es\/index.php?rest_route=\/wp\/v2\/product\/5387","targetHints":{"allow":["GET"]}}],"collection":[{"href":"https:\/\/cinemasoul.es\/index.php?rest_route=\/wp\/v2\/product"}],"about":[{"href":"https:\/\/cinemasoul.es\/index.php?rest_route=\/wp\/v2\/types\/product"}],"replies":[{"embeddable":true,"href":"https:\/\/cinemasoul.es\/index.php?rest_route=%2Fwp%2Fv2%2Fcomments&post=5387"}],"version-history":[{"count":1,"href":"https:\/\/cinemasoul.es\/index.php?rest_route=\/wp\/v2\/product\/5387\/revisions"}],"predecessor-version":[{"id":5390,"href":"https:\/\/cinemasoul.es\/index.php?rest_route=\/wp\/v2\/product\/5387\/revisions\/5390"}],"wp:featuredmedia":[{"embeddable":true,"href":"https:\/\/cinemasoul.es\/index.php?rest_route=\/wp\/v2\/media\/5388"}],"wp:attachment":[{"href":"https:\/\/cinemasoul.es\/index.php?rest_route=%2Fwp%2Fv2%2Fmedia&parent=5387"}],"wp:term":[{"taxonomy":"product_brand","embeddable":true,"href":"https:\/\/cinemasoul.es\/index.php?rest_route=%2Fwp%2Fv2%2Fproduct_brand&post=5387"},{"taxonomy":"product_cat","embeddable":true,"href":"https:\/\/cinemasoul.es\/index.php?rest_route=%2Fwp%2Fv2%2Fproduct_cat&post=5387"},{"taxonomy":"product_tag","embeddable":true,"href":"https:\/\/cinemasoul.es\/index.php?rest_route=%2Fwp%2Fv2%2Fproduct_tag&post=5387"}],"curies":[{"name":"wp","href":"https:\/\/api.w.org\/{rel}","templated":true}]}}