{"id":5355,"date":"2022-06-23T19:19:09","date_gmt":"2022-06-23T19:19:09","guid":{"rendered":"https:\/\/www.cinemasoul.es\/?post_type=product&#038;p=5355"},"modified":"2022-06-23T19:19:09","modified_gmt":"2022-06-23T19:19:09","slug":"la-leyenda-de-lylah-clare-dvd","status":"publish","type":"product","link":"https:\/\/cinemasoul.es\/?product=la-leyenda-de-lylah-clare-dvd","title":{"rendered":"La leyenda de Lylah Clare [DVD]"},"content":{"rendered":"","protected":false},"excerpt":{"rendered":"<p><strong>T\u00cdTULO ORIGINAL<\/strong>: The Legend of Lylah Clare \u201cLA LEYENDA DE LYLAH CLARE\u201d\u00a0<strong>PROTAGONIZADA<\/strong> POR KIM NOVAK, PETER FINCH, ERNEST BORGNINE\u00a0<strong>COPROTAGONIZADA<\/strong> POR MILTON SELZER, ROSSELLA FALK, GABRIELE TINTI, VALENTINA CORTESE, LEE MERIWEHTER Y CORAL BROWNE\u00a0<strong>GUI\u00d3N<\/strong> DE HUGO BUTLER <strong>Y<\/strong> JEAN ROUVEROL\u00a0<strong>PRODUCIDA<\/strong> Y <strong>DIRIGIDA<\/strong> POR ROBERT ALDRICH\u00a0<strong>M\u00daSICA<\/strong> DE <a href=\"http:\/\/www.imdb.com\/name\/nm0006030\/\" data-cke-saved-href=\"http:\/\/www.imdb.com\/name\/nm0006030\/\">FRANK DE VOL<\/a>\u00a0<strong>FOTOGRAF\u00cdA<\/strong> DE\u00a0<a href=\"http:\/\/www.imdb.com\/name\/nm0005657\/\" data-cke-saved-href=\"http:\/\/www.imdb.com\/name\/nm0005657\/\">JOSEPH F. BIROC<\/a><\/p>\n<p><strong>A\u00d1O<\/strong>: 1968\u00a0<strong>PA\u00cdS<\/strong>: ESTADOS UNIDOS\u00a0<strong>DURACI\u00d3N<\/strong>: 130 MINUTOS\u00a0<strong>G\u00c9NERO<\/strong>: DRAMA\u00a0<strong>Calificaci\u00f3n<\/strong>: NO RECOMENDADA PARA MENORES DE 18 A\u00d1OS\u00a0<strong>COLOR\u00a0<\/strong><strong>N\u00ba de Expediente ICAA<\/strong>: 123.228\u00a0<strong>IDIOMAS<\/strong>: CASTELLANO INGL\u00c9S CON SUBT\u00cdTULOS EN CASTELLANO\u00a0<strong>FORMATO<\/strong>: 16\/9 1.85\u00a0<strong>EAN<\/strong>: 8436022302389<\/p>\n<p>De la noche a la ma\u00f1ana se convirti\u00f3 en una estrella. Durante muchas noches se convirti\u00f3 en una leyenda.\u00a0UNA REINA DE LA PANTALLA FALLLECIDA. CON UN SECRETO QUE NO MORIR\u00c1 JAM\u00c1S. UNA PEL\u00cdCULA DEL DIRECTOR DE \u00bfQU\u00c9 FUE DE BABY JANE?<\/p>\n<p>Nadie puede alcanzar a Robert Aldrich cuando se convierte en el espejo de la decepci\u00f3n de Hollywood. El autor de <em>\u00bfQu\u00e9 fue de Baby Jane<\/em>? dirige su c\u00e1mara una vez m\u00e1s hacia la ciudad de las estrellas y el oropel en este melodrama de misterio. Kim Novak interpreta a una desconocida elegida para interpretar una pel\u00edcula biogr\u00e1fica de la estrella Lylah Clare, que muri\u00f3 en misteriosas circunstancias en su noche de bodas. Los ganadores del Premio de la Academia Peter Finch (en el papel del obsesionado viudo de Lylah) y Ernest Borgnine (interpretando a un magnate de los negocios), ayudan a \u201cagitar\u201d a\u00fan m\u00e1s esta intriga que poco a poco revela secretos, perversiones, compulsiones y muertes, mientras la joven actriz se va identificando m\u00e1s y m\u00e1s con la estrella muerta\u2026<\/p>\n","protected":false},"featured_media":5356,"comment_status":"open","ping_status":"closed","template":"","meta":{"site-sidebar-layout":"default","site-content-layout":"default","ast-site-content-layout":"default","site-content-style":"default","site-sidebar-style":"default","ast-global-header-display":"","ast-banner-title-visibility":"","ast-main-header-display":"","ast-hfb-above-header-display":"","ast-hfb-below-header-display":"","ast-hfb-mobile-header-display":"","site-post-title":"","ast-breadcrumbs-content":"","ast-featured-img":"","footer-sml-layout":"","ast-disable-related-posts":"","theme-transparent-header-meta":"","adv-header-id-meta":"","stick-header-meta":"","header-above-stick-meta":"","header-main-stick-meta":"","header-below-stick-meta":"","astra-migrate-meta-layouts":"default","ast-page-background-enabled":"default","ast-page-background-meta":{"desktop":{"background-color":"","background-image":"","background-repeat":"repeat","background-position":"center center","background-size":"auto","background-attachment":"scroll","background-type":"","background-media":"","overlay-type":"","overlay-color":"","overlay-opacity":"","overlay-gradient":""},"tablet":{"background-color":"","background-image":"","background-repeat":"repeat","background-position":"center center","background-size":"auto","background-attachment":"scroll","background-type":"","background-media":"","overlay-type":"","overlay-color":"","overlay-opacity":"","overlay-gradient":""},"mobile":{"background-color":"","background-image":"","background-repeat":"repeat","background-position":"center center","background-size":"auto","background-attachment":"scroll","background-type":"","background-media":"","overlay-type":"","overlay-color":"","overlay-opacity":"","overlay-gradient":""}},"ast-content-background-meta":{"desktop":{"background-color":"var(--ast-global-color-5)","background-image":"","background-repeat":"repeat","background-position":"center center","background-size":"auto","background-attachment":"scroll","background-type":"","background-media":"","overlay-type":"","overlay-color":"","overlay-opacity":"","overlay-gradient":""},"tablet":{"background-color":"var(--ast-global-color-5)","background-image":"","background-repeat":"repeat","background-position":"center center","background-size":"auto","background-attachment":"scroll","background-type":"","background-media":"","overlay-type":"","overlay-color":"","overlay-opacity":"","overlay-gradient":""},"mobile":{"background-color":"var(--ast-global-color-5)","background-image":"","background-repeat":"repeat","background-position":"center center","background-size":"auto","background-attachment":"scroll","background-type":"","background-media":"","overlay-type":"","overlay-color":"","overlay-opacity":"","overlay-gradient":""}},"_joinchat":[]},"product_brand":[],"product_cat":[42],"product_tag":[],"class_list":{"0":"post-5355","1":"product","2":"type-product","3":"status-publish","4":"has-post-thumbnail","6":"product_cat-dvd","7":"desktop-align-left","8":"tablet-align-left","9":"mobile-align-left","11":"first","12":"instock","13":"sale","14":"shipping-taxable","15":"purchasable","16":"product-type-simple"},"_links":{"self":[{"href":"https:\/\/cinemasoul.es\/index.php?rest_route=\/wp\/v2\/product\/5355","targetHints":{"allow":["GET"]}}],"collection":[{"href":"https:\/\/cinemasoul.es\/index.php?rest_route=\/wp\/v2\/product"}],"about":[{"href":"https:\/\/cinemasoul.es\/index.php?rest_route=\/wp\/v2\/types\/product"}],"replies":[{"embeddable":true,"href":"https:\/\/cinemasoul.es\/index.php?rest_route=%2Fwp%2Fv2%2Fcomments&post=5355"}],"version-history":[{"count":1,"href":"https:\/\/cinemasoul.es\/index.php?rest_route=\/wp\/v2\/product\/5355\/revisions"}],"predecessor-version":[{"id":5358,"href":"https:\/\/cinemasoul.es\/index.php?rest_route=\/wp\/v2\/product\/5355\/revisions\/5358"}],"wp:featuredmedia":[{"embeddable":true,"href":"https:\/\/cinemasoul.es\/index.php?rest_route=\/wp\/v2\/media\/5356"}],"wp:attachment":[{"href":"https:\/\/cinemasoul.es\/index.php?rest_route=%2Fwp%2Fv2%2Fmedia&parent=5355"}],"wp:term":[{"taxonomy":"product_brand","embeddable":true,"href":"https:\/\/cinemasoul.es\/index.php?rest_route=%2Fwp%2Fv2%2Fproduct_brand&post=5355"},{"taxonomy":"product_cat","embeddable":true,"href":"https:\/\/cinemasoul.es\/index.php?rest_route=%2Fwp%2Fv2%2Fproduct_cat&post=5355"},{"taxonomy":"product_tag","embeddable":true,"href":"https:\/\/cinemasoul.es\/index.php?rest_route=%2Fwp%2Fv2%2Fproduct_tag&post=5355"}],"curies":[{"name":"wp","href":"https:\/\/api.w.org\/{rel}","templated":true}]}}