{"id":5331,"date":"2022-06-23T18:19:27","date_gmt":"2022-06-23T18:19:27","guid":{"rendered":"https:\/\/www.cinemasoul.es\/?post_type=product&#038;p=5331"},"modified":"2022-06-23T18:19:28","modified_gmt":"2022-06-23T18:19:28","slug":"historia-de-una-monja-de-clausura-dvd","status":"publish","type":"product","link":"https:\/\/cinemasoul.es\/?product=historia-de-una-monja-de-clausura-dvd","title":{"rendered":"Historia de una monja de clausura [DVD]"},"content":{"rendered":"","protected":false},"excerpt":{"rendered":"<p><strong>T\u00edtulo original<\/strong> Storia di una monaca di clausura <strong>A\u00f1o<\/strong> 1973 <strong>Duraci\u00f3n<\/strong> 97 min. <strong>Pa\u00eds<\/strong> Italia <strong>Direcci\u00f3n <\/strong>Domenico Paolella <strong>Guion<\/strong> Domenico Paolella, Tonino Cervi <strong>M\u00fasica<\/strong> Piero Piccioni <strong>Fotograf\u00eda<\/strong> Armando Nannuzzi <strong>Reparto<\/strong> Catherine Spaak, Suzy Kendall, Eleonora Giorgi, Martine Brochard, Ann Odessa, Antonio Falsi, Umberto Orsini, Tino Carraro, Konrad Georg, Isabelle Marchall, Caterina Boratto, Giuliana Calandra, Clara Colosimo <strong>Productora<\/strong> Coproducci\u00f3n Italia-Alemania del Oeste (RFA)-Francia; Roxy Film, SND Groupe M6, Produzioni Atlas Consorziate (P.A.C.) <strong>G\u00e9nero<\/strong> Drama | Er\u00f3tico<\/p>\n<p><strong>Sinopsis<\/strong> Durante el siglo XVI, ante su negativa de casarse con un hombre que no ama, una joven es enviada por sus padres a un convento de clausura. All\u00ed conoce a un grupo de monjas sexualmente reprimidas lideradas por la madre superiora que la someten a las m\u00e1s degradantes humillaciones y convertir\u00e1n su vida en un infierno viviente al no querer someterse a sus deseos.<\/p>\n","protected":false},"featured_media":5332,"comment_status":"open","ping_status":"closed","template":"","meta":{"site-sidebar-layout":"default","site-content-layout":"default","ast-site-content-layout":"default","site-content-style":"default","site-sidebar-style":"default","ast-global-header-display":"","ast-banner-title-visibility":"","ast-main-header-display":"","ast-hfb-above-header-display":"","ast-hfb-below-header-display":"","ast-hfb-mobile-header-display":"","site-post-title":"","ast-breadcrumbs-content":"","ast-featured-img":"","footer-sml-layout":"","ast-disable-related-posts":"","theme-transparent-header-meta":"","adv-header-id-meta":"","stick-header-meta":"","header-above-stick-meta":"","header-main-stick-meta":"","header-below-stick-meta":"","astra-migrate-meta-layouts":"default","ast-page-background-enabled":"default","ast-page-background-meta":{"desktop":{"background-color":"","background-image":"","background-repeat":"repeat","background-position":"center center","background-size":"auto","background-attachment":"scroll","background-type":"","background-media":"","overlay-type":"","overlay-color":"","overlay-opacity":"","overlay-gradient":""},"tablet":{"background-color":"","background-image":"","background-repeat":"repeat","background-position":"center center","background-size":"auto","background-attachment":"scroll","background-type":"","background-media":"","overlay-type":"","overlay-color":"","overlay-opacity":"","overlay-gradient":""},"mobile":{"background-color":"","background-image":"","background-repeat":"repeat","background-position":"center center","background-size":"auto","background-attachment":"scroll","background-type":"","background-media":"","overlay-type":"","overlay-color":"","overlay-opacity":"","overlay-gradient":""}},"ast-content-background-meta":{"desktop":{"background-color":"var(--ast-global-color-5)","background-image":"","background-repeat":"repeat","background-position":"center center","background-size":"auto","background-attachment":"scroll","background-type":"","background-media":"","overlay-type":"","overlay-color":"","overlay-opacity":"","overlay-gradient":""},"tablet":{"background-color":"var(--ast-global-color-5)","background-image":"","background-repeat":"repeat","background-position":"center center","background-size":"auto","background-attachment":"scroll","background-type":"","background-media":"","overlay-type":"","overlay-color":"","overlay-opacity":"","overlay-gradient":""},"mobile":{"background-color":"var(--ast-global-color-5)","background-image":"","background-repeat":"repeat","background-position":"center center","background-size":"auto","background-attachment":"scroll","background-type":"","background-media":"","overlay-type":"","overlay-color":"","overlay-opacity":"","overlay-gradient":""}},"_joinchat":[]},"product_brand":[],"product_cat":[42],"product_tag":[],"class_list":{"0":"post-5331","1":"product","2":"type-product","3":"status-publish","4":"has-post-thumbnail","6":"product_cat-dvd","7":"desktop-align-left","8":"tablet-align-left","9":"mobile-align-left","11":"first","12":"instock","13":"sale","14":"shipping-taxable","15":"purchasable","16":"product-type-simple"},"_links":{"self":[{"href":"https:\/\/cinemasoul.es\/index.php?rest_route=\/wp\/v2\/product\/5331","targetHints":{"allow":["GET"]}}],"collection":[{"href":"https:\/\/cinemasoul.es\/index.php?rest_route=\/wp\/v2\/product"}],"about":[{"href":"https:\/\/cinemasoul.es\/index.php?rest_route=\/wp\/v2\/types\/product"}],"replies":[{"embeddable":true,"href":"https:\/\/cinemasoul.es\/index.php?rest_route=%2Fwp%2Fv2%2Fcomments&post=5331"}],"version-history":[{"count":1,"href":"https:\/\/cinemasoul.es\/index.php?rest_route=\/wp\/v2\/product\/5331\/revisions"}],"predecessor-version":[{"id":5333,"href":"https:\/\/cinemasoul.es\/index.php?rest_route=\/wp\/v2\/product\/5331\/revisions\/5333"}],"wp:featuredmedia":[{"embeddable":true,"href":"https:\/\/cinemasoul.es\/index.php?rest_route=\/wp\/v2\/media\/5332"}],"wp:attachment":[{"href":"https:\/\/cinemasoul.es\/index.php?rest_route=%2Fwp%2Fv2%2Fmedia&parent=5331"}],"wp:term":[{"taxonomy":"product_brand","embeddable":true,"href":"https:\/\/cinemasoul.es\/index.php?rest_route=%2Fwp%2Fv2%2Fproduct_brand&post=5331"},{"taxonomy":"product_cat","embeddable":true,"href":"https:\/\/cinemasoul.es\/index.php?rest_route=%2Fwp%2Fv2%2Fproduct_cat&post=5331"},{"taxonomy":"product_tag","embeddable":true,"href":"https:\/\/cinemasoul.es\/index.php?rest_route=%2Fwp%2Fv2%2Fproduct_tag&post=5331"}],"curies":[{"name":"wp","href":"https:\/\/api.w.org\/{rel}","templated":true}]}}