{"id":5320,"date":"2022-06-23T17:53:25","date_gmt":"2022-06-23T17:53:25","guid":{"rendered":"https:\/\/www.cinemasoul.es\/?post_type=product&#038;p=5320"},"modified":"2022-06-23T17:53:25","modified_gmt":"2022-06-23T17:53:25","slug":"la-ciudad-sin-hombres-dvd","status":"publish","type":"product","link":"https:\/\/cinemasoul.es\/?product=la-ciudad-sin-hombres-dvd","title":{"rendered":"La ciudad sin hombres [DVD]"},"content":{"rendered":"","protected":false},"excerpt":{"rendered":"<div id=\"tab-description\" class=\"tab-content\">\n<p><strong>T\u00cdTULO ORIGINAL<\/strong>: The Girl from Rio\u00a0<strong>A\u00d1O<\/strong>: 1969\u00a0<strong>G\u00c9NERO<\/strong>: AVENTURAS, CIENCIA FICCI\u00d3N\u00a0<strong>NACIONALIDAD<\/strong>: Alemania, Espa\u00f1a, Estados Unidos\u00a0<strong>COLOR<\/strong>: COLOR <strong>IDIOMAS<\/strong>: ESPA\u00d1OL e INGL\u00c9S\u00a0<strong>FORMATO DE PANTALLA<\/strong>: 1.66:1\u00a0<strong>ICAA N\u00ba<\/strong>: 28.433<\/p>\n<p><strong>DURACI\u00d3N<\/strong>: 93 Min. Aprx. <strong>DIRIGIDA<\/strong>: Jes\u00fas Franco (AKA Jess Franco)\u00a0<strong>GUI\u00d3N<\/strong>: Franz Eichhorn, Bruno Leder, Sax Rohmer, Harry Alan Towers\u00a0<strong>FOTOGRAF\u00cdA<\/strong>: Manuel Merino\u00a0<strong>M\u00daSICA<\/strong>: Daniel White\u00a0<strong>REPARTO<\/strong>: Shirley Eaton, Richard Wyler, George Sanders, Maria Rohm, Herbert Fleischmann, Marta Reves, Elisa Mont\u00e9s, Walter Rilla, Beni Cardoso, Valentina Godoy.<\/p>\n<p>Sumuru (Shirley Eaton), a la que se cre\u00eda muerta, ha creado en el coraz\u00f3n de la selva brasile\u00f1a una ciudad de mujeres llamda F\u00e9mina, desde la que pretende dominar el mundo a base de secuestros y cr\u00edmenes. Y para ello tiene un \u00fanico objetivo: acabar con la supremac\u00eda del hombre en la Tierra.Jeff Sutton (Richard Wyler), detective privado, llega a R\u00edo de Janeiro para rescatar a la hija secuestrada de un rico banquero, pero Sumuru lo captura y lo lleva a F\u00e9mina. El rescate se complica por la intervenci\u00f3n del g\u00e1ngster Masius (George Sanders) que quiere apoderarse del tesoro de Sumuru. Jeff Sutton se convierte as\u00ed en un pe\u00f3n en medio de la guerra entre Masius y Sumuru.<\/p>\n<\/div>\n","protected":false},"featured_media":5321,"comment_status":"open","ping_status":"closed","template":"","meta":{"site-sidebar-layout":"default","site-content-layout":"default","ast-site-content-layout":"default","site-content-style":"default","site-sidebar-style":"default","ast-global-header-display":"","ast-banner-title-visibility":"","ast-main-header-display":"","ast-hfb-above-header-display":"","ast-hfb-below-header-display":"","ast-hfb-mobile-header-display":"","site-post-title":"","ast-breadcrumbs-content":"","ast-featured-img":"","footer-sml-layout":"","ast-disable-related-posts":"","theme-transparent-header-meta":"","adv-header-id-meta":"","stick-header-meta":"","header-above-stick-meta":"","header-main-stick-meta":"","header-below-stick-meta":"","astra-migrate-meta-layouts":"default","ast-page-background-enabled":"default","ast-page-background-meta":{"desktop":{"background-color":"","background-image":"","background-repeat":"repeat","background-position":"center center","background-size":"auto","background-attachment":"scroll","background-type":"","background-media":"","overlay-type":"","overlay-color":"","overlay-opacity":"","overlay-gradient":""},"tablet":{"background-color":"","background-image":"","background-repeat":"repeat","background-position":"center center","background-size":"auto","background-attachment":"scroll","background-type":"","background-media":"","overlay-type":"","overlay-color":"","overlay-opacity":"","overlay-gradient":""},"mobile":{"background-color":"","background-image":"","background-repeat":"repeat","background-position":"center center","background-size":"auto","background-attachment":"scroll","background-type":"","background-media":"","overlay-type":"","overlay-color":"","overlay-opacity":"","overlay-gradient":""}},"ast-content-background-meta":{"desktop":{"background-color":"var(--ast-global-color-5)","background-image":"","background-repeat":"repeat","background-position":"center center","background-size":"auto","background-attachment":"scroll","background-type":"","background-media":"","overlay-type":"","overlay-color":"","overlay-opacity":"","overlay-gradient":""},"tablet":{"background-color":"var(--ast-global-color-5)","background-image":"","background-repeat":"repeat","background-position":"center center","background-size":"auto","background-attachment":"scroll","background-type":"","background-media":"","overlay-type":"","overlay-color":"","overlay-opacity":"","overlay-gradient":""},"mobile":{"background-color":"var(--ast-global-color-5)","background-image":"","background-repeat":"repeat","background-position":"center center","background-size":"auto","background-attachment":"scroll","background-type":"","background-media":"","overlay-type":"","overlay-color":"","overlay-opacity":"","overlay-gradient":""}},"_joinchat":[]},"product_brand":[],"product_cat":[42],"product_tag":[],"class_list":{"0":"post-5320","1":"product","2":"type-product","3":"status-publish","4":"has-post-thumbnail","6":"product_cat-dvd","7":"desktop-align-left","8":"tablet-align-left","9":"mobile-align-left","11":"first","12":"instock","13":"sale","14":"shipping-taxable","15":"purchasable","16":"product-type-simple"},"_links":{"self":[{"href":"https:\/\/cinemasoul.es\/index.php?rest_route=\/wp\/v2\/product\/5320","targetHints":{"allow":["GET"]}}],"collection":[{"href":"https:\/\/cinemasoul.es\/index.php?rest_route=\/wp\/v2\/product"}],"about":[{"href":"https:\/\/cinemasoul.es\/index.php?rest_route=\/wp\/v2\/types\/product"}],"replies":[{"embeddable":true,"href":"https:\/\/cinemasoul.es\/index.php?rest_route=%2Fwp%2Fv2%2Fcomments&post=5320"}],"version-history":[{"count":1,"href":"https:\/\/cinemasoul.es\/index.php?rest_route=\/wp\/v2\/product\/5320\/revisions"}],"predecessor-version":[{"id":5323,"href":"https:\/\/cinemasoul.es\/index.php?rest_route=\/wp\/v2\/product\/5320\/revisions\/5323"}],"wp:featuredmedia":[{"embeddable":true,"href":"https:\/\/cinemasoul.es\/index.php?rest_route=\/wp\/v2\/media\/5321"}],"wp:attachment":[{"href":"https:\/\/cinemasoul.es\/index.php?rest_route=%2Fwp%2Fv2%2Fmedia&parent=5320"}],"wp:term":[{"taxonomy":"product_brand","embeddable":true,"href":"https:\/\/cinemasoul.es\/index.php?rest_route=%2Fwp%2Fv2%2Fproduct_brand&post=5320"},{"taxonomy":"product_cat","embeddable":true,"href":"https:\/\/cinemasoul.es\/index.php?rest_route=%2Fwp%2Fv2%2Fproduct_cat&post=5320"},{"taxonomy":"product_tag","embeddable":true,"href":"https:\/\/cinemasoul.es\/index.php?rest_route=%2Fwp%2Fv2%2Fproduct_tag&post=5320"}],"curies":[{"name":"wp","href":"https:\/\/api.w.org\/{rel}","templated":true}]}}