{"id":5309,"date":"2022-06-23T17:37:49","date_gmt":"2022-06-23T17:37:49","guid":{"rendered":"https:\/\/www.cinemasoul.es\/?post_type=product&#038;p=5309"},"modified":"2022-06-23T17:37:49","modified_gmt":"2022-06-23T17:37:49","slug":"fuego-de-juventud-dvd","status":"publish","type":"product","link":"https:\/\/cinemasoul.es\/?product=fuego-de-juventud-dvd","title":{"rendered":"Fuego de Juventud [DVD]"},"content":{"rendered":"","protected":false},"excerpt":{"rendered":"<div id=\"tab-description\" class=\"tab-content\">\n<p>\u201cFUEGO DE JUVENTUD\u201d (NATIONAL VELVET)\u00a0UNA <strong>PRODUCCI\u00d3N<\/strong> DE CLARENCE BROWN\u00a0BASADA EN LA <strong>NOVELA<\/strong> \u201cNATIONAL VELVET\u201d DE \u00a0ENID BAGNOLD\u00a0<strong>PROTAGONIZADA<\/strong> POR MICKEY ROONEYCONDONALD CRISP ELIZABETH TAYLOR ANNE REVERE ANGELA LANSBURY JACKIE JENKINS ARTHUR TREACHER\u00a0<strong>RODADA<\/strong> EN Technicolor\u00ae\u00a0<strong>DIRIGIDA<\/strong> POR CLARENCE BROWN\u00a0<strong>PRODUCIDA<\/strong> POR PANDRO S. BERMAN\u00a0<strong>GUI\u00d3N<\/strong> DE THEODORE REEVES Y HELEN DEUTSCH\u00a0UNA <strong>PEL\u00cdCULA<\/strong> DE METRO-GOLDWYN-MAYER<\/p>\n<p><strong>IDIOMAS<\/strong>: CASTELLANO E INGL\u00c9S CON SUBT\u00cdTULOS EN CASTELLANO.\u00a0<strong>NACIONALIDAD<\/strong>: ESTADOS UNIDOS.\u00a0<strong>A\u00d1O<\/strong>: 1944.\u00a0<strong>G\u00c9NERO<\/strong>: DRAMA.\u00a0<strong>DURACI\u00d3N<\/strong>: 118\u2019.\u00a0<strong>FORMATO<\/strong>: 4X3 1:33.\u00a0<strong>COLOR<\/strong>.<strong>\u00a0<\/strong><strong>FEERTS<\/strong>: 1000159694.\u00a0<strong>REFERENCIA<\/strong>: DVDY27825.\u00a0<strong>EAN<\/strong>: 5051893031669. <strong>DEP\u00d3SITO LEGAL<\/strong>: TF: 1.186 -2010.\u00a0<strong>N\u00ba DE EXPEDIENTE<\/strong>: 117.396.\u00a0<strong>CLASIFICACI\u00d3N<\/strong>: APTA PARA TODOS LOS P\u00daBLICOS.<\/p>\n<p><em>\u201cUna de las pel\u00edculas m\u00e1s simp\u00e1ticas de todos los tiempos.\u201d<\/em>\u00a0Pauline Kael, <em>5001 NIGHTS AT THE MOVIES<\/em><\/p>\n<p>Mientras pervivan los j\u00f3venes de esp\u00edritu, tambi\u00e9n lo har\u00e1n pel\u00edcula como <em>Fuego de juventud<\/em>. Interpretando el papel que la lanz\u00f3 al estrellato, Elizabeth Taylor encarna a Velvet Brown, una c\u00e1ndida adolescente que, con la ayuda de un <em>jockey<\/em> amigo suyo (Mickey Rooney), entrena a <em>Pie,<\/em> el caballo que gan\u00f3 en una rifa, para el Grand National Steeplechase, la famosa carrera de obst\u00e1culos de Inglaterra. Lo malo es que ninguna chica puede participar en esta carrera. Pero Velvet, haci\u00e9ndose pasar por un chico, seguro que lo consigue. Magn\u00edficamente dirigida por Clarence Brown, esta emocionante pel\u00edcula ganadora de dos Oscar\u00ae* (uno para Anne Revere por su interpretaci\u00f3n de la madre de Velvet) est\u00e1 coprotagonizada por una joven Angela Lansbury y por el veterano Donald Crisp. Adem\u00e1s, <em>Fuego de juventud<\/em> tuvo fuera de la pantalla una continuaci\u00f3n tan tierna y encantadora como la propia pel\u00edcula: una vez acabado el rodaje, el estudio le regal\u00f3 <em>Pie<\/em> a Elizabeth Taylor.<\/p>\n<\/div>\n","protected":false},"featured_media":5310,"comment_status":"open","ping_status":"closed","template":"","meta":{"site-sidebar-layout":"default","site-content-layout":"default","ast-site-content-layout":"default","site-content-style":"default","site-sidebar-style":"default","ast-global-header-display":"","ast-banner-title-visibility":"","ast-main-header-display":"","ast-hfb-above-header-display":"","ast-hfb-below-header-display":"","ast-hfb-mobile-header-display":"","site-post-title":"","ast-breadcrumbs-content":"","ast-featured-img":"","footer-sml-layout":"","ast-disable-related-posts":"","theme-transparent-header-meta":"","adv-header-id-meta":"","stick-header-meta":"","header-above-stick-meta":"","header-main-stick-meta":"","header-below-stick-meta":"","astra-migrate-meta-layouts":"default","ast-page-background-enabled":"default","ast-page-background-meta":{"desktop":{"background-color":"","background-image":"","background-repeat":"repeat","background-position":"center center","background-size":"auto","background-attachment":"scroll","background-type":"","background-media":"","overlay-type":"","overlay-color":"","overlay-opacity":"","overlay-gradient":""},"tablet":{"background-color":"","background-image":"","background-repeat":"repeat","background-position":"center center","background-size":"auto","background-attachment":"scroll","background-type":"","background-media":"","overlay-type":"","overlay-color":"","overlay-opacity":"","overlay-gradient":""},"mobile":{"background-color":"","background-image":"","background-repeat":"repeat","background-position":"center center","background-size":"auto","background-attachment":"scroll","background-type":"","background-media":"","overlay-type":"","overlay-color":"","overlay-opacity":"","overlay-gradient":""}},"ast-content-background-meta":{"desktop":{"background-color":"var(--ast-global-color-5)","background-image":"","background-repeat":"repeat","background-position":"center center","background-size":"auto","background-attachment":"scroll","background-type":"","background-media":"","overlay-type":"","overlay-color":"","overlay-opacity":"","overlay-gradient":""},"tablet":{"background-color":"var(--ast-global-color-5)","background-image":"","background-repeat":"repeat","background-position":"center center","background-size":"auto","background-attachment":"scroll","background-type":"","background-media":"","overlay-type":"","overlay-color":"","overlay-opacity":"","overlay-gradient":""},"mobile":{"background-color":"var(--ast-global-color-5)","background-image":"","background-repeat":"repeat","background-position":"center center","background-size":"auto","background-attachment":"scroll","background-type":"","background-media":"","overlay-type":"","overlay-color":"","overlay-opacity":"","overlay-gradient":""}},"_joinchat":[]},"product_brand":[],"product_cat":[42],"product_tag":[],"class_list":{"0":"post-5309","1":"product","2":"type-product","3":"status-publish","4":"has-post-thumbnail","6":"product_cat-dvd","7":"desktop-align-left","8":"tablet-align-left","9":"mobile-align-left","11":"first","12":"instock","13":"sale","14":"shipping-taxable","15":"purchasable","16":"product-type-simple"},"_links":{"self":[{"href":"https:\/\/cinemasoul.es\/index.php?rest_route=\/wp\/v2\/product\/5309","targetHints":{"allow":["GET"]}}],"collection":[{"href":"https:\/\/cinemasoul.es\/index.php?rest_route=\/wp\/v2\/product"}],"about":[{"href":"https:\/\/cinemasoul.es\/index.php?rest_route=\/wp\/v2\/types\/product"}],"replies":[{"embeddable":true,"href":"https:\/\/cinemasoul.es\/index.php?rest_route=%2Fwp%2Fv2%2Fcomments&post=5309"}],"version-history":[{"count":1,"href":"https:\/\/cinemasoul.es\/index.php?rest_route=\/wp\/v2\/product\/5309\/revisions"}],"predecessor-version":[{"id":5312,"href":"https:\/\/cinemasoul.es\/index.php?rest_route=\/wp\/v2\/product\/5309\/revisions\/5312"}],"wp:featuredmedia":[{"embeddable":true,"href":"https:\/\/cinemasoul.es\/index.php?rest_route=\/wp\/v2\/media\/5310"}],"wp:attachment":[{"href":"https:\/\/cinemasoul.es\/index.php?rest_route=%2Fwp%2Fv2%2Fmedia&parent=5309"}],"wp:term":[{"taxonomy":"product_brand","embeddable":true,"href":"https:\/\/cinemasoul.es\/index.php?rest_route=%2Fwp%2Fv2%2Fproduct_brand&post=5309"},{"taxonomy":"product_cat","embeddable":true,"href":"https:\/\/cinemasoul.es\/index.php?rest_route=%2Fwp%2Fv2%2Fproduct_cat&post=5309"},{"taxonomy":"product_tag","embeddable":true,"href":"https:\/\/cinemasoul.es\/index.php?rest_route=%2Fwp%2Fv2%2Fproduct_tag&post=5309"}],"curies":[{"name":"wp","href":"https:\/\/api.w.org\/{rel}","templated":true}]}}