{"id":5265,"date":"2022-06-23T12:28:47","date_gmt":"2022-06-23T12:28:47","guid":{"rendered":"https:\/\/www.cinemasoul.es\/?post_type=product&#038;p=5265"},"modified":"2022-06-23T12:28:48","modified_gmt":"2022-06-23T12:28:48","slug":"huracan-de-emociones-dvd","status":"publish","type":"product","link":"https:\/\/cinemasoul.es\/?product=huracan-de-emociones-dvd","title":{"rendered":"Hurac\u00e1n de Emociones [DVD]"},"content":{"rendered":"","protected":false},"excerpt":{"rendered":"<div id=\"tab-description\" class=\"tab-content\">\n<p>WARNER BROS. PICTURES\u00a0PRESENTA BURT LANCASTER, VIRGINA MAYO\u00a0<strong>EN<\/strong>\u00a0\u201cHURAC\u00c1N DE EMOCIONES\u201d\u00a0<strong>CON<\/strong>\u00a0CHUCK CONNORS.\u00a0<strong>GUI\u00d3N<\/strong>\u00a0<strong>DE<\/strong>\u00a0EDWIN BLUM.\u00a0<strong>DIRIGIDA<\/strong>\u00a0<strong>POR<\/strong>\u00a0ARTHUR LUBIN. UNA PEL\u00cdCULA DE\u00a0WARNER BROS.\u00a0<strong>A\u00d1O<\/strong>: 1953.\u00a0<strong>G\u00c9NERO<\/strong>: ACCI\u00d3N.\u00a0<strong>NACIONALIDAD<\/strong>: ESTADOS UNIDOS.\u00a0<strong>DURACI\u00d3N<\/strong>: 83 MINUTOS APROX.\u00a0<strong>FORMATO<\/strong>: 4X3 1.33:1.\u00a0<strong>IDIOMAS<\/strong>: CASTELLANO E INGL\u00c9S CON SUBT\u00cdTULOS EN CASTELLANO.\u00a0REFERENCIA: DVDY26118.\u00a0EAN:5051893015522.\u00a0DEP\u00d3SITOLEGAL:TF: 1634-2009.\u00a0N\u00baDE\u00a0EXPEDIENTE: 113.916.\u00a0CLASIFICACION: NO RECOMENDADA PARA MENORES DE 13 A\u00d1OS<\/p>\n<p><em>\u00a1Las hilarantes aventuras de un marine y su chica en los mares del Sur<\/em>!\u00a0Burt Lancaster viste el uniforme de marine en esta comedia amorosa llena de acci\u00f3n.<strong>\u00a0<\/strong>En los primeros d\u00edas de la II Guerra Mundial, el bravuc\u00f3n sargento de marines James O\u2019Hearn pasa de la China a una isla bordeada de palmeras, de la barra del bar al calabozo, de los amores con una hermosa muchacha a la rivalidad con un compa\u00f1ero de armas, y de las escenas de acci\u00f3n y combate a los terrenos de la comedia en la din\u00e1mica cinta\u00a0<em>Hurac\u00e1n de emociones<\/em>. Y en la piel de O\u2019Hearn se mete todo un s\u00edmbolo del cine como Burt Lancaster, que exhibe su multimillonaria sonrisa, muestra su vena heroica en todo su esplendor y brinda al espectador ese tipo de cinta de aventuras con justas dosis de comicidad que, como\u00a0<em>El halc\u00f3n y la flecha<\/em>\u00a0<em>y\u00a0<\/em><em>El temible burl\u00f3n,<\/em>\u00a0jam\u00e1s han dejado de hacer las delicias del p\u00fablico. Con Virginia Mayo, que protagoniz\u00f3 junto a \u00e9l\u00a0<em>El halc\u00f3n y la flecha,<\/em>\u00a0devolvi\u00e9ndole las agudezas y Chuck Connors devolvi\u00e9ndole los pu\u00f1etazos, Lancaster convierte el Pac\u00edfico en un oc\u00e9ano de acci\u00f3n.<\/p>\n<\/div>\n","protected":false},"featured_media":5266,"comment_status":"open","ping_status":"closed","template":"","meta":{"site-sidebar-layout":"default","site-content-layout":"default","ast-site-content-layout":"default","site-content-style":"default","site-sidebar-style":"default","ast-global-header-display":"","ast-banner-title-visibility":"","ast-main-header-display":"","ast-hfb-above-header-display":"","ast-hfb-below-header-display":"","ast-hfb-mobile-header-display":"","site-post-title":"","ast-breadcrumbs-content":"","ast-featured-img":"","footer-sml-layout":"","ast-disable-related-posts":"","theme-transparent-header-meta":"","adv-header-id-meta":"","stick-header-meta":"","header-above-stick-meta":"","header-main-stick-meta":"","header-below-stick-meta":"","astra-migrate-meta-layouts":"default","ast-page-background-enabled":"default","ast-page-background-meta":{"desktop":{"background-color":"","background-image":"","background-repeat":"repeat","background-position":"center center","background-size":"auto","background-attachment":"scroll","background-type":"","background-media":"","overlay-type":"","overlay-color":"","overlay-opacity":"","overlay-gradient":""},"tablet":{"background-color":"","background-image":"","background-repeat":"repeat","background-position":"center center","background-size":"auto","background-attachment":"scroll","background-type":"","background-media":"","overlay-type":"","overlay-color":"","overlay-opacity":"","overlay-gradient":""},"mobile":{"background-color":"","background-image":"","background-repeat":"repeat","background-position":"center center","background-size":"auto","background-attachment":"scroll","background-type":"","background-media":"","overlay-type":"","overlay-color":"","overlay-opacity":"","overlay-gradient":""}},"ast-content-background-meta":{"desktop":{"background-color":"var(--ast-global-color-5)","background-image":"","background-repeat":"repeat","background-position":"center center","background-size":"auto","background-attachment":"scroll","background-type":"","background-media":"","overlay-type":"","overlay-color":"","overlay-opacity":"","overlay-gradient":""},"tablet":{"background-color":"var(--ast-global-color-5)","background-image":"","background-repeat":"repeat","background-position":"center center","background-size":"auto","background-attachment":"scroll","background-type":"","background-media":"","overlay-type":"","overlay-color":"","overlay-opacity":"","overlay-gradient":""},"mobile":{"background-color":"var(--ast-global-color-5)","background-image":"","background-repeat":"repeat","background-position":"center center","background-size":"auto","background-attachment":"scroll","background-type":"","background-media":"","overlay-type":"","overlay-color":"","overlay-opacity":"","overlay-gradient":""}},"_joinchat":[]},"product_brand":[],"product_cat":[42],"product_tag":[],"class_list":{"0":"post-5265","1":"product","2":"type-product","3":"status-publish","4":"has-post-thumbnail","6":"product_cat-dvd","7":"desktop-align-left","8":"tablet-align-left","9":"mobile-align-left","11":"first","12":"instock","13":"shipping-taxable","14":"purchasable","15":"product-type-simple"},"_links":{"self":[{"href":"https:\/\/cinemasoul.es\/index.php?rest_route=\/wp\/v2\/product\/5265","targetHints":{"allow":["GET"]}}],"collection":[{"href":"https:\/\/cinemasoul.es\/index.php?rest_route=\/wp\/v2\/product"}],"about":[{"href":"https:\/\/cinemasoul.es\/index.php?rest_route=\/wp\/v2\/types\/product"}],"replies":[{"embeddable":true,"href":"https:\/\/cinemasoul.es\/index.php?rest_route=%2Fwp%2Fv2%2Fcomments&post=5265"}],"version-history":[{"count":1,"href":"https:\/\/cinemasoul.es\/index.php?rest_route=\/wp\/v2\/product\/5265\/revisions"}],"predecessor-version":[{"id":5268,"href":"https:\/\/cinemasoul.es\/index.php?rest_route=\/wp\/v2\/product\/5265\/revisions\/5268"}],"wp:featuredmedia":[{"embeddable":true,"href":"https:\/\/cinemasoul.es\/index.php?rest_route=\/wp\/v2\/media\/5266"}],"wp:attachment":[{"href":"https:\/\/cinemasoul.es\/index.php?rest_route=%2Fwp%2Fv2%2Fmedia&parent=5265"}],"wp:term":[{"taxonomy":"product_brand","embeddable":true,"href":"https:\/\/cinemasoul.es\/index.php?rest_route=%2Fwp%2Fv2%2Fproduct_brand&post=5265"},{"taxonomy":"product_cat","embeddable":true,"href":"https:\/\/cinemasoul.es\/index.php?rest_route=%2Fwp%2Fv2%2Fproduct_cat&post=5265"},{"taxonomy":"product_tag","embeddable":true,"href":"https:\/\/cinemasoul.es\/index.php?rest_route=%2Fwp%2Fv2%2Fproduct_tag&post=5265"}],"curies":[{"name":"wp","href":"https:\/\/api.w.org\/{rel}","templated":true}]}}