{"id":5187,"date":"2022-06-18T12:46:30","date_gmt":"2022-06-18T12:46:30","guid":{"rendered":"https:\/\/www.cinemasoul.es\/?post_type=product&#038;p=5187"},"modified":"2022-06-18T12:46:30","modified_gmt":"2022-06-18T12:46:30","slug":"el-prisionero-de-zenda-1937-dvd","status":"publish","type":"product","link":"https:\/\/cinemasoul.es\/?product=el-prisionero-de-zenda-1937-dvd","title":{"rendered":"El Prisionero de Zenda (1937) [DvD]"},"content":{"rendered":"","protected":false},"excerpt":{"rendered":"<div id=\"tab-description\" class=\"tab-content\">\n<p><strong>\u201c<\/strong>EL PRISIONERO DE ZENDA<strong>\u201d\u00a0<\/strong><strong>SELZNICK INTERNATIONAL<\/strong> <strong>PRESENTA\u00a0<\/strong>RONALD COLMAN <strong>EN EL PERSONAJE DE LA C\u00c9LEBRE NOVELA DE<\/strong> ANTHONY HOPE <strong>CON<\/strong> MADELEINE CARROLL, C. AUBREY SMITH, RAYMOND MASSEY, MARY ASTOR, DAVID NIVEN <strong>Y<\/strong> DOUGLAS FAIRBANKS, JR.\u00a0<strong>GUI\u00d3N DE<\/strong> JOHN L. BALDERSTON <strong>DE LA ADAPTACI\u00d3N A LA NOVELA<\/strong> (<strong>Y<\/strong> <strong>DRAMATIZACI\u00d3N<\/strong> <strong>DE<\/strong> EDWARD ROSE) <strong>DE<\/strong> WELLS ROOT.\u00a0<strong>ADAPTACI\u00d3N DE DI\u00c1LOGOS DE<\/strong>\u00a0 DONALD OGDEN STEWART.\u00a0<strong>FOTOGRAF\u00cdA DE<\/strong> JAMES WONG HOWE.\u00a0<strong>PARTITURA MUSICAL<\/strong> ALFRED NEWMAN.\u00a0<strong>PRODUCIDA POR<\/strong>\u00a0DAVID O. SELZNICK.\u00a0<strong>DIRIGIDA POR<\/strong> JOHN CROMWELL.\u00a0<strong>ACTORES<\/strong>: RONALD COLMAN, MADELEINE CARROLL, C. AUBREY SMITH, RAYMOND MASSEY, MARY ASTOR, DAVID NIVEN, DOUGLAS FAIRBANKS JR, MONTAGU LOVE, WILHELM VON BRINCKEN, PHILIP SLEEMAN, ELEANOR WESSELHOEFT. <strong>A\u00d1O<\/strong>: 1937.\u00a0<strong>G\u00c9NERO<\/strong>: AVENTURAS (ROMANCE).\u00a0<strong>NACIONALIDAD<\/strong>:\u00a0ESTADOS UNIDOS \u00a0<strong>FORMATO<\/strong>: 4X3 1.33.1.\u00a0<strong>DURACI\u00d3N<\/strong>: 96 MINUTOS.\u00a0<strong>BLANCO Y NEGRO<\/strong>.\u00a0<strong>IDIOMAS<\/strong>:\u00a0CASTELLANO E INGL\u00c9S CON SUBT\u00cdTULOS EN CASTELLANO.\u00a0<strong>REFERENCIA<\/strong>: DVDF5326.\u00a0<strong>EAN<\/strong>: 5051893011838.\u00a0<strong>DEP\u00d3SITO<\/strong> <strong>LEGAL<\/strong>: TF: 869-2009.\u00a0<strong>N\u00ba DE<\/strong> <strong>EXPEDIENTE<\/strong>: 53.828.\u00a0<strong>CLASIFICACION<\/strong>: APTA PARA TODOS LOS P\u00daBLICOS.<\/p>\n<p>Rodolfo Rassendyll, un aut\u00e9ntico caballero brit\u00e1nico, llega al imaginario reino de Ruritania para pasar unas cortas vacaciones. All\u00ed se est\u00e1 celebrando la inminente coronaci\u00f3n de su nuevo rey, cuyo parecido f\u00edsico con Rodolfo es asombroso. Sin embargo, en la v\u00edspera de la coronaci\u00f3n, el soberano es secuestrado por su ambicioso hermano Rupert de Hentzau que desea para s\u00ed el trono. Los s\u00fabditos de confianza del monarca, adivinando las intenciones del perverso hermano, convencen a Rodolfo para que suplante al rey. Su parecido es tan extraordinario que ninguno de los restantes s\u00fabditos nota la diferencia. \u00a1Pero hay que rescatar al verdadero rey! La famosa novela de Anthony Hope, ha sido objeto de seis versiones cinematogr\u00e1ficas distintas. Pero quiz\u00e1 sea \u00e9sta, dirigida por <a href=\"http:\/\/www.decine21.com\/Perfiles\/John-Cromwell.asp?id=10466\" target=\"_self\" rel=\"noopener\">John Cromwell<\/a>, la mejor. Efectivamente, su productor <a href=\"http:\/\/www.decine21.com\/Perfiles\/David-O-Selznick.asp?id=22490\" target=\"_self\" rel=\"noopener\">David O. Selznick<\/a> \u00abtir\u00f3 la casa por la ventana\u00bb, y no repar\u00f3 en gastos a la hora de poner al servicio de esta pel\u00edcula de espadachines unos magn\u00edficos decorados, as\u00ed como un lujoso vestuario. De ah\u00ed que obtuviera dos nominaciones a los Oscar\u00ae en las categor\u00eda de Mejor Banda Sonora y Mejor Decoraci\u00f3n.<\/p>\n<\/div>\n","protected":false},"featured_media":5188,"comment_status":"open","ping_status":"closed","template":"","meta":{"site-sidebar-layout":"default","site-content-layout":"default","ast-site-content-layout":"default","site-content-style":"default","site-sidebar-style":"default","ast-global-header-display":"","ast-banner-title-visibility":"","ast-main-header-display":"","ast-hfb-above-header-display":"","ast-hfb-below-header-display":"","ast-hfb-mobile-header-display":"","site-post-title":"","ast-breadcrumbs-content":"","ast-featured-img":"","footer-sml-layout":"","ast-disable-related-posts":"","theme-transparent-header-meta":"","adv-header-id-meta":"","stick-header-meta":"","header-above-stick-meta":"","header-main-stick-meta":"","header-below-stick-meta":"","astra-migrate-meta-layouts":"default","ast-page-background-enabled":"default","ast-page-background-meta":{"desktop":{"background-color":"","background-image":"","background-repeat":"repeat","background-position":"center center","background-size":"auto","background-attachment":"scroll","background-type":"","background-media":"","overlay-type":"","overlay-color":"","overlay-opacity":"","overlay-gradient":""},"tablet":{"background-color":"","background-image":"","background-repeat":"repeat","background-position":"center center","background-size":"auto","background-attachment":"scroll","background-type":"","background-media":"","overlay-type":"","overlay-color":"","overlay-opacity":"","overlay-gradient":""},"mobile":{"background-color":"","background-image":"","background-repeat":"repeat","background-position":"center center","background-size":"auto","background-attachment":"scroll","background-type":"","background-media":"","overlay-type":"","overlay-color":"","overlay-opacity":"","overlay-gradient":""}},"ast-content-background-meta":{"desktop":{"background-color":"var(--ast-global-color-5)","background-image":"","background-repeat":"repeat","background-position":"center center","background-size":"auto","background-attachment":"scroll","background-type":"","background-media":"","overlay-type":"","overlay-color":"","overlay-opacity":"","overlay-gradient":""},"tablet":{"background-color":"var(--ast-global-color-5)","background-image":"","background-repeat":"repeat","background-position":"center center","background-size":"auto","background-attachment":"scroll","background-type":"","background-media":"","overlay-type":"","overlay-color":"","overlay-opacity":"","overlay-gradient":""},"mobile":{"background-color":"var(--ast-global-color-5)","background-image":"","background-repeat":"repeat","background-position":"center center","background-size":"auto","background-attachment":"scroll","background-type":"","background-media":"","overlay-type":"","overlay-color":"","overlay-opacity":"","overlay-gradient":""}},"_joinchat":[]},"product_brand":[],"product_cat":[42],"product_tag":[],"class_list":{"0":"post-5187","1":"product","2":"type-product","3":"status-publish","4":"has-post-thumbnail","6":"product_cat-dvd","7":"desktop-align-left","8":"tablet-align-left","9":"mobile-align-left","11":"first","12":"instock","13":"sale","14":"shipping-taxable","15":"purchasable","16":"product-type-simple"},"_links":{"self":[{"href":"https:\/\/cinemasoul.es\/index.php?rest_route=\/wp\/v2\/product\/5187","targetHints":{"allow":["GET"]}}],"collection":[{"href":"https:\/\/cinemasoul.es\/index.php?rest_route=\/wp\/v2\/product"}],"about":[{"href":"https:\/\/cinemasoul.es\/index.php?rest_route=\/wp\/v2\/types\/product"}],"replies":[{"embeddable":true,"href":"https:\/\/cinemasoul.es\/index.php?rest_route=%2Fwp%2Fv2%2Fcomments&post=5187"}],"version-history":[{"count":1,"href":"https:\/\/cinemasoul.es\/index.php?rest_route=\/wp\/v2\/product\/5187\/revisions"}],"predecessor-version":[{"id":5190,"href":"https:\/\/cinemasoul.es\/index.php?rest_route=\/wp\/v2\/product\/5187\/revisions\/5190"}],"wp:featuredmedia":[{"embeddable":true,"href":"https:\/\/cinemasoul.es\/index.php?rest_route=\/wp\/v2\/media\/5188"}],"wp:attachment":[{"href":"https:\/\/cinemasoul.es\/index.php?rest_route=%2Fwp%2Fv2%2Fmedia&parent=5187"}],"wp:term":[{"taxonomy":"product_brand","embeddable":true,"href":"https:\/\/cinemasoul.es\/index.php?rest_route=%2Fwp%2Fv2%2Fproduct_brand&post=5187"},{"taxonomy":"product_cat","embeddable":true,"href":"https:\/\/cinemasoul.es\/index.php?rest_route=%2Fwp%2Fv2%2Fproduct_cat&post=5187"},{"taxonomy":"product_tag","embeddable":true,"href":"https:\/\/cinemasoul.es\/index.php?rest_route=%2Fwp%2Fv2%2Fproduct_tag&post=5187"}],"curies":[{"name":"wp","href":"https:\/\/api.w.org\/{rel}","templated":true}]}}