{"id":5175,"date":"2022-06-18T12:35:28","date_gmt":"2022-06-18T12:35:28","guid":{"rendered":"https:\/\/www.cinemasoul.es\/?post_type=product&#038;p=5175"},"modified":"2022-06-18T12:35:28","modified_gmt":"2022-06-18T12:35:28","slug":"el-pajaro-azul-dvd","status":"publish","type":"product","link":"https:\/\/cinemasoul.es\/?product=el-pajaro-azul-dvd","title":{"rendered":"El p\u00e1jaro azul [DVD]"},"content":{"rendered":"","protected":false},"excerpt":{"rendered":"<p><strong>T\u00edtulo<\/strong> <strong>original <\/strong>The Blue Bird\u00a0<strong>A\u00f1o<\/strong> 1976\u00a0<strong>Duraci\u00f3n<\/strong> 95 min.\u00a0<strong>Pa\u00eds<\/strong> Estados Unidos\u00a0<strong>Direcci\u00f3n<\/strong> George Cukor\u00a0<strong>Guion<\/strong> Hugh Whitemore, Alfred Hayes, Alexei Kapler. <strong>Historia<\/strong>: Maurice Maeterlinck\u00a0<strong>M\u00fasica<\/strong> Irwin Kostal\u00a0<strong>Fotograf\u00eda<\/strong> Freddie Young\u00a0<strong>Reparto<\/strong> Elizabeth Taylor, Todd Lookinland, Patsy Kensit, Jane Fonda, Ava Gardner, Cicely Tyson, Will Geer, Mona Washbourne, Robert Morley, Nadezhda Pavlova, Harry Andrews, George Cole, Richard Pearson, Georgiy Vitsin\u00a0<strong>Productora <\/strong>Coproducci\u00f3n Estados Unidos-Uni\u00f3n Sovi\u00e9tica (URSS); 20th Century Fox, Lenfilm Studio <strong>G\u00e9nero <\/strong>Infantil. Fant\u00e1stico. Aventuras<\/p>\n<p><strong>Sinopsis <\/strong>Dos ni\u00f1os, hijos de un le\u00f1ador, buscan \u201cEl P\u00e1jaro Azul de la Felicidad\u201d para curar a una vecinita enferma. En su viaje, los gu\u00eda la Luz y los acompa\u00f1a su viejo amigo El Pan y su compa\u00f1ero m\u00e1s fiel, El Perro. En su b\u00fasqueda llegan al castillo de La Noche, al enga\u00f1oso Jard\u00edn de los Sue\u00f1os, al Campo de la Voluptuosidad y al Bosque, de cuyos terrores logran huir ayudados por El Perro. Por fin, encuentran un lugar apacible: el Reino del Futuro, donde esperan su nacimiento generaciones enteras. All\u00ed vive El Padre del Tiempo, que observa cuidadosamente lo que la Tierra puede necesitar. En su viaje, los ni\u00f1os han descrito un c\u00edrculo completo, porque El P\u00e1jaro Azul de la Felicidad estaba donde hab\u00eda estado siempre: en su propia casa.<\/p>\n","protected":false},"featured_media":5176,"comment_status":"open","ping_status":"closed","template":"","meta":{"site-sidebar-layout":"default","site-content-layout":"default","ast-site-content-layout":"default","site-content-style":"default","site-sidebar-style":"default","ast-global-header-display":"","ast-banner-title-visibility":"","ast-main-header-display":"","ast-hfb-above-header-display":"","ast-hfb-below-header-display":"","ast-hfb-mobile-header-display":"","site-post-title":"","ast-breadcrumbs-content":"","ast-featured-img":"","footer-sml-layout":"","ast-disable-related-posts":"","theme-transparent-header-meta":"","adv-header-id-meta":"","stick-header-meta":"","header-above-stick-meta":"","header-main-stick-meta":"","header-below-stick-meta":"","astra-migrate-meta-layouts":"default","ast-page-background-enabled":"default","ast-page-background-meta":{"desktop":{"background-color":"","background-image":"","background-repeat":"repeat","background-position":"center center","background-size":"auto","background-attachment":"scroll","background-type":"","background-media":"","overlay-type":"","overlay-color":"","overlay-opacity":"","overlay-gradient":""},"tablet":{"background-color":"","background-image":"","background-repeat":"repeat","background-position":"center center","background-size":"auto","background-attachment":"scroll","background-type":"","background-media":"","overlay-type":"","overlay-color":"","overlay-opacity":"","overlay-gradient":""},"mobile":{"background-color":"","background-image":"","background-repeat":"repeat","background-position":"center center","background-size":"auto","background-attachment":"scroll","background-type":"","background-media":"","overlay-type":"","overlay-color":"","overlay-opacity":"","overlay-gradient":""}},"ast-content-background-meta":{"desktop":{"background-color":"var(--ast-global-color-5)","background-image":"","background-repeat":"repeat","background-position":"center center","background-size":"auto","background-attachment":"scroll","background-type":"","background-media":"","overlay-type":"","overlay-color":"","overlay-opacity":"","overlay-gradient":""},"tablet":{"background-color":"var(--ast-global-color-5)","background-image":"","background-repeat":"repeat","background-position":"center center","background-size":"auto","background-attachment":"scroll","background-type":"","background-media":"","overlay-type":"","overlay-color":"","overlay-opacity":"","overlay-gradient":""},"mobile":{"background-color":"var(--ast-global-color-5)","background-image":"","background-repeat":"repeat","background-position":"center center","background-size":"auto","background-attachment":"scroll","background-type":"","background-media":"","overlay-type":"","overlay-color":"","overlay-opacity":"","overlay-gradient":""}},"_joinchat":[]},"product_brand":[],"product_cat":[42],"product_tag":[],"class_list":{"0":"post-5175","1":"product","2":"type-product","3":"status-publish","4":"has-post-thumbnail","6":"product_cat-dvd","7":"desktop-align-left","8":"tablet-align-left","9":"mobile-align-left","11":"first","12":"instock","13":"sale","14":"shipping-taxable","15":"purchasable","16":"product-type-simple"},"_links":{"self":[{"href":"https:\/\/cinemasoul.es\/index.php?rest_route=\/wp\/v2\/product\/5175","targetHints":{"allow":["GET"]}}],"collection":[{"href":"https:\/\/cinemasoul.es\/index.php?rest_route=\/wp\/v2\/product"}],"about":[{"href":"https:\/\/cinemasoul.es\/index.php?rest_route=\/wp\/v2\/types\/product"}],"replies":[{"embeddable":true,"href":"https:\/\/cinemasoul.es\/index.php?rest_route=%2Fwp%2Fv2%2Fcomments&post=5175"}],"version-history":[{"count":1,"href":"https:\/\/cinemasoul.es\/index.php?rest_route=\/wp\/v2\/product\/5175\/revisions"}],"predecessor-version":[{"id":5178,"href":"https:\/\/cinemasoul.es\/index.php?rest_route=\/wp\/v2\/product\/5175\/revisions\/5178"}],"wp:featuredmedia":[{"embeddable":true,"href":"https:\/\/cinemasoul.es\/index.php?rest_route=\/wp\/v2\/media\/5176"}],"wp:attachment":[{"href":"https:\/\/cinemasoul.es\/index.php?rest_route=%2Fwp%2Fv2%2Fmedia&parent=5175"}],"wp:term":[{"taxonomy":"product_brand","embeddable":true,"href":"https:\/\/cinemasoul.es\/index.php?rest_route=%2Fwp%2Fv2%2Fproduct_brand&post=5175"},{"taxonomy":"product_cat","embeddable":true,"href":"https:\/\/cinemasoul.es\/index.php?rest_route=%2Fwp%2Fv2%2Fproduct_cat&post=5175"},{"taxonomy":"product_tag","embeddable":true,"href":"https:\/\/cinemasoul.es\/index.php?rest_route=%2Fwp%2Fv2%2Fproduct_tag&post=5175"}],"curies":[{"name":"wp","href":"https:\/\/api.w.org\/{rel}","templated":true}]}}