{"id":5045,"date":"2022-06-10T12:16:25","date_gmt":"2022-06-10T12:16:25","guid":{"rendered":"https:\/\/www.cinemasoul.es\/?post_type=product&#038;p=5045"},"modified":"2022-06-10T12:16:25","modified_gmt":"2022-06-10T12:16:25","slug":"el-inspector-de-hierro-dvd","status":"publish","type":"product","link":"https:\/\/cinemasoul.es\/?product=el-inspector-de-hierro-dvd","title":{"rendered":"El inspector de hierro [DVD]"},"content":{"rendered":"","protected":false},"excerpt":{"rendered":"<p><strong>T\u00edtulo original<\/strong> Les Miserables\u00a0<strong>A\u00f1o <\/strong>1952\u00a0<strong>Duraci\u00f3n<\/strong> 105 min.\u00a0<strong>Pa\u00eds<\/strong> Estados Unidos\u00a0<strong>Direcci\u00f3n <\/strong>Lewis\u00a0 Milestone\u00a0<strong>Guion<\/strong> Richard Murphy. Novela: Victor Hugo\u00a0<strong>M\u00fasica<\/strong> Alex North\u00a0<strong>Fotograf\u00eda<\/strong> Joseph LaShelle (B&amp;W)\u00a0<strong>Reparto<\/strong> Michael Rennie, Debra Paget, Robert Newton, Edmund Gwenn, Elsa Lanchester, Sylvia Sidney, Cameron Mitchell, Joseph Wiseman, Rhys Williams, James Robertson Justice, Florence Bates\u00a0<strong>Productora<\/strong> 20th Century Fox\u00a0<strong>G\u00e9nero<\/strong> Drama. Romance | Hist\u00f3rico. Drama de \u00e9poca. Siglo XIX<\/p>\n<p><strong>Sinopsis<\/strong> Tras robar una barra de pan para alimentar a una familia hambrienta, Jean Valjean es sentenciado a galeras durante diez a\u00f1os. En esa \u00e9poca conoce a Javert, un obsesivo polic\u00eda hijo de convictos. Tras su liberaci\u00f3n, Valjean es tratado como un paria y s\u00f3lo encuentra refugio con un amable obispo que reforma su vida. Sin embargo, una peque\u00f1a infracci\u00f3n provoca la persecuci\u00f3n de Valjean por el ascendido Javert, una persecuci\u00f3n que consumir\u00e1 las vidas de ambos hombres durante muchos a\u00f1os.<\/p>\n","protected":false},"featured_media":5046,"comment_status":"open","ping_status":"closed","template":"","meta":{"site-sidebar-layout":"default","site-content-layout":"default","ast-site-content-layout":"default","site-content-style":"default","site-sidebar-style":"default","ast-global-header-display":"","ast-banner-title-visibility":"","ast-main-header-display":"","ast-hfb-above-header-display":"","ast-hfb-below-header-display":"","ast-hfb-mobile-header-display":"","site-post-title":"","ast-breadcrumbs-content":"","ast-featured-img":"","footer-sml-layout":"","ast-disable-related-posts":"","theme-transparent-header-meta":"","adv-header-id-meta":"","stick-header-meta":"","header-above-stick-meta":"","header-main-stick-meta":"","header-below-stick-meta":"","astra-migrate-meta-layouts":"default","ast-page-background-enabled":"default","ast-page-background-meta":{"desktop":{"background-color":"","background-image":"","background-repeat":"repeat","background-position":"center center","background-size":"auto","background-attachment":"scroll","background-type":"","background-media":"","overlay-type":"","overlay-color":"","overlay-opacity":"","overlay-gradient":""},"tablet":{"background-color":"","background-image":"","background-repeat":"repeat","background-position":"center center","background-size":"auto","background-attachment":"scroll","background-type":"","background-media":"","overlay-type":"","overlay-color":"","overlay-opacity":"","overlay-gradient":""},"mobile":{"background-color":"","background-image":"","background-repeat":"repeat","background-position":"center center","background-size":"auto","background-attachment":"scroll","background-type":"","background-media":"","overlay-type":"","overlay-color":"","overlay-opacity":"","overlay-gradient":""}},"ast-content-background-meta":{"desktop":{"background-color":"var(--ast-global-color-5)","background-image":"","background-repeat":"repeat","background-position":"center center","background-size":"auto","background-attachment":"scroll","background-type":"","background-media":"","overlay-type":"","overlay-color":"","overlay-opacity":"","overlay-gradient":""},"tablet":{"background-color":"var(--ast-global-color-5)","background-image":"","background-repeat":"repeat","background-position":"center center","background-size":"auto","background-attachment":"scroll","background-type":"","background-media":"","overlay-type":"","overlay-color":"","overlay-opacity":"","overlay-gradient":""},"mobile":{"background-color":"var(--ast-global-color-5)","background-image":"","background-repeat":"repeat","background-position":"center center","background-size":"auto","background-attachment":"scroll","background-type":"","background-media":"","overlay-type":"","overlay-color":"","overlay-opacity":"","overlay-gradient":""}},"_joinchat":[]},"product_brand":[],"product_cat":[42],"product_tag":[],"class_list":{"0":"post-5045","1":"product","2":"type-product","3":"status-publish","4":"has-post-thumbnail","6":"product_cat-dvd","7":"desktop-align-left","8":"tablet-align-left","9":"mobile-align-left","11":"first","12":"instock","13":"sale","14":"shipping-taxable","15":"purchasable","16":"product-type-simple"},"_links":{"self":[{"href":"https:\/\/cinemasoul.es\/index.php?rest_route=\/wp\/v2\/product\/5045","targetHints":{"allow":["GET"]}}],"collection":[{"href":"https:\/\/cinemasoul.es\/index.php?rest_route=\/wp\/v2\/product"}],"about":[{"href":"https:\/\/cinemasoul.es\/index.php?rest_route=\/wp\/v2\/types\/product"}],"replies":[{"embeddable":true,"href":"https:\/\/cinemasoul.es\/index.php?rest_route=%2Fwp%2Fv2%2Fcomments&post=5045"}],"version-history":[{"count":1,"href":"https:\/\/cinemasoul.es\/index.php?rest_route=\/wp\/v2\/product\/5045\/revisions"}],"predecessor-version":[{"id":5048,"href":"https:\/\/cinemasoul.es\/index.php?rest_route=\/wp\/v2\/product\/5045\/revisions\/5048"}],"wp:featuredmedia":[{"embeddable":true,"href":"https:\/\/cinemasoul.es\/index.php?rest_route=\/wp\/v2\/media\/5046"}],"wp:attachment":[{"href":"https:\/\/cinemasoul.es\/index.php?rest_route=%2Fwp%2Fv2%2Fmedia&parent=5045"}],"wp:term":[{"taxonomy":"product_brand","embeddable":true,"href":"https:\/\/cinemasoul.es\/index.php?rest_route=%2Fwp%2Fv2%2Fproduct_brand&post=5045"},{"taxonomy":"product_cat","embeddable":true,"href":"https:\/\/cinemasoul.es\/index.php?rest_route=%2Fwp%2Fv2%2Fproduct_cat&post=5045"},{"taxonomy":"product_tag","embeddable":true,"href":"https:\/\/cinemasoul.es\/index.php?rest_route=%2Fwp%2Fv2%2Fproduct_tag&post=5045"}],"curies":[{"name":"wp","href":"https:\/\/api.w.org\/{rel}","templated":true}]}}