{"id":5041,"date":"2022-06-10T12:09:16","date_gmt":"2022-06-10T12:09:16","guid":{"rendered":"https:\/\/www.cinemasoul.es\/?post_type=product&#038;p=5041"},"modified":"2022-06-10T12:09:16","modified_gmt":"2022-06-10T12:09:16","slug":"el-gran-farol-dvd","status":"publish","type":"product","link":"https:\/\/cinemasoul.es\/?product=el-gran-farol-dvd","title":{"rendered":"El Gran Farol [DVD]"},"content":{"rendered":"","protected":false},"excerpt":{"rendered":"<div id=\"tab-description\" class=\"tab-content\">\n<p>GRANADA FILM PRODUCTIONS PRESENTA A EWAN McGREGOR, ANNA FRIEL EN \u201cEL GRAN FAROL\u201d (ROGUE TRADER)\u00a0<strong>COPROTAGONIZADA<\/strong> POR YVES BENEYTON, BETSY BRANTLEY, NIGEL LINDSAY\u00a0<strong>GUI\u00d3N<\/strong> DE JAMES DEARDEN\u00a0BASADA EN LA AUTOBIOGRAF\u00cdA D<strong>E<\/strong> NICK LEESON\u00a0DIRECTOR DE <strong>FOTOGRAF\u00cdA<\/strong> JEAN-FRAN\u00c7OIS ROBIN\u00a0<strong>M\u00daSICA<\/strong> DE RICHARD HARTLEY\u00a0<strong>PRODUCIDA<\/strong> Y <strong>DIRIGIDA<\/strong> POR JAMES DEARDEN.<\/p>\n<p><strong>IDIOMAS<\/strong>: CASTELLANO E INGL\u00c9S.\u00a0<strong>NACIONALIDAD<\/strong>: REINO UNIDO.\u00a0<strong>A\u00d1O<\/strong>: 1999.\u00a0<strong>G\u00c9NERO<\/strong>: CRIMEN.\u00a0<strong>DURACI\u00d3N<\/strong>: 97 \u2019.\u00a0<strong>FORMATO<\/strong>:4\/3 1.66.\u00a0<strong>COLOR<\/strong>: COLOR <strong>DEP\u00d3SITO LEGAL<\/strong>: TF:1581-2010\u00a0<strong>N\u00ba DE EXPEDIENTE<\/strong>: 118.344\u00a0<strong>CLASIFICACION<\/strong>: TODOS LOS PUBLICOS<\/p>\n<p>McGregor (<em>La amenaza fantasma<\/em>, <em>La isla<\/em>, <em>Moulin Rouge<\/em>\u2026) interpreta a Nicholas Leeson, un empleado del Barings Bank, la entidad bancaria m\u00e1s antigua de Londres fundada en 1763. En 1995, Leeson puso patas arriba todo el sistema financiero del sureste asi\u00e1tico cuando fue enviado a Singapur a trabajar en el mercado de futuros del banco. Aunque en la propia entidad le cre\u00edan el mejor de los empleados, Nick secretamente robaba enormes cantidades de dinero para tapar los gastos de sus operaciones financieras que arrojaban p\u00e9rdidas. Pronto la cifra de \u00e9stas fue alarmante, y la \u00fanica manera de poder devolver el dinero a su banco era&#8230; arriesgando a\u00fan m\u00e1s dinero del banco. El brit\u00e1nico James Dearden (<em>La isla de Pascali<\/em>, <em>Un beso antes de morir<\/em>\u2026) dirige con solvencia este drama basado en la historia real de NickLeeson que escribi\u00f3 su historia desde la c\u00e1rcel alemana donde cumpli\u00f3 condena.<\/p>\n<\/div>\n","protected":false},"featured_media":5042,"comment_status":"open","ping_status":"closed","template":"","meta":{"site-sidebar-layout":"default","site-content-layout":"default","ast-site-content-layout":"default","site-content-style":"default","site-sidebar-style":"default","ast-global-header-display":"","ast-banner-title-visibility":"","ast-main-header-display":"","ast-hfb-above-header-display":"","ast-hfb-below-header-display":"","ast-hfb-mobile-header-display":"","site-post-title":"","ast-breadcrumbs-content":"","ast-featured-img":"","footer-sml-layout":"","ast-disable-related-posts":"","theme-transparent-header-meta":"","adv-header-id-meta":"","stick-header-meta":"","header-above-stick-meta":"","header-main-stick-meta":"","header-below-stick-meta":"","astra-migrate-meta-layouts":"default","ast-page-background-enabled":"default","ast-page-background-meta":{"desktop":{"background-color":"","background-image":"","background-repeat":"repeat","background-position":"center center","background-size":"auto","background-attachment":"scroll","background-type":"","background-media":"","overlay-type":"","overlay-color":"","overlay-opacity":"","overlay-gradient":""},"tablet":{"background-color":"","background-image":"","background-repeat":"repeat","background-position":"center center","background-size":"auto","background-attachment":"scroll","background-type":"","background-media":"","overlay-type":"","overlay-color":"","overlay-opacity":"","overlay-gradient":""},"mobile":{"background-color":"","background-image":"","background-repeat":"repeat","background-position":"center center","background-size":"auto","background-attachment":"scroll","background-type":"","background-media":"","overlay-type":"","overlay-color":"","overlay-opacity":"","overlay-gradient":""}},"ast-content-background-meta":{"desktop":{"background-color":"var(--ast-global-color-5)","background-image":"","background-repeat":"repeat","background-position":"center center","background-size":"auto","background-attachment":"scroll","background-type":"","background-media":"","overlay-type":"","overlay-color":"","overlay-opacity":"","overlay-gradient":""},"tablet":{"background-color":"var(--ast-global-color-5)","background-image":"","background-repeat":"repeat","background-position":"center center","background-size":"auto","background-attachment":"scroll","background-type":"","background-media":"","overlay-type":"","overlay-color":"","overlay-opacity":"","overlay-gradient":""},"mobile":{"background-color":"var(--ast-global-color-5)","background-image":"","background-repeat":"repeat","background-position":"center center","background-size":"auto","background-attachment":"scroll","background-type":"","background-media":"","overlay-type":"","overlay-color":"","overlay-opacity":"","overlay-gradient":""}},"_joinchat":[]},"product_brand":[],"product_cat":[42],"product_tag":[],"class_list":{"0":"post-5041","1":"product","2":"type-product","3":"status-publish","4":"has-post-thumbnail","6":"product_cat-dvd","7":"desktop-align-left","8":"tablet-align-left","9":"mobile-align-left","11":"first","12":"instock","13":"sale","14":"shipping-taxable","15":"purchasable","16":"product-type-simple"},"_links":{"self":[{"href":"https:\/\/cinemasoul.es\/index.php?rest_route=\/wp\/v2\/product\/5041","targetHints":{"allow":["GET"]}}],"collection":[{"href":"https:\/\/cinemasoul.es\/index.php?rest_route=\/wp\/v2\/product"}],"about":[{"href":"https:\/\/cinemasoul.es\/index.php?rest_route=\/wp\/v2\/types\/product"}],"replies":[{"embeddable":true,"href":"https:\/\/cinemasoul.es\/index.php?rest_route=%2Fwp%2Fv2%2Fcomments&post=5041"}],"version-history":[{"count":1,"href":"https:\/\/cinemasoul.es\/index.php?rest_route=\/wp\/v2\/product\/5041\/revisions"}],"predecessor-version":[{"id":5044,"href":"https:\/\/cinemasoul.es\/index.php?rest_route=\/wp\/v2\/product\/5041\/revisions\/5044"}],"wp:featuredmedia":[{"embeddable":true,"href":"https:\/\/cinemasoul.es\/index.php?rest_route=\/wp\/v2\/media\/5042"}],"wp:attachment":[{"href":"https:\/\/cinemasoul.es\/index.php?rest_route=%2Fwp%2Fv2%2Fmedia&parent=5041"}],"wp:term":[{"taxonomy":"product_brand","embeddable":true,"href":"https:\/\/cinemasoul.es\/index.php?rest_route=%2Fwp%2Fv2%2Fproduct_brand&post=5041"},{"taxonomy":"product_cat","embeddable":true,"href":"https:\/\/cinemasoul.es\/index.php?rest_route=%2Fwp%2Fv2%2Fproduct_cat&post=5041"},{"taxonomy":"product_tag","embeddable":true,"href":"https:\/\/cinemasoul.es\/index.php?rest_route=%2Fwp%2Fv2%2Fproduct_tag&post=5041"}],"curies":[{"name":"wp","href":"https:\/\/api.w.org\/{rel}","templated":true}]}}