{"id":4908,"date":"2022-06-09T12:30:55","date_gmt":"2022-06-09T12:30:55","guid":{"rendered":"https:\/\/www.cinemasoul.es\/?post_type=product&#038;p=4908"},"modified":"2022-06-09T12:30:56","modified_gmt":"2022-06-09T12:30:56","slug":"los-horrores-del-castillo-de-norimberga-dvd","status":"publish","type":"product","link":"https:\/\/cinemasoul.es\/?product=los-horrores-del-castillo-de-norimberga-dvd","title":{"rendered":"Los horrores del castillo de Norimberga [DVD]"},"content":{"rendered":"","protected":false},"excerpt":{"rendered":"<div id=\"tab-description\" class=\"tab-content\">\n<p><strong>T\u00cdTULO ORIGINAL<\/strong>: GLI ORRORI DEL CASTELLO DI NORIMBERGA\u00a0<strong>DIRIGIDA<\/strong> POR MARIO BAVA <strong>PRODUCIDA<\/strong> POR ALFREDO LEONE <strong>GUI\u00d3N<\/strong> E <strong>HISTORIA<\/strong> DE VINCENT FOTRE <strong>M\u00daSICA<\/strong> DE STELVIO CIPRIANI\u00a0<strong>FOTOGRAF\u00cdA<\/strong> DE MARIO BAVA <strong>REPARTO<\/strong>:\u00a0JOSEPH COTTEN ELKE SOMMER MASSIMO GIROTTI RADA RASSIMOV ANTONIO CANTAFORA UMBERTO RAHO LUCIANO PIGOZZI DIETER TRESSLER<\/p>\n<p><strong>NACIONALIDAD:<\/strong>\u00a0ITALIA \u2013 ALEMANIA\u00a0<strong>A\u00d1O:\u00a0<\/strong>1972\u00a0<strong>GENERO<\/strong>: TERROR\u00a0<strong>COLOR:\u00a0<\/strong>COLOR\u00a0<strong>IDIOMAS<\/strong>\u00a0CASTELLANO, INGL\u00c9S E ITALIANO\u00a0<strong>SUBT\u00cdTULOS<\/strong>\u00a0EN CASTELLANO, INGL\u00c9S Y PORTUGU\u00c9S\u00a0<strong>DURACI\u00d3N<\/strong>\u00a098 MIN. APROX.\u00a0<strong>FORMATO<\/strong>\u00a016\/9 1.85:1\u00a0<strong>N\u00ba DE EXPEDIENTE<\/strong>\u00a0130.268\u00a0<strong>CLASIFICACI\u00d3N<\/strong>\u00a0NO RECOMENDADA PARA MENORES DE 12 A\u00d1OS<\/p>\n<\/div>\n<div id=\"tab-description-2\" class=\"tab-content\">\n<p>Peter Kleist, un estudiante estadounidense (Antonio Cantafora) y su prometida (Elke Somme)\u00a0viajan a un antiguo castillo en Austria para conocer la historia de su antepasado, el bar\u00f3n Otto Von Kleist\u00a0(Joseph Cotten), que vivi\u00f3 en el siglo XVII, conocido como \u201cel Bar\u00f3n Sanguinario\u201d por su brutalidad y sadismo.\u00a0Inconscientemente resucitan al bar\u00f3n, tras encontrar un pergamino que contiene las instrucciones para resucitar\u00a0a los antepasados. El bar\u00f3n haci\u00e9ndose pasar por un paral\u00edtico llamado Alfred Becker vuelve a comprar su antiguo\u00a0castillo donde comienza a torturar y asesinar a gente inocente en su mazmorra.<\/p>\n<\/div>\n","protected":false},"featured_media":4909,"comment_status":"open","ping_status":"closed","template":"","meta":{"site-sidebar-layout":"default","site-content-layout":"default","ast-site-content-layout":"default","site-content-style":"default","site-sidebar-style":"default","ast-global-header-display":"","ast-banner-title-visibility":"","ast-main-header-display":"","ast-hfb-above-header-display":"","ast-hfb-below-header-display":"","ast-hfb-mobile-header-display":"","site-post-title":"","ast-breadcrumbs-content":"","ast-featured-img":"","footer-sml-layout":"","ast-disable-related-posts":"","theme-transparent-header-meta":"","adv-header-id-meta":"","stick-header-meta":"","header-above-stick-meta":"","header-main-stick-meta":"","header-below-stick-meta":"","astra-migrate-meta-layouts":"default","ast-page-background-enabled":"default","ast-page-background-meta":{"desktop":{"background-color":"","background-image":"","background-repeat":"repeat","background-position":"center center","background-size":"auto","background-attachment":"scroll","background-type":"","background-media":"","overlay-type":"","overlay-color":"","overlay-opacity":"","overlay-gradient":""},"tablet":{"background-color":"","background-image":"","background-repeat":"repeat","background-position":"center center","background-size":"auto","background-attachment":"scroll","background-type":"","background-media":"","overlay-type":"","overlay-color":"","overlay-opacity":"","overlay-gradient":""},"mobile":{"background-color":"","background-image":"","background-repeat":"repeat","background-position":"center center","background-size":"auto","background-attachment":"scroll","background-type":"","background-media":"","overlay-type":"","overlay-color":"","overlay-opacity":"","overlay-gradient":""}},"ast-content-background-meta":{"desktop":{"background-color":"var(--ast-global-color-5)","background-image":"","background-repeat":"repeat","background-position":"center center","background-size":"auto","background-attachment":"scroll","background-type":"","background-media":"","overlay-type":"","overlay-color":"","overlay-opacity":"","overlay-gradient":""},"tablet":{"background-color":"var(--ast-global-color-5)","background-image":"","background-repeat":"repeat","background-position":"center center","background-size":"auto","background-attachment":"scroll","background-type":"","background-media":"","overlay-type":"","overlay-color":"","overlay-opacity":"","overlay-gradient":""},"mobile":{"background-color":"var(--ast-global-color-5)","background-image":"","background-repeat":"repeat","background-position":"center center","background-size":"auto","background-attachment":"scroll","background-type":"","background-media":"","overlay-type":"","overlay-color":"","overlay-opacity":"","overlay-gradient":""}},"_joinchat":[]},"product_brand":[],"product_cat":[42],"product_tag":[],"class_list":{"0":"post-4908","1":"product","2":"type-product","3":"status-publish","4":"has-post-thumbnail","6":"product_cat-dvd","7":"desktop-align-left","8":"tablet-align-left","9":"mobile-align-left","11":"first","12":"instock","13":"sale","14":"shipping-taxable","15":"purchasable","16":"product-type-simple"},"_links":{"self":[{"href":"https:\/\/cinemasoul.es\/index.php?rest_route=\/wp\/v2\/product\/4908","targetHints":{"allow":["GET"]}}],"collection":[{"href":"https:\/\/cinemasoul.es\/index.php?rest_route=\/wp\/v2\/product"}],"about":[{"href":"https:\/\/cinemasoul.es\/index.php?rest_route=\/wp\/v2\/types\/product"}],"replies":[{"embeddable":true,"href":"https:\/\/cinemasoul.es\/index.php?rest_route=%2Fwp%2Fv2%2Fcomments&post=4908"}],"version-history":[{"count":1,"href":"https:\/\/cinemasoul.es\/index.php?rest_route=\/wp\/v2\/product\/4908\/revisions"}],"predecessor-version":[{"id":4910,"href":"https:\/\/cinemasoul.es\/index.php?rest_route=\/wp\/v2\/product\/4908\/revisions\/4910"}],"wp:featuredmedia":[{"embeddable":true,"href":"https:\/\/cinemasoul.es\/index.php?rest_route=\/wp\/v2\/media\/4909"}],"wp:attachment":[{"href":"https:\/\/cinemasoul.es\/index.php?rest_route=%2Fwp%2Fv2%2Fmedia&parent=4908"}],"wp:term":[{"taxonomy":"product_brand","embeddable":true,"href":"https:\/\/cinemasoul.es\/index.php?rest_route=%2Fwp%2Fv2%2Fproduct_brand&post=4908"},{"taxonomy":"product_cat","embeddable":true,"href":"https:\/\/cinemasoul.es\/index.php?rest_route=%2Fwp%2Fv2%2Fproduct_cat&post=4908"},{"taxonomy":"product_tag","embeddable":true,"href":"https:\/\/cinemasoul.es\/index.php?rest_route=%2Fwp%2Fv2%2Fproduct_tag&post=4908"}],"curies":[{"name":"wp","href":"https:\/\/api.w.org\/{rel}","templated":true}]}}