{"id":4854,"date":"2022-06-08T17:37:07","date_gmt":"2022-06-08T17:37:07","guid":{"rendered":"https:\/\/www.cinemasoul.es\/?post_type=product&#038;p=4854"},"modified":"2022-06-08T17:37:07","modified_gmt":"2022-06-08T17:37:07","slug":"f-b-i-contra-el-imperio-del-crimen-dvd","status":"publish","type":"product","link":"https:\/\/cinemasoul.es\/?product=f-b-i-contra-el-imperio-del-crimen-dvd","title":{"rendered":"F.B.I contra el Imperio del Crimen [DVD]"},"content":{"rendered":"","protected":false},"excerpt":{"rendered":"<div id=\"tab-description\" class=\"tab-content\">\n<p>WARNER BROS. PICTURES Presenta<strong>\u00a0<\/strong>\u201cF.B.I CONTRA EL IMPERIO DEL CRIMEN\u201d (<em>THE F.B.I STORY<\/em>)\u00a0<strong>PROTAGONISTAS<\/strong> JAMES STEWART VERA MILES.\u00a0CON MURRAY HAMILTON.\u00a0UNA <strong>PRODUCI\u00d3N<\/strong> DE MERVYN LE ROY.\u00a0<strong>GUI\u00d3N<\/strong> DE RICHARD L. BREEN Y JOHN TWIST.\u00a0BASADA EN EL <em>BEST-SELLER<\/em> DE DON WHITEHEAD TECHNICOLOR\u00ae.\u00a0<strong>DIRIGIDA<\/strong> POR MERVYN LEROY.\u00a0<strong>M\u00daSICA DE<\/strong> MAX STEINER.<\/p>\n<p><strong>IDIOMAS<\/strong>: CASTELLANO E INGL\u00c9S CON SUBT\u00cdTULOS EN CASTELLANO.\u00a0<strong>NACIONALIDAD<\/strong>: ESTADOS UNIDOS.\u00a0<strong>A\u00d1O<\/strong>: 1959.\u00a0<strong>G\u00c9NERO<\/strong>: CRIMEN &#8211; DRAMA.\u00a0<strong>DURACI\u00d3N<\/strong>: 143&#8242;\u00a0<strong>FORMATO<\/strong>: 4X3 1:33\u00a0<strong>COLOR\u00a0<\/strong><strong>REFERENCIA<\/strong>: 5051893026535\u00a0<strong>EAN<\/strong>: DVDY27411\u00a0<strong>DEP\u00d3SITO LEGAL<\/strong>: TF: 395 \u2013 2010\u00a0<strong>N\u00ba DE EXPEDIENTE<\/strong>:\u00a0\u00a0 116.279 <strong>CLASIFICACION<\/strong>: NO RECOMENDADA PARA MENORES DE 12 A\u00d1OS<\/p>\n<p><em>\u00a135 A\u00d1OS COMBATIENDO AL CRIMEN CON EL AGENTE JAMES STEWART!<\/em> El legendario James Stewart encarna a uno de los mejores agentes de J. Edgar Hoover, y Vera Miles a la fiel esposa del primero, en este sentido homenaje al F.B.I. (Departamento Federal de Investigaci\u00f3n Criminal). Stewart da vida al agente Chip Hardesty, cuya historia abarca desde 1924 hasta finales de la d\u00e9cada de 1950. Por el camino se ve mezclado en todo: desde el Ku Klux Klan hasta el asesino Graham, perpetrador de una matanza. Pero sus m\u00e1s arduas misiones transcurren en la d\u00e9cada de 1930, cuando enca\u00f1ona a \u201cCara de Ni\u00f1o\u201d Nelson, Boyd Floyd \u201cEl Guapo\u201d, \u201cAmetralladora\u201d Kelly, \u201cMa\u201d Barker y John Dillinger. Basada en el <em>best-seller<\/em> de Don Whitehead, ganador del Premio Pulitzer en dos ocasiones y dirigida por el veterano Mervyn Leroy a qui\u00e9n se deben muchos \u00e9xitos de Hollywood<em>,<\/em> <em>F.B.I contra el imperio del crimen<\/em> es una entrada para conocer, con el tableteo de las ametralladoras como ruido de fondo, las interioridades de la organizaci\u00f3n.<\/p>\n<\/div>\n","protected":false},"featured_media":4855,"comment_status":"open","ping_status":"closed","template":"","meta":{"site-sidebar-layout":"default","site-content-layout":"default","ast-site-content-layout":"default","site-content-style":"default","site-sidebar-style":"default","ast-global-header-display":"","ast-banner-title-visibility":"","ast-main-header-display":"","ast-hfb-above-header-display":"","ast-hfb-below-header-display":"","ast-hfb-mobile-header-display":"","site-post-title":"","ast-breadcrumbs-content":"","ast-featured-img":"","footer-sml-layout":"","ast-disable-related-posts":"","theme-transparent-header-meta":"","adv-header-id-meta":"","stick-header-meta":"","header-above-stick-meta":"","header-main-stick-meta":"","header-below-stick-meta":"","astra-migrate-meta-layouts":"default","ast-page-background-enabled":"default","ast-page-background-meta":{"desktop":{"background-color":"","background-image":"","background-repeat":"repeat","background-position":"center center","background-size":"auto","background-attachment":"scroll","background-type":"","background-media":"","overlay-type":"","overlay-color":"","overlay-opacity":"","overlay-gradient":""},"tablet":{"background-color":"","background-image":"","background-repeat":"repeat","background-position":"center center","background-size":"auto","background-attachment":"scroll","background-type":"","background-media":"","overlay-type":"","overlay-color":"","overlay-opacity":"","overlay-gradient":""},"mobile":{"background-color":"","background-image":"","background-repeat":"repeat","background-position":"center center","background-size":"auto","background-attachment":"scroll","background-type":"","background-media":"","overlay-type":"","overlay-color":"","overlay-opacity":"","overlay-gradient":""}},"ast-content-background-meta":{"desktop":{"background-color":"var(--ast-global-color-5)","background-image":"","background-repeat":"repeat","background-position":"center center","background-size":"auto","background-attachment":"scroll","background-type":"","background-media":"","overlay-type":"","overlay-color":"","overlay-opacity":"","overlay-gradient":""},"tablet":{"background-color":"var(--ast-global-color-5)","background-image":"","background-repeat":"repeat","background-position":"center center","background-size":"auto","background-attachment":"scroll","background-type":"","background-media":"","overlay-type":"","overlay-color":"","overlay-opacity":"","overlay-gradient":""},"mobile":{"background-color":"var(--ast-global-color-5)","background-image":"","background-repeat":"repeat","background-position":"center center","background-size":"auto","background-attachment":"scroll","background-type":"","background-media":"","overlay-type":"","overlay-color":"","overlay-opacity":"","overlay-gradient":""}},"_joinchat":[]},"product_brand":[],"product_cat":[42],"product_tag":[],"class_list":{"0":"post-4854","1":"product","2":"type-product","3":"status-publish","4":"has-post-thumbnail","6":"product_cat-dvd","7":"desktop-align-left","8":"tablet-align-left","9":"mobile-align-left","11":"first","12":"instock","13":"shipping-taxable","14":"purchasable","15":"product-type-simple"},"_links":{"self":[{"href":"https:\/\/cinemasoul.es\/index.php?rest_route=\/wp\/v2\/product\/4854","targetHints":{"allow":["GET"]}}],"collection":[{"href":"https:\/\/cinemasoul.es\/index.php?rest_route=\/wp\/v2\/product"}],"about":[{"href":"https:\/\/cinemasoul.es\/index.php?rest_route=\/wp\/v2\/types\/product"}],"replies":[{"embeddable":true,"href":"https:\/\/cinemasoul.es\/index.php?rest_route=%2Fwp%2Fv2%2Fcomments&post=4854"}],"version-history":[{"count":1,"href":"https:\/\/cinemasoul.es\/index.php?rest_route=\/wp\/v2\/product\/4854\/revisions"}],"predecessor-version":[{"id":4857,"href":"https:\/\/cinemasoul.es\/index.php?rest_route=\/wp\/v2\/product\/4854\/revisions\/4857"}],"wp:featuredmedia":[{"embeddable":true,"href":"https:\/\/cinemasoul.es\/index.php?rest_route=\/wp\/v2\/media\/4855"}],"wp:attachment":[{"href":"https:\/\/cinemasoul.es\/index.php?rest_route=%2Fwp%2Fv2%2Fmedia&parent=4854"}],"wp:term":[{"taxonomy":"product_brand","embeddable":true,"href":"https:\/\/cinemasoul.es\/index.php?rest_route=%2Fwp%2Fv2%2Fproduct_brand&post=4854"},{"taxonomy":"product_cat","embeddable":true,"href":"https:\/\/cinemasoul.es\/index.php?rest_route=%2Fwp%2Fv2%2Fproduct_cat&post=4854"},{"taxonomy":"product_tag","embeddable":true,"href":"https:\/\/cinemasoul.es\/index.php?rest_route=%2Fwp%2Fv2%2Fproduct_tag&post=4854"}],"curies":[{"name":"wp","href":"https:\/\/api.w.org\/{rel}","templated":true}]}}