{"id":4816,"date":"2022-06-08T12:46:56","date_gmt":"2022-06-08T12:46:56","guid":{"rendered":"https:\/\/www.cinemasoul.es\/?post_type=product&#038;p=4816"},"modified":"2022-06-08T12:46:56","modified_gmt":"2022-06-08T12:46:56","slug":"el-rapto-de-bunny-lake-dvd","status":"publish","type":"product","link":"https:\/\/cinemasoul.es\/?product=el-rapto-de-bunny-lake-dvd","title":{"rendered":"El rapto de Bunny Lake [DVD]"},"content":{"rendered":"","protected":false},"excerpt":{"rendered":"<div id=\"tab-description\" class=\"tab-content\">\n<p><em>COLUMBIA PICTURES<\/em> presenta\u00a0\u201cEL RAPTO DE BUNNY LAKE\u201d (<em>BUNNY LAKE IS MISSING<\/em>).\u00a0UNA <strong>PEL\u00cdCULA<\/strong> DE\u00a0OTTO PREMINGER.\u00a0<strong>PROTAGONIZADA<\/strong> POR\u00a0LAURENCE OLIVIER, CAROL LYNLEY, KEIR DULLEA, MARTITA HUNT, THE ZOMBIES\u00a0Y\u00a0NOEL COWARD\u00a0COMO\u00a0WILSON.\u00a0<strong>GUI\u00d3N<\/strong> DE\u00a0JOHN\u00a0Y\u00a0PENELOPE MORTIMER.\u00a0BASADO EN LA <strong>NOVELA<\/strong> DE\u00a0EVELYN PIPER.\u00a0<strong>M\u00daSICA<\/strong> DE\u00a0PAUL GLASS.\u00a0<strong>PRODUCIDA<\/strong> Y <strong>DIRIGIDA POR<\/strong>\u00a0OTTO PREMINGER. \u00a0UNA <strong>PUBLICACI\u00d3N<\/strong> DE\u00a0COLUMBIA<\/p>\n<p><strong>A\u00d1O<\/strong>: 1965\u00a0<strong>G\u00c9NERO<\/strong>: MISTERIO\u00a0<strong>NACIONALIDAD<\/strong>: REINO UNIDO\u00a0<strong>COLOR<\/strong>: BLANCO Y NEGRO\u00a0<strong>DURACI\u00d3N<\/strong>: 102 MIN. APROX.\u00a0<strong>IDIOMAS<\/strong>: CASTELLANO E INGL\u00c9S CON SUBT\u00cdTULOS EN CASTELLANO\u00a0<strong>FORMATO DE PANTALLA<\/strong>: 16&#215;9 2.35:1\u00a0CERTIFICADO DE CLASIFICACI\u00d3N <strong>ICAA N\u00ba<\/strong>:126.143\u00a0<strong>CLASIFICACI\u00d3N<\/strong>: NO RECOMENDADA PARA MENORES DE 12 A\u00d1OS.\u00a0<strong>DEP\u00d3SITO LEGAL<\/strong>: TF 1010-2012.<\/p>\n<p>Reci\u00e9n instalada en Londres, Ann Lake (Carol Lynley) \u00a0lleva a la escuela a su hija Bunny el primer d\u00eda de clase; pero, cuando vuelve a recogerla, no hay rastro de la ni\u00f1a por ninguna parte. La madre denuncia la desaparici\u00f3n a la polic\u00eda, pero las investigaciones de los agentes no conducen a ninguna parte, es como si se la hubiera tragado la tierra. Poco a poco, en comisar\u00eda empiezan a preguntarse si no se tratar\u00e1 de una fantas\u00eda de Ann.<\/p>\n<\/div>\n","protected":false},"featured_media":4817,"comment_status":"open","ping_status":"closed","template":"","meta":{"site-sidebar-layout":"default","site-content-layout":"default","ast-site-content-layout":"default","site-content-style":"default","site-sidebar-style":"default","ast-global-header-display":"","ast-banner-title-visibility":"","ast-main-header-display":"","ast-hfb-above-header-display":"","ast-hfb-below-header-display":"","ast-hfb-mobile-header-display":"","site-post-title":"","ast-breadcrumbs-content":"","ast-featured-img":"","footer-sml-layout":"","ast-disable-related-posts":"","theme-transparent-header-meta":"","adv-header-id-meta":"","stick-header-meta":"","header-above-stick-meta":"","header-main-stick-meta":"","header-below-stick-meta":"","astra-migrate-meta-layouts":"default","ast-page-background-enabled":"default","ast-page-background-meta":{"desktop":{"background-color":"","background-image":"","background-repeat":"repeat","background-position":"center center","background-size":"auto","background-attachment":"scroll","background-type":"","background-media":"","overlay-type":"","overlay-color":"","overlay-opacity":"","overlay-gradient":""},"tablet":{"background-color":"","background-image":"","background-repeat":"repeat","background-position":"center center","background-size":"auto","background-attachment":"scroll","background-type":"","background-media":"","overlay-type":"","overlay-color":"","overlay-opacity":"","overlay-gradient":""},"mobile":{"background-color":"","background-image":"","background-repeat":"repeat","background-position":"center center","background-size":"auto","background-attachment":"scroll","background-type":"","background-media":"","overlay-type":"","overlay-color":"","overlay-opacity":"","overlay-gradient":""}},"ast-content-background-meta":{"desktop":{"background-color":"var(--ast-global-color-5)","background-image":"","background-repeat":"repeat","background-position":"center center","background-size":"auto","background-attachment":"scroll","background-type":"","background-media":"","overlay-type":"","overlay-color":"","overlay-opacity":"","overlay-gradient":""},"tablet":{"background-color":"var(--ast-global-color-5)","background-image":"","background-repeat":"repeat","background-position":"center center","background-size":"auto","background-attachment":"scroll","background-type":"","background-media":"","overlay-type":"","overlay-color":"","overlay-opacity":"","overlay-gradient":""},"mobile":{"background-color":"var(--ast-global-color-5)","background-image":"","background-repeat":"repeat","background-position":"center center","background-size":"auto","background-attachment":"scroll","background-type":"","background-media":"","overlay-type":"","overlay-color":"","overlay-opacity":"","overlay-gradient":""}},"_joinchat":[]},"product_brand":[],"product_cat":[42],"product_tag":[],"class_list":{"0":"post-4816","1":"product","2":"type-product","3":"status-publish","4":"has-post-thumbnail","6":"product_cat-dvd","7":"desktop-align-left","8":"tablet-align-left","9":"mobile-align-left","11":"first","12":"instock","13":"sale","14":"shipping-taxable","15":"purchasable","16":"product-type-simple"},"_links":{"self":[{"href":"https:\/\/cinemasoul.es\/index.php?rest_route=\/wp\/v2\/product\/4816","targetHints":{"allow":["GET"]}}],"collection":[{"href":"https:\/\/cinemasoul.es\/index.php?rest_route=\/wp\/v2\/product"}],"about":[{"href":"https:\/\/cinemasoul.es\/index.php?rest_route=\/wp\/v2\/types\/product"}],"replies":[{"embeddable":true,"href":"https:\/\/cinemasoul.es\/index.php?rest_route=%2Fwp%2Fv2%2Fcomments&post=4816"}],"version-history":[{"count":1,"href":"https:\/\/cinemasoul.es\/index.php?rest_route=\/wp\/v2\/product\/4816\/revisions"}],"predecessor-version":[{"id":4819,"href":"https:\/\/cinemasoul.es\/index.php?rest_route=\/wp\/v2\/product\/4816\/revisions\/4819"}],"wp:featuredmedia":[{"embeddable":true,"href":"https:\/\/cinemasoul.es\/index.php?rest_route=\/wp\/v2\/media\/4817"}],"wp:attachment":[{"href":"https:\/\/cinemasoul.es\/index.php?rest_route=%2Fwp%2Fv2%2Fmedia&parent=4816"}],"wp:term":[{"taxonomy":"product_brand","embeddable":true,"href":"https:\/\/cinemasoul.es\/index.php?rest_route=%2Fwp%2Fv2%2Fproduct_brand&post=4816"},{"taxonomy":"product_cat","embeddable":true,"href":"https:\/\/cinemasoul.es\/index.php?rest_route=%2Fwp%2Fv2%2Fproduct_cat&post=4816"},{"taxonomy":"product_tag","embeddable":true,"href":"https:\/\/cinemasoul.es\/index.php?rest_route=%2Fwp%2Fv2%2Fproduct_tag&post=4816"}],"curies":[{"name":"wp","href":"https:\/\/api.w.org\/{rel}","templated":true}]}}