{"id":4764,"date":"2022-04-20T18:05:34","date_gmt":"2022-04-20T18:05:34","guid":{"rendered":"https:\/\/www.cinemasoul.es\/?post_type=product&#038;p=4764"},"modified":"2022-04-20T18:10:38","modified_gmt":"2022-04-20T18:10:38","slug":"erase-una-vez-en-hollywood-1-y-2-dvd","status":"publish","type":"product","link":"https:\/\/cinemasoul.es\/?product=erase-una-vez-en-hollywood-1-y-2-dvd","title":{"rendered":"\u00c9rase una vez en Hollywood 1 y 2 [DVD]"},"content":{"rendered":"","protected":false},"excerpt":{"rendered":"<p><strong>T\u00cdTULO ORIGINAL<\/strong>: THAT\u2019S ENTERTAINMENT!\u00a0<strong>GUI\u00d3N, PRODUCCI\u00d3N<\/strong> Y <strong>DIRIGIDA<\/strong> POR\u00a0JACK HALEY, JR. <strong>PRODUCTOR EJECUTIVO<\/strong>\u00a0DANIEL MELNICK\u00a0<strong>M\u00daSICA<\/strong> ADICIONAL ADAPTADA POR\u00a0HENRY MANCINI\u00a0<strong>NARRADA<\/strong> POR\u00a0FRED ASTAIRE, BING CROSBY, GENE KELLY, PETER LAWFORD, LIZA MINNELLI, DONALD O\u2019CONNOR, DEBBIE REYNOLDS, MICKEY ROONEY, FRANK SINATRA, JAMES STEWART, ELIZABETH TAYLOR.\u00a0METROCOLOR\u00ae<\/p>\n<p><strong>IDIOMAS<\/strong>: CASTELLANO E INGL\u00c9S CON SUBT\u00cdTULOS EN CASTELLANO\u00a0<strong>NACIONALIDAD<\/strong>: ESTADOS UNIDOS\u00a0<strong>A\u00d1O<\/strong>: 1974\u00a0<strong>G\u00c9NERO<\/strong>: DOCUMENTAL, MUSICAL\u00a0<strong>DURACI\u00d3N<\/strong>: 124&#8242; MIN. APROX.\u00a0<strong>FORMATO<\/strong>\u00a04&#215;3 1.33.1\u00a0<strong>COLOR:\u00a0<\/strong>COLOR <strong>DEP\u00d3SITO LEGAL<\/strong>: TF: 1.372 &#8211; 2010\u00a0<strong>N\u00ba DE EXPEDIENTE<\/strong>: 118.300\u00a0<strong>CLASIFICACI\u00d3N<\/strong>: APTA PARA TODOS LOS P\u00daBLICOS<\/p>\n<p><strong><em>\u201c<\/em><\/strong><em>Sin duda el mayor entretenimiento musical jam\u00e1s realizado<strong>\u201d<\/strong><\/em>\u00a0<em>&#8211;<\/em>\u00a0<em>Joyce Haber. LOS ANGELES TIMES\u00a0<\/em><\/p>\n<p>El cine, la magia, los recuerdos\u2026 Los momentos excepcionales, las m\u00e1s grandes estrellas: Revivir la incomparable edad de oro de los musicales de MGM que brillar\u00e1 para siempre en una producci\u00f3n que hizo las delicias tanto de la cr\u00edtica como del p\u00fablico. Este inesperado \u00e9xito de taquilla sigue siendo, hasta la fecha, la mejor pel\u00edcula recopilatoria jam\u00e1s realizada. El lema del estudio rezaba \u201cm\u00e1s estrellas que en el cielo\u201d y 125 de ellas iluminan esta gran fiesta en las escenas de casi 100 pel\u00edculas. Judy, \u201cOjos azules\u201d Sinatra (\u00a1e incluso James Stewart!) cantan, mientras que Astaire, Kelly (\u00a1y Gable!) bailan. De\u00a0<em>Levando anclas<\/em>\u00a0(<em>Anchors aweigh<\/em>) a\u00a0<em>Ziegfeld Follies<\/em>, con abundancia de brillantes n\u00fameros musicales, este cari\u00f1oso homenaje del director Jack Haley, Jr. est\u00e1 a la altura de su ambicioso t\u00edtulo. Si tuviera que elegir una pel\u00edcula musical para llevarse a una isla desierta, no dudar\u00eda en que fuera \u00e9sta.<\/p>\n<p><em>HOLLYWOOD, HOLLYWOOD, \u00c9RASE UNA VEZ EN HOLLYWOOD, II <\/em><strong>T\u00cdTULO ORIGINAL<\/strong>: <em>THAT&#8217;S ENTERTAINMENT PART II\u00a0<\/em><strong>GUI\u00d3N<\/strong> DE LEONARD GERSHE <strong>M\u00daSICA<\/strong> ADICIONAL Y CONDUCIDA POR NELSON RIDDLE\u00a0NUEVAS SECUENCIAS <strong>DIRIGIDAS<\/strong> POR GENE KELLY <strong>PRODUCIDA<\/strong> POR SAUL CHAPLIN Y DANIEL MELNICK\u00a0<strong>REPARTO<\/strong>: FRED ASTAIRE, GENE KELLY, JUDY GARLAND, MICKEY ROONEY, BING CROSBY, ROBERT TAYLOR, CLARK GABLE, GREER GARSON, LESLIE CARON<\/p>\n<p><strong>A\u00d1O<\/strong>: 1976 <strong>G\u00c9NERO<\/strong>: MUSICAL\u00a0<strong>NACIONALIDAD<\/strong>: ESTADOS UNIDOS\u00a0<strong>COLOR<\/strong>: BLANCO Y NEGRO Y COLOR (SEG\u00daN SECUENCIAS)\u00a0<strong>CERTIFICADO DE CLASIFICACI\u00d3N ICAA<\/strong> <strong>N<\/strong>\u00ba: 127.151\u00a0<strong>CLASIFICACI\u00d3N<\/strong>: APTA PARA TODOS LOS P\u00daBLICOS\u00a0<strong>DURACI\u00d3N<\/strong>: 125 MIN. APROX.\u00a0<strong>IDIOMAS<\/strong>: INGL\u00c9S CON SUBT\u00cdTULOS EN CASTELLANO <strong>FORMATO<\/strong>: 16\/9 1.85:1<\/p>\n<p><em>\u00abUn espect\u00e1culo brillante de m\u00fasica y emoci\u00f3n\u00bb-<\/em> Rex Reed.<\/p>\n<p>Las leyendas de Hollywood Gene Kelly y Fred Astaire brillan en esta secuela de <em>HOLYWOOD, HOLYWOOD, \u00c9RASE UNA VEZ EN HOLLYWOOD, II<\/em> dirigida por el propio Kelly y que ofrece muchos de los momentos m\u00e1s grandiosos de la Era Dorada de la MGM.\u00a0 M\u00edticas figuras como Jimmy Durante, Judy Garland, los Hermanos Marx, Clark Gable o Spencer Tracy protagonizan esas secuencias memorables que nos har\u00e1n viajar a las maravillosas pel\u00edculas musicales que permanecen en el recuerdo de todos los amantes del gran cine.<\/p>\n","protected":false},"featured_media":4765,"comment_status":"open","ping_status":"closed","template":"","meta":{"site-sidebar-layout":"default","site-content-layout":"default","ast-site-content-layout":"default","site-content-style":"default","site-sidebar-style":"default","ast-global-header-display":"","ast-banner-title-visibility":"","ast-main-header-display":"","ast-hfb-above-header-display":"","ast-hfb-below-header-display":"","ast-hfb-mobile-header-display":"","site-post-title":"","ast-breadcrumbs-content":"","ast-featured-img":"","footer-sml-layout":"","ast-disable-related-posts":"","theme-transparent-header-meta":"","adv-header-id-meta":"","stick-header-meta":"","header-above-stick-meta":"","header-main-stick-meta":"","header-below-stick-meta":"","astra-migrate-meta-layouts":"default","ast-page-background-enabled":"default","ast-page-background-meta":{"desktop":{"background-color":"","background-image":"","background-repeat":"repeat","background-position":"center center","background-size":"auto","background-attachment":"scroll","background-type":"","background-media":"","overlay-type":"","overlay-color":"","overlay-opacity":"","overlay-gradient":""},"tablet":{"background-color":"","background-image":"","background-repeat":"repeat","background-position":"center center","background-size":"auto","background-attachment":"scroll","background-type":"","background-media":"","overlay-type":"","overlay-color":"","overlay-opacity":"","overlay-gradient":""},"mobile":{"background-color":"","background-image":"","background-repeat":"repeat","background-position":"center center","background-size":"auto","background-attachment":"scroll","background-type":"","background-media":"","overlay-type":"","overlay-color":"","overlay-opacity":"","overlay-gradient":""}},"ast-content-background-meta":{"desktop":{"background-color":"var(--ast-global-color-5)","background-image":"","background-repeat":"repeat","background-position":"center center","background-size":"auto","background-attachment":"scroll","background-type":"","background-media":"","overlay-type":"","overlay-color":"","overlay-opacity":"","overlay-gradient":""},"tablet":{"background-color":"var(--ast-global-color-5)","background-image":"","background-repeat":"repeat","background-position":"center center","background-size":"auto","background-attachment":"scroll","background-type":"","background-media":"","overlay-type":"","overlay-color":"","overlay-opacity":"","overlay-gradient":""},"mobile":{"background-color":"var(--ast-global-color-5)","background-image":"","background-repeat":"repeat","background-position":"center center","background-size":"auto","background-attachment":"scroll","background-type":"","background-media":"","overlay-type":"","overlay-color":"","overlay-opacity":"","overlay-gradient":""}},"_joinchat":[]},"product_brand":[],"product_cat":[42],"product_tag":[],"class_list":{"0":"post-4764","1":"product","2":"type-product","3":"status-publish","4":"has-post-thumbnail","6":"product_cat-dvd","7":"desktop-align-left","8":"tablet-align-left","9":"mobile-align-left","11":"first","12":"instock","13":"sale","14":"shipping-taxable","15":"purchasable","16":"product-type-simple"},"_links":{"self":[{"href":"https:\/\/cinemasoul.es\/index.php?rest_route=\/wp\/v2\/product\/4764","targetHints":{"allow":["GET"]}}],"collection":[{"href":"https:\/\/cinemasoul.es\/index.php?rest_route=\/wp\/v2\/product"}],"about":[{"href":"https:\/\/cinemasoul.es\/index.php?rest_route=\/wp\/v2\/types\/product"}],"replies":[{"embeddable":true,"href":"https:\/\/cinemasoul.es\/index.php?rest_route=%2Fwp%2Fv2%2Fcomments&post=4764"}],"version-history":[{"count":3,"href":"https:\/\/cinemasoul.es\/index.php?rest_route=\/wp\/v2\/product\/4764\/revisions"}],"predecessor-version":[{"id":4769,"href":"https:\/\/cinemasoul.es\/index.php?rest_route=\/wp\/v2\/product\/4764\/revisions\/4769"}],"wp:featuredmedia":[{"embeddable":true,"href":"https:\/\/cinemasoul.es\/index.php?rest_route=\/wp\/v2\/media\/4765"}],"wp:attachment":[{"href":"https:\/\/cinemasoul.es\/index.php?rest_route=%2Fwp%2Fv2%2Fmedia&parent=4764"}],"wp:term":[{"taxonomy":"product_brand","embeddable":true,"href":"https:\/\/cinemasoul.es\/index.php?rest_route=%2Fwp%2Fv2%2Fproduct_brand&post=4764"},{"taxonomy":"product_cat","embeddable":true,"href":"https:\/\/cinemasoul.es\/index.php?rest_route=%2Fwp%2Fv2%2Fproduct_cat&post=4764"},{"taxonomy":"product_tag","embeddable":true,"href":"https:\/\/cinemasoul.es\/index.php?rest_route=%2Fwp%2Fv2%2Fproduct_tag&post=4764"}],"curies":[{"name":"wp","href":"https:\/\/api.w.org\/{rel}","templated":true}]}}