{"id":4545,"date":"2022-04-06T10:49:59","date_gmt":"2022-04-06T10:49:59","guid":{"rendered":"https:\/\/www.cinemasoul.es\/?post_type=product&#038;p=4545"},"modified":"2022-04-06T10:51:58","modified_gmt":"2022-04-06T10:51:58","slug":"los-delincuentes-bd","status":"publish","type":"product","link":"https:\/\/cinemasoul.es\/?product=los-delincuentes-bd","title":{"rendered":"Los delincuentes [Bd]"},"content":{"rendered":"","protected":false},"excerpt":{"rendered":"<p><strong>T\u00cdTULO ORIGINAL<\/strong>: THE DELINQUENTS\u00a0<strong>A\u00d1O<\/strong>: 1957\u00a0<strong>G\u00c9NERO<\/strong>: DRAMA, CRIMEN\u00a0<strong>NACIONALIDAD<\/strong>: ESTADOS UNIDOS\u00a0<strong>COLOR<\/strong>: BLANCO Y NEGRO\u00a0<strong>IDIOMAS<\/strong>: CASTELLANO e INGL\u00c9S\u00a0<strong>FORMATO DE PANTALLA<\/strong>: 16\/9 [1.66:1]\u00a0<strong>AUDIO<\/strong>: DOLBY DIGITAL\u00a0<strong>ICAA N\u00ba<\/strong>: 226.450\u00a0<strong>DURACI\u00d3N<\/strong>: 68 MIN. APROX\u00a0TODAS LAS ZONAS 1-6\u00a0NO RECOMENDADA PARA MENORES DE 12 A\u00d1OS.<\/p>\n<p><strong>DIRIGIDA y PRODUCIDA<\/strong>: ROBERT ALTMAN\u00a0<strong>GUI\u00d3N<\/strong>: ROBERT ALTMAN\u00a0<strong>FOTOGRAF\u00cdA<\/strong>: CHARLES PADDOCK\u00a0<strong>M\u00daSICA<\/strong>: GENE GARF\u00a0<strong>REPARTO<\/strong>: TOM LAUGHLIN, PETER MILLER, RICHARD BAKALYAN, ROSEMARY HOWARD, HELEN HAWLEY, LEONARD BELOVE, LOTUS CORELLI, JAMES LANTZ, CHRISTINE ALTMAN, GEORGE KUHN, PAT STEDMAN, NORMAN ZANDS, JAMES LERIA, JET PINKSTON, KERMIT ECHOLS.<\/p>\n<p>En el suburbio de Kansas City, Scotty White, de 18 a\u00f1os, y Janice Wilson, de 16 a\u00f1os, est\u00e1n muy enamorados, pero sus padres se interponen entre ellos y les proh\u00edben que se vean m\u00e1s.\u00a0Deprimido, Scotty se une a una banda de j\u00f3venes delincuentes callejeros.<\/p>\n","protected":false},"featured_media":4546,"comment_status":"open","ping_status":"closed","template":"","meta":{"site-sidebar-layout":"default","site-content-layout":"default","ast-site-content-layout":"default","site-content-style":"default","site-sidebar-style":"default","ast-global-header-display":"","ast-banner-title-visibility":"","ast-main-header-display":"","ast-hfb-above-header-display":"","ast-hfb-below-header-display":"","ast-hfb-mobile-header-display":"","site-post-title":"","ast-breadcrumbs-content":"","ast-featured-img":"","footer-sml-layout":"","ast-disable-related-posts":"","theme-transparent-header-meta":"","adv-header-id-meta":"","stick-header-meta":"","header-above-stick-meta":"","header-main-stick-meta":"","header-below-stick-meta":"","astra-migrate-meta-layouts":"default","ast-page-background-enabled":"default","ast-page-background-meta":{"desktop":{"background-color":"","background-image":"","background-repeat":"repeat","background-position":"center center","background-size":"auto","background-attachment":"scroll","background-type":"","background-media":"","overlay-type":"","overlay-color":"","overlay-opacity":"","overlay-gradient":""},"tablet":{"background-color":"","background-image":"","background-repeat":"repeat","background-position":"center center","background-size":"auto","background-attachment":"scroll","background-type":"","background-media":"","overlay-type":"","overlay-color":"","overlay-opacity":"","overlay-gradient":""},"mobile":{"background-color":"","background-image":"","background-repeat":"repeat","background-position":"center center","background-size":"auto","background-attachment":"scroll","background-type":"","background-media":"","overlay-type":"","overlay-color":"","overlay-opacity":"","overlay-gradient":""}},"ast-content-background-meta":{"desktop":{"background-color":"var(--ast-global-color-5)","background-image":"","background-repeat":"repeat","background-position":"center center","background-size":"auto","background-attachment":"scroll","background-type":"","background-media":"","overlay-type":"","overlay-color":"","overlay-opacity":"","overlay-gradient":""},"tablet":{"background-color":"var(--ast-global-color-5)","background-image":"","background-repeat":"repeat","background-position":"center center","background-size":"auto","background-attachment":"scroll","background-type":"","background-media":"","overlay-type":"","overlay-color":"","overlay-opacity":"","overlay-gradient":""},"mobile":{"background-color":"var(--ast-global-color-5)","background-image":"","background-repeat":"repeat","background-position":"center center","background-size":"auto","background-attachment":"scroll","background-type":"","background-media":"","overlay-type":"","overlay-color":"","overlay-opacity":"","overlay-gradient":""}},"_joinchat":[]},"product_brand":[],"product_cat":[43],"product_tag":[],"class_list":{"0":"post-4545","1":"product","2":"type-product","3":"status-publish","4":"has-post-thumbnail","6":"product_cat-bluray","7":"desktop-align-left","8":"tablet-align-left","9":"mobile-align-left","11":"first","12":"instock","13":"sale","14":"shipping-taxable","15":"purchasable","16":"product-type-simple"},"_links":{"self":[{"href":"https:\/\/cinemasoul.es\/index.php?rest_route=\/wp\/v2\/product\/4545","targetHints":{"allow":["GET"]}}],"collection":[{"href":"https:\/\/cinemasoul.es\/index.php?rest_route=\/wp\/v2\/product"}],"about":[{"href":"https:\/\/cinemasoul.es\/index.php?rest_route=\/wp\/v2\/types\/product"}],"replies":[{"embeddable":true,"href":"https:\/\/cinemasoul.es\/index.php?rest_route=%2Fwp%2Fv2%2Fcomments&post=4545"}],"version-history":[{"count":1,"href":"https:\/\/cinemasoul.es\/index.php?rest_route=\/wp\/v2\/product\/4545\/revisions"}],"predecessor-version":[{"id":4548,"href":"https:\/\/cinemasoul.es\/index.php?rest_route=\/wp\/v2\/product\/4545\/revisions\/4548"}],"wp:featuredmedia":[{"embeddable":true,"href":"https:\/\/cinemasoul.es\/index.php?rest_route=\/wp\/v2\/media\/4546"}],"wp:attachment":[{"href":"https:\/\/cinemasoul.es\/index.php?rest_route=%2Fwp%2Fv2%2Fmedia&parent=4545"}],"wp:term":[{"taxonomy":"product_brand","embeddable":true,"href":"https:\/\/cinemasoul.es\/index.php?rest_route=%2Fwp%2Fv2%2Fproduct_brand&post=4545"},{"taxonomy":"product_cat","embeddable":true,"href":"https:\/\/cinemasoul.es\/index.php?rest_route=%2Fwp%2Fv2%2Fproduct_cat&post=4545"},{"taxonomy":"product_tag","embeddable":true,"href":"https:\/\/cinemasoul.es\/index.php?rest_route=%2Fwp%2Fv2%2Fproduct_tag&post=4545"}],"curies":[{"name":"wp","href":"https:\/\/api.w.org\/{rel}","templated":true}]}}