{"id":4503,"date":"2022-04-05T17:09:19","date_gmt":"2022-04-05T17:09:19","guid":{"rendered":"https:\/\/www.cinemasoul.es\/?post_type=product&#038;p=4503"},"modified":"2022-04-05T17:11:05","modified_gmt":"2022-04-05T17:11:05","slug":"operacion-miedo-dvd","status":"publish","type":"product","link":"https:\/\/cinemasoul.es\/?product=operacion-miedo-dvd","title":{"rendered":"Operaci\u00f3n miedo [DVD]"},"content":{"rendered":"","protected":false},"excerpt":{"rendered":"<p><strong>TITULO ORIGINAL<\/strong>: OPERAZIONE PAURA\u00a0<strong>DIRIGIDA<\/strong> POR\u00a0MARIO BAVA\u00a0<strong>PRODUCIDA<\/strong> POR\u00a0LUCIANO CATENACCI, NANDO PISANI\u00a0<strong>GUI\u00d3N<\/strong> DE\u00a0ROMANO MIGLIORINI, ROBERTO NATALE, MARIO BAVA\u00a0<strong>FOTOGRAFIA<\/strong> DE\u00a0ANTONIO RINALDI, MARIO BAVA\u00a0<strong>MUSICA<\/strong> DE\u00a0CARLO RUSTICHELLI\u00a0<strong>REPARTO<\/strong>: GIACOMO ROSSI STUART, ERIKA BLANC, MAX LAWRENCE, FABIENNE DALI, PIERO LULLI, GIOVANNA GALLETTI, GIUSEPPE ADDOBBATI, FRANCA DOMINICI, MICAELA ESDRA. <strong>AUDIO<\/strong>: DOLBY DIGITAL 2.0<\/p>\n<p><strong>A\u00d1O<\/strong>: 1966\u00a0<strong>G\u00c9NERO<\/strong>: TERROR\u00a0<strong>NACIONALIDAD<\/strong>: ITALIA\u00a0<strong>COLOR<\/strong>: COLOR <strong>DURACI\u00d3N<\/strong>: 80 MIN. APROX.\u00a0<strong>IDIOMAS<\/strong>: ITALIANO, INGL\u00c9S\u00a0<strong>SUBTITULOS<\/strong>: CASTELLANO\u00a0<strong>FORMATO DE PANTALLA<\/strong>: 16\/9 (1.85:1) PARA AMBITO DOM\u00c9STICO.\u00a0<strong>ICCA<\/strong>: 170.317.\u00a0NO RECOMENDADA PARA MENORES DE 18 A\u00d1OS.<\/p>\n<p>Un joven doctor Dr. Paul Eswey llega a un misterioso pueblo a investigar con la polic\u00eda la muerte de una chica en circunstancias misteriosas, pero a su llegada es recibido hostilmente por los lugare\u00f1os, quienes inmediatamente demuestran ocultar algo.\u00a0Al poco descubrir\u00e1 que todos est\u00e1n dominados por el miedo y por la superstici\u00f3n cuando sale a relucir el tema de una maldici\u00f3n producida por el fantasma de la peque\u00f1a Melissa Graps, que muri\u00f3 a\u00f1os antes en circunstancias dram\u00e1ticas. El m\u00e9dico, totalmente esc\u00e9ptico acerca de estas supersticiones, comienza indagar sobre otras muertes similares e inexplicables a la de la ni\u00f1a que han sucedido y siguen ocurriendo.<\/p>\n","protected":false},"featured_media":4504,"comment_status":"open","ping_status":"closed","template":"","meta":{"site-sidebar-layout":"default","site-content-layout":"default","ast-site-content-layout":"default","site-content-style":"default","site-sidebar-style":"default","ast-global-header-display":"","ast-banner-title-visibility":"","ast-main-header-display":"","ast-hfb-above-header-display":"","ast-hfb-below-header-display":"","ast-hfb-mobile-header-display":"","site-post-title":"","ast-breadcrumbs-content":"","ast-featured-img":"","footer-sml-layout":"","ast-disable-related-posts":"","theme-transparent-header-meta":"","adv-header-id-meta":"","stick-header-meta":"","header-above-stick-meta":"","header-main-stick-meta":"","header-below-stick-meta":"","astra-migrate-meta-layouts":"default","ast-page-background-enabled":"default","ast-page-background-meta":{"desktop":{"background-color":"","background-image":"","background-repeat":"repeat","background-position":"center center","background-size":"auto","background-attachment":"scroll","background-type":"","background-media":"","overlay-type":"","overlay-color":"","overlay-opacity":"","overlay-gradient":""},"tablet":{"background-color":"","background-image":"","background-repeat":"repeat","background-position":"center center","background-size":"auto","background-attachment":"scroll","background-type":"","background-media":"","overlay-type":"","overlay-color":"","overlay-opacity":"","overlay-gradient":""},"mobile":{"background-color":"","background-image":"","background-repeat":"repeat","background-position":"center center","background-size":"auto","background-attachment":"scroll","background-type":"","background-media":"","overlay-type":"","overlay-color":"","overlay-opacity":"","overlay-gradient":""}},"ast-content-background-meta":{"desktop":{"background-color":"var(--ast-global-color-5)","background-image":"","background-repeat":"repeat","background-position":"center center","background-size":"auto","background-attachment":"scroll","background-type":"","background-media":"","overlay-type":"","overlay-color":"","overlay-opacity":"","overlay-gradient":""},"tablet":{"background-color":"var(--ast-global-color-5)","background-image":"","background-repeat":"repeat","background-position":"center center","background-size":"auto","background-attachment":"scroll","background-type":"","background-media":"","overlay-type":"","overlay-color":"","overlay-opacity":"","overlay-gradient":""},"mobile":{"background-color":"var(--ast-global-color-5)","background-image":"","background-repeat":"repeat","background-position":"center center","background-size":"auto","background-attachment":"scroll","background-type":"","background-media":"","overlay-type":"","overlay-color":"","overlay-opacity":"","overlay-gradient":""}},"_joinchat":[]},"product_brand":[],"product_cat":[42],"product_tag":[],"class_list":{"0":"post-4503","1":"product","2":"type-product","3":"status-publish","4":"has-post-thumbnail","6":"product_cat-dvd","7":"desktop-align-left","8":"tablet-align-left","9":"mobile-align-left","11":"first","12":"instock","13":"sale","14":"shipping-taxable","15":"purchasable","16":"product-type-simple"},"_links":{"self":[{"href":"https:\/\/cinemasoul.es\/index.php?rest_route=\/wp\/v2\/product\/4503","targetHints":{"allow":["GET"]}}],"collection":[{"href":"https:\/\/cinemasoul.es\/index.php?rest_route=\/wp\/v2\/product"}],"about":[{"href":"https:\/\/cinemasoul.es\/index.php?rest_route=\/wp\/v2\/types\/product"}],"replies":[{"embeddable":true,"href":"https:\/\/cinemasoul.es\/index.php?rest_route=%2Fwp%2Fv2%2Fcomments&post=4503"}],"version-history":[{"count":3,"href":"https:\/\/cinemasoul.es\/index.php?rest_route=\/wp\/v2\/product\/4503\/revisions"}],"predecessor-version":[{"id":4508,"href":"https:\/\/cinemasoul.es\/index.php?rest_route=\/wp\/v2\/product\/4503\/revisions\/4508"}],"wp:featuredmedia":[{"embeddable":true,"href":"https:\/\/cinemasoul.es\/index.php?rest_route=\/wp\/v2\/media\/4504"}],"wp:attachment":[{"href":"https:\/\/cinemasoul.es\/index.php?rest_route=%2Fwp%2Fv2%2Fmedia&parent=4503"}],"wp:term":[{"taxonomy":"product_brand","embeddable":true,"href":"https:\/\/cinemasoul.es\/index.php?rest_route=%2Fwp%2Fv2%2Fproduct_brand&post=4503"},{"taxonomy":"product_cat","embeddable":true,"href":"https:\/\/cinemasoul.es\/index.php?rest_route=%2Fwp%2Fv2%2Fproduct_cat&post=4503"},{"taxonomy":"product_tag","embeddable":true,"href":"https:\/\/cinemasoul.es\/index.php?rest_route=%2Fwp%2Fv2%2Fproduct_tag&post=4503"}],"curies":[{"name":"wp","href":"https:\/\/api.w.org\/{rel}","templated":true}]}}