{"id":4491,"date":"2022-02-26T13:13:03","date_gmt":"2022-02-26T13:13:03","guid":{"rendered":"https:\/\/www.cinemasoul.es\/?post_type=product&#038;p=4491"},"modified":"2022-02-26T13:14:18","modified_gmt":"2022-02-26T13:14:18","slug":"desierto-salvaje-dvd","status":"publish","type":"product","link":"https:\/\/cinemasoul.es\/?product=desierto-salvaje-dvd","title":{"rendered":"Desierto Salvaje [DVD]"},"content":{"rendered":"","protected":false},"excerpt":{"rendered":"<div id=\"tab-description\" class=\"tab-content\">\n<p>COLUMBIA PICTURES PRESENTA A VICTOR MATURE GUY MADISON ROBERT PRESTON \u201cDESIERTO SALVAJE\u201d (THE LAST FRONTIER )\u00a0<strong>COPROTAGONIZADA<\/strong> POR JAMES WHITMORE, ANNE BANCROFT CON RUSSELL COLLINS\u00a0<strong>GUI\u00d3N<\/strong> DE PHILIP YORDAN Y RUSSELL S. HUGHES BASADO EN LA <strong>NOVELA<\/strong> \u201cTHE GILDED ROOSTER\u201d DE RICHARD EMERY ROBERTS\u00a0<strong>PRODUCIDA<\/strong> POR WILLIAM FADIMAN\u00a0<strong>DIRIGIDA<\/strong> POR ANTHONY MANN<\/p>\n<p><strong>A\u00d1O<\/strong>: 1955.\u00a0<strong>G\u00c9NERO<\/strong>: WESTERN.\u00a0<strong>NACIONALIDAD<\/strong>: ESTADOS UNIDOS.\u00a0<strong>COLOR<\/strong>: COLOR CERTIFICADO DE CLASIFICACI\u00d3N <strong>ICAA N\u00ba<\/strong>: 122.691.\u00a0<strong>CLASIFICACI\u00d3N<\/strong>: APTA PARA TODOS LOS PUBLICOS.\u00a0<strong>DEP\u00d3SITO LEGAL<\/strong>:TF: 28-2012.\u00a0<strong>DURACI\u00d3N<\/strong>: 93 MIN. APROX.\u00a0<strong>IDIOMAS<\/strong>: CASTELLANO E INGL\u00c9S CON SUBT\u00cdTULOS EN CASTELLANO.\u00a0<strong>FORMATO DE PANTALLA<\/strong>:\u00a0 16:9 2.35.\u00a0<strong>EAN<\/strong>: 8414533080248<\/p>\n<p><em>UNA EMOCIONANTE HISTORIA DE AVENTURA, CODICIA Y LOCURA<\/em><\/p>\n<p>Oreg\u00f3n. Tres tramperos (Victor Mature, Pat Hogan y James Withmore), que viven del comercio de pieles, son atacados por los indios, a resultas de lo cual se quedan sin las pieles duramente conseguidas a lo largo del a\u00f1o. En su huida consiguen llegar a un puesto de caballer\u00eda. All\u00ed los contratan como gu\u00edas del ej\u00e9rcito, pero el temperamento de Jed Cooper (Victor Mature) chocar\u00e1 con la rigurosa disciplina militar. El coronel Marston\u00a0 (Robert Preston), que est\u00e1 al mando del puesto, es un hombre resentido y de cabeza dura y Cooper se ha enamorado de Corinna (Anne Bancroft), la esposa del coronel\u00a0 que se siente sola.<\/p>\n<\/div>\n","protected":false},"featured_media":4492,"comment_status":"open","ping_status":"closed","template":"","meta":{"site-sidebar-layout":"default","site-content-layout":"default","ast-site-content-layout":"default","site-content-style":"default","site-sidebar-style":"default","ast-global-header-display":"","ast-banner-title-visibility":"","ast-main-header-display":"","ast-hfb-above-header-display":"","ast-hfb-below-header-display":"","ast-hfb-mobile-header-display":"","site-post-title":"","ast-breadcrumbs-content":"","ast-featured-img":"","footer-sml-layout":"","ast-disable-related-posts":"","theme-transparent-header-meta":"","adv-header-id-meta":"","stick-header-meta":"","header-above-stick-meta":"","header-main-stick-meta":"","header-below-stick-meta":"","astra-migrate-meta-layouts":"default","ast-page-background-enabled":"default","ast-page-background-meta":{"desktop":{"background-color":"","background-image":"","background-repeat":"repeat","background-position":"center center","background-size":"auto","background-attachment":"scroll","background-type":"","background-media":"","overlay-type":"","overlay-color":"","overlay-opacity":"","overlay-gradient":""},"tablet":{"background-color":"","background-image":"","background-repeat":"repeat","background-position":"center center","background-size":"auto","background-attachment":"scroll","background-type":"","background-media":"","overlay-type":"","overlay-color":"","overlay-opacity":"","overlay-gradient":""},"mobile":{"background-color":"","background-image":"","background-repeat":"repeat","background-position":"center center","background-size":"auto","background-attachment":"scroll","background-type":"","background-media":"","overlay-type":"","overlay-color":"","overlay-opacity":"","overlay-gradient":""}},"ast-content-background-meta":{"desktop":{"background-color":"var(--ast-global-color-5)","background-image":"","background-repeat":"repeat","background-position":"center center","background-size":"auto","background-attachment":"scroll","background-type":"","background-media":"","overlay-type":"","overlay-color":"","overlay-opacity":"","overlay-gradient":""},"tablet":{"background-color":"var(--ast-global-color-5)","background-image":"","background-repeat":"repeat","background-position":"center center","background-size":"auto","background-attachment":"scroll","background-type":"","background-media":"","overlay-type":"","overlay-color":"","overlay-opacity":"","overlay-gradient":""},"mobile":{"background-color":"var(--ast-global-color-5)","background-image":"","background-repeat":"repeat","background-position":"center center","background-size":"auto","background-attachment":"scroll","background-type":"","background-media":"","overlay-type":"","overlay-color":"","overlay-opacity":"","overlay-gradient":""}},"_joinchat":[]},"product_brand":[],"product_cat":[42],"product_tag":[],"class_list":{"0":"post-4491","1":"product","2":"type-product","3":"status-publish","4":"has-post-thumbnail","6":"product_cat-dvd","7":"desktop-align-left","8":"tablet-align-left","9":"mobile-align-left","11":"first","12":"instock","13":"shipping-taxable","14":"purchasable","15":"product-type-simple"},"_links":{"self":[{"href":"https:\/\/cinemasoul.es\/index.php?rest_route=\/wp\/v2\/product\/4491","targetHints":{"allow":["GET"]}}],"collection":[{"href":"https:\/\/cinemasoul.es\/index.php?rest_route=\/wp\/v2\/product"}],"about":[{"href":"https:\/\/cinemasoul.es\/index.php?rest_route=\/wp\/v2\/types\/product"}],"replies":[{"embeddable":true,"href":"https:\/\/cinemasoul.es\/index.php?rest_route=%2Fwp%2Fv2%2Fcomments&post=4491"}],"version-history":[{"count":1,"href":"https:\/\/cinemasoul.es\/index.php?rest_route=\/wp\/v2\/product\/4491\/revisions"}],"predecessor-version":[{"id":4493,"href":"https:\/\/cinemasoul.es\/index.php?rest_route=\/wp\/v2\/product\/4491\/revisions\/4493"}],"wp:featuredmedia":[{"embeddable":true,"href":"https:\/\/cinemasoul.es\/index.php?rest_route=\/wp\/v2\/media\/4492"}],"wp:attachment":[{"href":"https:\/\/cinemasoul.es\/index.php?rest_route=%2Fwp%2Fv2%2Fmedia&parent=4491"}],"wp:term":[{"taxonomy":"product_brand","embeddable":true,"href":"https:\/\/cinemasoul.es\/index.php?rest_route=%2Fwp%2Fv2%2Fproduct_brand&post=4491"},{"taxonomy":"product_cat","embeddable":true,"href":"https:\/\/cinemasoul.es\/index.php?rest_route=%2Fwp%2Fv2%2Fproduct_cat&post=4491"},{"taxonomy":"product_tag","embeddable":true,"href":"https:\/\/cinemasoul.es\/index.php?rest_route=%2Fwp%2Fv2%2Fproduct_tag&post=4491"}],"curies":[{"name":"wp","href":"https:\/\/api.w.org\/{rel}","templated":true}]}}