{"id":4487,"date":"2022-02-26T13:07:26","date_gmt":"2022-02-26T13:07:26","guid":{"rendered":"https:\/\/www.cinemasoul.es\/?post_type=product&#038;p=4487"},"modified":"2022-02-26T13:09:35","modified_gmt":"2022-02-26T13:09:35","slug":"la-ultima-caceria-dvd-2","status":"publish","type":"product","link":"https:\/\/cinemasoul.es\/?product=la-ultima-caceria-dvd-2","title":{"rendered":"La \u00faltima cacer\u00eda [DVD]"},"content":{"rendered":"","protected":false},"excerpt":{"rendered":"<div id=\"tab-description\" class=\"tab-content\">\n<p>MGM Presenta en Cinemascope \u201cLA \u00daLTIMA CACER\u00cdA\u201d\u00a0<strong>Protagonistas<\/strong> ROBERT TAYLOR, STEWART GRANGER, LLOYD NOLAN, DEBRA PAGET, RUSS TAMBLYN.\u00a0<strong>Gui\u00f3n<\/strong> de RICHARD BROOKS.\u00a0Basada en la <strong>novela<\/strong> de MILTON LOTT.\u00a0<strong>Fotografiada<\/strong> en EASTMAN COLOR.\u00a0<strong>Dirigida<\/strong> por RICHARD BROOKS.\u00a0<strong>Producida<\/strong> por DORE SCHARY.\u00a0Una <strong>pel\u00edcula<\/strong> de METRO-GOLDWYN MAYER.<\/p>\n<p><strong>A\u00f1o<\/strong>: 1956.\u00a0<strong>G\u00e9nero<\/strong>: Western.\u00a0<strong>Nacionalidad<\/strong>: Estados Unidos.\u00a0<strong>Color.\u00a0Duraci\u00f3n<\/strong>: 100 min.\u00a0<strong>Formato de pantalla<\/strong>: 4\/3 (2.35:1).\u00a0<strong>Idiomas<\/strong>:\u00a0Castellano e Ingl\u00e9s con subt\u00edtulos en Castellano.\u00a0Compatible con todos los formatos de pantalla de televisi\u00f3n.<\/p>\n<p>\u201c<em>Un western excepcional<\/em>\u201d \u2013 Film Daily<\/p>\n<p>Robert Taylor (Quo Vadis) y Stewart Granger (El prisionero de Zenda) forman equipo en esta \u201cpel\u00edcula seca, sombr\u00eda y violenta\u201d (Variety) rodada en escenarios naturales del Custer State Park (Dakota del Norte). Charlie Wilson (Taylor), un cazador sin escr\u00fapulos, se une al reservado Sandy McKenzie (Granger) en una gran cacer\u00eda autorizada por el Gobierno que pretende controlar la poblaci\u00f3n de b\u00fafalos y que har\u00e1 ricos a quienes participen en ella. A estos dos hombres se suma Woodfoot, un viejo desollador al que le falta una pierna (Lloyd Nolan), y Jimmy (Russ Tamblyn), un muchacho medio indio. Pero los problemas empiezan a sembrar la discordia en el equipo cuando Charlie mata a un grupo de indios a quienes acusa de haberle robado sus caballos. El posterior maltrato de Charlie a los \u00fanicos supervivientes \u2013una india y su hijo- convence a Sandy de que su socio est\u00e1 consumido por el odio y de que disfruta matando\u2026y no s\u00f3lo b\u00fafalos. \u201cDescarnada, realista y bronca\u201d (L.A.Examiner), La \u00faltima cacer\u00eda resulta tan intensa y convincente que sus crudas im\u00e1genes perdurar\u00e1n durante largo tiempo en la retina del espectador.<\/p>\n<\/div>\n","protected":false},"featured_media":4488,"comment_status":"open","ping_status":"closed","template":"","meta":{"site-sidebar-layout":"default","site-content-layout":"default","ast-site-content-layout":"default","site-content-style":"default","site-sidebar-style":"default","ast-global-header-display":"","ast-banner-title-visibility":"","ast-main-header-display":"","ast-hfb-above-header-display":"","ast-hfb-below-header-display":"","ast-hfb-mobile-header-display":"","site-post-title":"","ast-breadcrumbs-content":"","ast-featured-img":"","footer-sml-layout":"","ast-disable-related-posts":"","theme-transparent-header-meta":"","adv-header-id-meta":"","stick-header-meta":"","header-above-stick-meta":"","header-main-stick-meta":"","header-below-stick-meta":"","astra-migrate-meta-layouts":"default","ast-page-background-enabled":"default","ast-page-background-meta":{"desktop":{"background-color":"","background-image":"","background-repeat":"repeat","background-position":"center center","background-size":"auto","background-attachment":"scroll","background-type":"","background-media":"","overlay-type":"","overlay-color":"","overlay-opacity":"","overlay-gradient":""},"tablet":{"background-color":"","background-image":"","background-repeat":"repeat","background-position":"center center","background-size":"auto","background-attachment":"scroll","background-type":"","background-media":"","overlay-type":"","overlay-color":"","overlay-opacity":"","overlay-gradient":""},"mobile":{"background-color":"","background-image":"","background-repeat":"repeat","background-position":"center center","background-size":"auto","background-attachment":"scroll","background-type":"","background-media":"","overlay-type":"","overlay-color":"","overlay-opacity":"","overlay-gradient":""}},"ast-content-background-meta":{"desktop":{"background-color":"var(--ast-global-color-5)","background-image":"","background-repeat":"repeat","background-position":"center center","background-size":"auto","background-attachment":"scroll","background-type":"","background-media":"","overlay-type":"","overlay-color":"","overlay-opacity":"","overlay-gradient":""},"tablet":{"background-color":"var(--ast-global-color-5)","background-image":"","background-repeat":"repeat","background-position":"center center","background-size":"auto","background-attachment":"scroll","background-type":"","background-media":"","overlay-type":"","overlay-color":"","overlay-opacity":"","overlay-gradient":""},"mobile":{"background-color":"var(--ast-global-color-5)","background-image":"","background-repeat":"repeat","background-position":"center center","background-size":"auto","background-attachment":"scroll","background-type":"","background-media":"","overlay-type":"","overlay-color":"","overlay-opacity":"","overlay-gradient":""}},"_joinchat":[]},"product_brand":[],"product_cat":[42],"product_tag":[],"class_list":{"0":"post-4487","1":"product","2":"type-product","3":"status-publish","4":"has-post-thumbnail","6":"product_cat-dvd","7":"desktop-align-left","8":"tablet-align-left","9":"mobile-align-left","11":"first","12":"instock","13":"shipping-taxable","14":"purchasable","15":"product-type-simple"},"_links":{"self":[{"href":"https:\/\/cinemasoul.es\/index.php?rest_route=\/wp\/v2\/product\/4487","targetHints":{"allow":["GET"]}}],"collection":[{"href":"https:\/\/cinemasoul.es\/index.php?rest_route=\/wp\/v2\/product"}],"about":[{"href":"https:\/\/cinemasoul.es\/index.php?rest_route=\/wp\/v2\/types\/product"}],"replies":[{"embeddable":true,"href":"https:\/\/cinemasoul.es\/index.php?rest_route=%2Fwp%2Fv2%2Fcomments&post=4487"}],"version-history":[{"count":2,"href":"https:\/\/cinemasoul.es\/index.php?rest_route=\/wp\/v2\/product\/4487\/revisions"}],"predecessor-version":[{"id":4490,"href":"https:\/\/cinemasoul.es\/index.php?rest_route=\/wp\/v2\/product\/4487\/revisions\/4490"}],"wp:featuredmedia":[{"embeddable":true,"href":"https:\/\/cinemasoul.es\/index.php?rest_route=\/wp\/v2\/media\/4488"}],"wp:attachment":[{"href":"https:\/\/cinemasoul.es\/index.php?rest_route=%2Fwp%2Fv2%2Fmedia&parent=4487"}],"wp:term":[{"taxonomy":"product_brand","embeddable":true,"href":"https:\/\/cinemasoul.es\/index.php?rest_route=%2Fwp%2Fv2%2Fproduct_brand&post=4487"},{"taxonomy":"product_cat","embeddable":true,"href":"https:\/\/cinemasoul.es\/index.php?rest_route=%2Fwp%2Fv2%2Fproduct_cat&post=4487"},{"taxonomy":"product_tag","embeddable":true,"href":"https:\/\/cinemasoul.es\/index.php?rest_route=%2Fwp%2Fv2%2Fproduct_tag&post=4487"}],"curies":[{"name":"wp","href":"https:\/\/api.w.org\/{rel}","templated":true}]}}