{"id":4456,"date":"2022-02-25T13:19:48","date_gmt":"2022-02-25T13:19:48","guid":{"rendered":"https:\/\/www.cinemasoul.es\/?post_type=product&#038;p=4456"},"modified":"2022-02-25T13:19:49","modified_gmt":"2022-02-25T13:19:49","slug":"contrabando-dvd","status":"publish","type":"product","link":"https:\/\/cinemasoul.es\/?product=contrabando-dvd","title":{"rendered":"Contrabando [DVD]"},"content":{"rendered":"","protected":false},"excerpt":{"rendered":"<div id=\"tab-description\" class=\"tab-content\">\n<p><strong>T\u00cdTULO ORIGINAL<\/strong>:\u00a0<em>THE LINEUP\u00a0<\/em><strong>DIRIGIDA<\/strong> POR\u00a0DON SIEGEL\u00a0<strong>GUI\u00d3N<\/strong> DE\u00a0STIRLING SILLIPHANT\u00a0<strong>FOTOGRAF\u00cdA<\/strong> DE\u00a0HAL MOHR\u00a0<strong>M\u00daSICA<\/strong> DE\u00a0MISCHA BAKALEINIKOFF\u00a0<strong>REPARTO<\/strong>:\u00a0ELI WALLACH,\u00a0ROBERT KEITH, RICHARD JAECKEL, MARY LAROCHE, WILLIAM LESLIE, WARNER ANDERSON.<\/p>\n<p><strong>A\u00d1O<\/strong>: 1958\u00a0<strong>NACIONALIDAD<\/strong>: ESTADOS UNIDOS\u00a0<strong>GENERO<\/strong>: CRIMEN\u00a0<strong>COLOR<\/strong>: BLANCO Y NEGRO\u00a0<strong>IDIOMAS<\/strong>: CASTELLANO E INGL\u00c9S <strong>SUBT\u00cdTULOS<\/strong>: CASTELLANO\u00a0<strong>DURACI\u00d3N<\/strong>: 87 MINUTOS\u00a0<strong>FORMATO<\/strong>: 16:9 1:1.85\u00a0<strong>N\u00ba DE EXPEDIENTE<\/strong>: 129.170.\u00a0<strong>CLASIFICACI\u00d3N<\/strong>:\u00a0NO RECOMENDADA PARA MENORES DE 7 A\u00d1OS.<\/p>\n<\/div>\n<div id=\"tab-description-2\" class=\"tab-content\">\n<p>Los detectives Guthrie y Quine y los asesinos Julian y Dancer tienen una misi\u00f3n com\u00fan, con intereses diferentes: encontrar un cargamento de hero\u00edna procedente de Hong Kong. Las dos parejas se ver\u00e1n inmersas en una red de pistas falsas y en una bacanal de violencia.\u00a0<em>Contrabando<\/em>\u00a0es una de las mejores pel\u00edculas dirigidas por Don Siegel, que debe ser revalorizado por su modernidad cinematogr\u00e1fica y por su excelente narraci\u00f3n y sus hallazgos visuales.<\/p>\n<\/div>\n","protected":false},"featured_media":4457,"comment_status":"open","ping_status":"closed","template":"","meta":{"site-sidebar-layout":"default","site-content-layout":"default","ast-site-content-layout":"default","site-content-style":"default","site-sidebar-style":"default","ast-global-header-display":"","ast-banner-title-visibility":"","ast-main-header-display":"","ast-hfb-above-header-display":"","ast-hfb-below-header-display":"","ast-hfb-mobile-header-display":"","site-post-title":"","ast-breadcrumbs-content":"","ast-featured-img":"","footer-sml-layout":"","ast-disable-related-posts":"","theme-transparent-header-meta":"","adv-header-id-meta":"","stick-header-meta":"","header-above-stick-meta":"","header-main-stick-meta":"","header-below-stick-meta":"","astra-migrate-meta-layouts":"default","ast-page-background-enabled":"default","ast-page-background-meta":{"desktop":{"background-color":"","background-image":"","background-repeat":"repeat","background-position":"center center","background-size":"auto","background-attachment":"scroll","background-type":"","background-media":"","overlay-type":"","overlay-color":"","overlay-opacity":"","overlay-gradient":""},"tablet":{"background-color":"","background-image":"","background-repeat":"repeat","background-position":"center center","background-size":"auto","background-attachment":"scroll","background-type":"","background-media":"","overlay-type":"","overlay-color":"","overlay-opacity":"","overlay-gradient":""},"mobile":{"background-color":"","background-image":"","background-repeat":"repeat","background-position":"center center","background-size":"auto","background-attachment":"scroll","background-type":"","background-media":"","overlay-type":"","overlay-color":"","overlay-opacity":"","overlay-gradient":""}},"ast-content-background-meta":{"desktop":{"background-color":"var(--ast-global-color-5)","background-image":"","background-repeat":"repeat","background-position":"center center","background-size":"auto","background-attachment":"scroll","background-type":"","background-media":"","overlay-type":"","overlay-color":"","overlay-opacity":"","overlay-gradient":""},"tablet":{"background-color":"var(--ast-global-color-5)","background-image":"","background-repeat":"repeat","background-position":"center center","background-size":"auto","background-attachment":"scroll","background-type":"","background-media":"","overlay-type":"","overlay-color":"","overlay-opacity":"","overlay-gradient":""},"mobile":{"background-color":"var(--ast-global-color-5)","background-image":"","background-repeat":"repeat","background-position":"center center","background-size":"auto","background-attachment":"scroll","background-type":"","background-media":"","overlay-type":"","overlay-color":"","overlay-opacity":"","overlay-gradient":""}},"_joinchat":[]},"product_brand":[],"product_cat":[42],"product_tag":[],"class_list":{"0":"post-4456","1":"product","2":"type-product","3":"status-publish","4":"has-post-thumbnail","6":"product_cat-dvd","7":"desktop-align-left","8":"tablet-align-left","9":"mobile-align-left","11":"first","12":"instock","13":"sale","14":"shipping-taxable","15":"purchasable","16":"product-type-simple"},"_links":{"self":[{"href":"https:\/\/cinemasoul.es\/index.php?rest_route=\/wp\/v2\/product\/4456","targetHints":{"allow":["GET"]}}],"collection":[{"href":"https:\/\/cinemasoul.es\/index.php?rest_route=\/wp\/v2\/product"}],"about":[{"href":"https:\/\/cinemasoul.es\/index.php?rest_route=\/wp\/v2\/types\/product"}],"replies":[{"embeddable":true,"href":"https:\/\/cinemasoul.es\/index.php?rest_route=%2Fwp%2Fv2%2Fcomments&post=4456"}],"version-history":[{"count":1,"href":"https:\/\/cinemasoul.es\/index.php?rest_route=\/wp\/v2\/product\/4456\/revisions"}],"predecessor-version":[{"id":4459,"href":"https:\/\/cinemasoul.es\/index.php?rest_route=\/wp\/v2\/product\/4456\/revisions\/4459"}],"wp:featuredmedia":[{"embeddable":true,"href":"https:\/\/cinemasoul.es\/index.php?rest_route=\/wp\/v2\/media\/4457"}],"wp:attachment":[{"href":"https:\/\/cinemasoul.es\/index.php?rest_route=%2Fwp%2Fv2%2Fmedia&parent=4456"}],"wp:term":[{"taxonomy":"product_brand","embeddable":true,"href":"https:\/\/cinemasoul.es\/index.php?rest_route=%2Fwp%2Fv2%2Fproduct_brand&post=4456"},{"taxonomy":"product_cat","embeddable":true,"href":"https:\/\/cinemasoul.es\/index.php?rest_route=%2Fwp%2Fv2%2Fproduct_cat&post=4456"},{"taxonomy":"product_tag","embeddable":true,"href":"https:\/\/cinemasoul.es\/index.php?rest_route=%2Fwp%2Fv2%2Fproduct_tag&post=4456"}],"curies":[{"name":"wp","href":"https:\/\/api.w.org\/{rel}","templated":true}]}}