{"id":4452,"date":"2022-02-25T13:16:27","date_gmt":"2022-02-25T13:16:27","guid":{"rendered":"https:\/\/www.cinemasoul.es\/?post_type=product&#038;p=4452"},"modified":"2022-02-25T13:16:28","modified_gmt":"2022-02-25T13:16:28","slug":"cinco-munecas-para-la-luna-de-agosto-dvd","status":"publish","type":"product","link":"https:\/\/cinemasoul.es\/?product=cinco-munecas-para-la-luna-de-agosto-dvd","title":{"rendered":"Cinco Mu\u00f1ecas para la Luna de Agosto [DVD]"},"content":{"rendered":"","protected":false},"excerpt":{"rendered":"<p><strong><span style=\"font-size: 9.0pt; font-family: 'Tahoma',sans-serif; color: black;\">DIRIGIDA<\/span><\/strong><span style=\"font-size: 9.0pt; font-family: 'Tahoma',sans-serif; color: black;\"> POR PASQUALE FESTA CAMPANILE <strong><span style=\"font-family: 'Tahoma',sans-serif;\">PRODUCIDA<\/span><\/strong> POR MARIO MONTANARI y BRUNO TURCHETTO BASADO EN LA <strong><span style=\"font-family: 'Tahoma',sans-serif;\">NOVELA<\/span><\/strong> DE PETER KANE <strong><span style=\"font-family: 'Tahoma',sans-serif;\">GUI\u00d3N<\/span><\/strong> DE OTTAVIO JEMMA, ALDO CRUDO, PASQUALE FESTA CAMPANILE <strong><span style=\"font-family: 'Tahoma',sans-serif;\">M\u00daSICA<\/span><\/strong> DE ENNIO MORRICONE <strong><span style=\"font-family: 'Tahoma',sans-serif;\">FOTOGRAFIA<\/span><\/strong> DE FRANCO DI GIACOMO y GIUSEPPE RUZZOLINI <strong><span style=\"font-family: 'Tahoma',sans-serif;\">REPARTO<\/span><\/strong> FRANCO NERO y CORINNE CL\u00c9RY, DAVID HESS, JOSHUA SINCLAIR, CARLO PURI, IGNAZIO SPALLA, LEONARDO SCAVINO, MONICA ZANCHI<\/span><\/p>\n<p><strong><span style=\"font-size: 9.0pt; font-family: 'Tahoma',sans-serif; color: black;\">AUDIO<\/span><\/strong><span style=\"font-size: 9.0pt; font-family: 'Tahoma',sans-serif; color: black;\">: DOLBY DIGITAL 2.0 <strong><span style=\"font-family: 'Tahoma',sans-serif;\">A\u00d1O<\/span><\/strong>: 1969 <strong><span style=\"font-family: 'Tahoma',sans-serif;\">GENERO<\/span><\/strong>: CRIMEN-SUSPENSE\u00a0<strong><span style=\"font-family: 'Tahoma',sans-serif;\">NACIONALIDAD<\/span><\/strong>: ITALIA COLOR <strong><span style=\"font-family: 'Tahoma',sans-serif;\">ICAA<\/span><\/strong> N\u00ba: 24.973 NO RECOMENDADA PARA MENORES DE 18 A\u00d1OS\u00a0<strong><span style=\"font-family: 'Tahoma',sans-serif;\">DURACI\u00d3N<\/span><\/strong>: 103 MIN. APROX. <strong><span style=\"font-family: 'Tahoma',sans-serif;\">IDIOMAS<\/span><\/strong>: ESPA\u00d1OL e INGL\u00c9S\u00a0<strong><span style=\"font-family: 'Tahoma',sans-serif;\">SUBT\u00cdTULOS<\/span><\/strong>: ESPA\u00d1OL <strong><span style=\"font-family: 'Tahoma',sans-serif;\">FORMATO DE PANTALLA<\/span><\/strong>: 1.85:1 <strong><span style=\"font-family: 'Tahoma',sans-serif;\">FULL HD 1080<\/span><\/strong><\/span><\/p>\n<p><span style=\"font-size: 9.0pt; font-family: 'Tahoma',sans-serif; color: black;\">George Stark (Teodoro Corr\u00e1) es un rico industrial que invita a cinco socios a su isla privada del Mediterr\u00e1neo para presentarles al profesor Farrell (William Berger), quien parece haber descubierto la f\u00f3rmula de una revolucionaria resina industrial capaz de cambiar los negocios de los presentes en la isla. Pero ante las dudas de Farrell sobre el modo en que desea explotar su descubrimiento, los invitados iniciar\u00e1n una encarnizada disputa comercial para ver quien consigue en exclusiva la codiciada f\u00f3rmula. Tras las repetidas negativas del profesor Farrell, de repente, empiezan a aparecer invitados y residentes locales muertos. Nadie sabe lo que ocurre, pero Satark y Farrell tienen que descubrir la identidad del asesino.<\/span><\/p>\n","protected":false},"featured_media":4453,"comment_status":"open","ping_status":"closed","template":"","meta":{"site-sidebar-layout":"default","site-content-layout":"default","ast-site-content-layout":"default","site-content-style":"default","site-sidebar-style":"default","ast-global-header-display":"","ast-banner-title-visibility":"","ast-main-header-display":"","ast-hfb-above-header-display":"","ast-hfb-below-header-display":"","ast-hfb-mobile-header-display":"","site-post-title":"","ast-breadcrumbs-content":"","ast-featured-img":"","footer-sml-layout":"","ast-disable-related-posts":"","theme-transparent-header-meta":"","adv-header-id-meta":"","stick-header-meta":"","header-above-stick-meta":"","header-main-stick-meta":"","header-below-stick-meta":"","astra-migrate-meta-layouts":"default","ast-page-background-enabled":"default","ast-page-background-meta":{"desktop":{"background-color":"","background-image":"","background-repeat":"repeat","background-position":"center center","background-size":"auto","background-attachment":"scroll","background-type":"","background-media":"","overlay-type":"","overlay-color":"","overlay-opacity":"","overlay-gradient":""},"tablet":{"background-color":"","background-image":"","background-repeat":"repeat","background-position":"center center","background-size":"auto","background-attachment":"scroll","background-type":"","background-media":"","overlay-type":"","overlay-color":"","overlay-opacity":"","overlay-gradient":""},"mobile":{"background-color":"","background-image":"","background-repeat":"repeat","background-position":"center center","background-size":"auto","background-attachment":"scroll","background-type":"","background-media":"","overlay-type":"","overlay-color":"","overlay-opacity":"","overlay-gradient":""}},"ast-content-background-meta":{"desktop":{"background-color":"var(--ast-global-color-5)","background-image":"","background-repeat":"repeat","background-position":"center center","background-size":"auto","background-attachment":"scroll","background-type":"","background-media":"","overlay-type":"","overlay-color":"","overlay-opacity":"","overlay-gradient":""},"tablet":{"background-color":"var(--ast-global-color-5)","background-image":"","background-repeat":"repeat","background-position":"center center","background-size":"auto","background-attachment":"scroll","background-type":"","background-media":"","overlay-type":"","overlay-color":"","overlay-opacity":"","overlay-gradient":""},"mobile":{"background-color":"var(--ast-global-color-5)","background-image":"","background-repeat":"repeat","background-position":"center center","background-size":"auto","background-attachment":"scroll","background-type":"","background-media":"","overlay-type":"","overlay-color":"","overlay-opacity":"","overlay-gradient":""}},"_joinchat":[]},"product_brand":[],"product_cat":[42],"product_tag":[],"class_list":{"0":"post-4452","1":"product","2":"type-product","3":"status-publish","4":"has-post-thumbnail","6":"product_cat-dvd","7":"desktop-align-left","8":"tablet-align-left","9":"mobile-align-left","11":"first","12":"instock","13":"sale","14":"shipping-taxable","15":"purchasable","16":"product-type-simple"},"_links":{"self":[{"href":"https:\/\/cinemasoul.es\/index.php?rest_route=\/wp\/v2\/product\/4452","targetHints":{"allow":["GET"]}}],"collection":[{"href":"https:\/\/cinemasoul.es\/index.php?rest_route=\/wp\/v2\/product"}],"about":[{"href":"https:\/\/cinemasoul.es\/index.php?rest_route=\/wp\/v2\/types\/product"}],"replies":[{"embeddable":true,"href":"https:\/\/cinemasoul.es\/index.php?rest_route=%2Fwp%2Fv2%2Fcomments&post=4452"}],"version-history":[{"count":2,"href":"https:\/\/cinemasoul.es\/index.php?rest_route=\/wp\/v2\/product\/4452\/revisions"}],"predecessor-version":[{"id":4455,"href":"https:\/\/cinemasoul.es\/index.php?rest_route=\/wp\/v2\/product\/4452\/revisions\/4455"}],"wp:featuredmedia":[{"embeddable":true,"href":"https:\/\/cinemasoul.es\/index.php?rest_route=\/wp\/v2\/media\/4453"}],"wp:attachment":[{"href":"https:\/\/cinemasoul.es\/index.php?rest_route=%2Fwp%2Fv2%2Fmedia&parent=4452"}],"wp:term":[{"taxonomy":"product_brand","embeddable":true,"href":"https:\/\/cinemasoul.es\/index.php?rest_route=%2Fwp%2Fv2%2Fproduct_brand&post=4452"},{"taxonomy":"product_cat","embeddable":true,"href":"https:\/\/cinemasoul.es\/index.php?rest_route=%2Fwp%2Fv2%2Fproduct_cat&post=4452"},{"taxonomy":"product_tag","embeddable":true,"href":"https:\/\/cinemasoul.es\/index.php?rest_route=%2Fwp%2Fv2%2Fproduct_tag&post=4452"}],"curies":[{"name":"wp","href":"https:\/\/api.w.org\/{rel}","templated":true}]}}