{"id":4448,"date":"2022-02-25T13:11:09","date_gmt":"2022-02-25T13:11:09","guid":{"rendered":"https:\/\/www.cinemasoul.es\/?post_type=product&#038;p=4448"},"modified":"2022-02-25T13:11:10","modified_gmt":"2022-02-25T13:11:10","slug":"5-contra-la-banca-dvd","status":"publish","type":"product","link":"https:\/\/cinemasoul.es\/?product=5-contra-la-banca-dvd","title":{"rendered":"5 contra la banca [DVD]"},"content":{"rendered":"","protected":false},"excerpt":{"rendered":"<p><span style=\"font-size: 9.0pt; font-family: 'Tahoma',sans-serif; color: black;\">GUY MADISON, KIM NOVAK, BRIAN KEITH\u00a0en\u00a0\u201c5 CONTRA LA BANCA\u201d (5 AGAINST THE HOUSE)\u00a0<strong><span style=\"font-family: 'Tahoma',sans-serif;\">COPROTAGONIZADA<\/span><\/strong> POR\u00a0ALVY MOORE, WILLIAM CONRAD Y\u00a0<strong><span style=\"font-family: 'Tahoma',sans-serif;\">PRESENTANDO<\/span><\/strong> A\u00a0KERWIN MATHEWS\u00a0BASADA EN LA <strong><span style=\"font-family: 'Tahoma',sans-serif;\">HISTORIA<\/span><\/strong> DE\u00a0JACK FINNE Y\u00a0PUBLICADA EN LA REVISTA\u00a0<em><span style=\"font-family: 'Tahoma',sans-serif;\">THE GOOD HOUSEKEEPING<\/span><\/em><\/span><\/p>\n<p><strong><span style=\"font-size: 9.0pt; font-family: 'Tahoma',sans-serif; color: black;\">GUI\u00d3N <\/span><\/strong><strong><span style=\"font-size: 9.0pt; font-family: 'Tahoma',sans-serif; color: black; font-weight: normal;\">DE<\/span><\/strong><span style=\"font-size: 9.0pt; font-family: 'Tahoma',sans-serif; color: black;\">\u00a0STIRLING SILLIPHANT, WILLIAM BOWERS, JOHN BARN WELL\u00a0<strong><span style=\"font-family: 'Tahoma',sans-serif;\">PRODUCIDA <\/span><\/strong><strong><span style=\"font-family: 'Tahoma',sans-serif; font-weight: normal;\">POR<\/span><\/strong>\u00a0STIRLING SILLIPHANT y JOHN BARNWELL\u00a0<strong><span style=\"font-family: 'Tahoma',sans-serif;\">DIRIGIDA <\/span><\/strong><strong><span style=\"font-family: 'Tahoma',sans-serif; font-weight: normal;\">POR<\/span><\/strong>\u00a0PHIL KARLSON\u00a0<strong><span style=\"font-family: 'Tahoma',sans-serif;\">A\u00d1O<\/span><\/strong>: 1955.\u00a0<strong><span style=\"font-family: 'Tahoma',sans-serif;\">G\u00c9NERO<\/span><\/strong>: CRIMEN\u00a0<strong><span style=\"font-family: 'Tahoma',sans-serif;\">NACIONALIDAD<\/span><\/strong>: ESTADOS UNIDOS \u2022\u00a0<strong><span style=\"font-family: 'Tahoma',sans-serif;\">BLANCO Y NEGRO<\/span><\/strong>,\u00a0PARA \u00c1MBITO DOM\u00c9STICO.\u00a0<strong><span style=\"font-family: 'Tahoma',sans-serif;\">ICAA N\u00ba<\/span><\/strong> 128234\u00a0<strong><span style=\"font-family: 'Tahoma',sans-serif;\">DURACI\u00d3N<\/span><\/strong>: 80 MIN. APROX.\u00a0<strong><span style=\"font-family: 'Tahoma',sans-serif;\">FORMATO DE PANTALLA<\/span><\/strong>: 16\/9 1.66:1\u00a0<strong><span style=\"font-family: 'Tahoma',sans-serif;\">IDIOMAS<\/span><\/strong>: ESPA\u00d1OL E INGL\u00c9S\u00a0<strong><span style=\"font-family: 'Tahoma',sans-serif;\">SUBT\u00cdTULOS<\/span><\/strong>: ESPA\u00d1OL<\/span><\/p>\n<p><span style=\"font-size: 9.0pt; font-family: 'Tahoma',sans-serif; color: black;\">Cuatro estudiantes universitarios de visita en Reno son testigos de un robo fallido a un casino.\u00a0Al irse, un polic\u00eda les dice que no hay manera de robar un casino. Uno de los estudiantes decide\u00a0demostrar que el polic\u00eda est\u00e1 equivocado y planea robar el dinero, pero para devolverlo despu\u00e9s.\u00a0Pero otro de los estudiantes, un veterano de guerra con una herida en la cabeza, tiene otras ideas\u00a0sobre lo que hacer con el bot\u00edn. Protagonizada por Guy Madison, Kim Novak, Brian Keith y\u00a0William Conrad, 5 contra la banca es un complejo drama criminal sobre las personas que son demasiado inteligentes y que no se hacen ning\u00fan bien.<\/span><\/p>\n","protected":false},"featured_media":4449,"comment_status":"open","ping_status":"closed","template":"","meta":{"site-sidebar-layout":"default","site-content-layout":"default","ast-site-content-layout":"default","site-content-style":"default","site-sidebar-style":"default","ast-global-header-display":"","ast-banner-title-visibility":"","ast-main-header-display":"","ast-hfb-above-header-display":"","ast-hfb-below-header-display":"","ast-hfb-mobile-header-display":"","site-post-title":"","ast-breadcrumbs-content":"","ast-featured-img":"","footer-sml-layout":"","ast-disable-related-posts":"","theme-transparent-header-meta":"","adv-header-id-meta":"","stick-header-meta":"","header-above-stick-meta":"","header-main-stick-meta":"","header-below-stick-meta":"","astra-migrate-meta-layouts":"default","ast-page-background-enabled":"default","ast-page-background-meta":{"desktop":{"background-color":"","background-image":"","background-repeat":"repeat","background-position":"center center","background-size":"auto","background-attachment":"scroll","background-type":"","background-media":"","overlay-type":"","overlay-color":"","overlay-opacity":"","overlay-gradient":""},"tablet":{"background-color":"","background-image":"","background-repeat":"repeat","background-position":"center center","background-size":"auto","background-attachment":"scroll","background-type":"","background-media":"","overlay-type":"","overlay-color":"","overlay-opacity":"","overlay-gradient":""},"mobile":{"background-color":"","background-image":"","background-repeat":"repeat","background-position":"center center","background-size":"auto","background-attachment":"scroll","background-type":"","background-media":"","overlay-type":"","overlay-color":"","overlay-opacity":"","overlay-gradient":""}},"ast-content-background-meta":{"desktop":{"background-color":"var(--ast-global-color-5)","background-image":"","background-repeat":"repeat","background-position":"center center","background-size":"auto","background-attachment":"scroll","background-type":"","background-media":"","overlay-type":"","overlay-color":"","overlay-opacity":"","overlay-gradient":""},"tablet":{"background-color":"var(--ast-global-color-5)","background-image":"","background-repeat":"repeat","background-position":"center center","background-size":"auto","background-attachment":"scroll","background-type":"","background-media":"","overlay-type":"","overlay-color":"","overlay-opacity":"","overlay-gradient":""},"mobile":{"background-color":"var(--ast-global-color-5)","background-image":"","background-repeat":"repeat","background-position":"center center","background-size":"auto","background-attachment":"scroll","background-type":"","background-media":"","overlay-type":"","overlay-color":"","overlay-opacity":"","overlay-gradient":""}},"_joinchat":[]},"product_brand":[],"product_cat":[42],"product_tag":[],"class_list":{"0":"post-4448","1":"product","2":"type-product","3":"status-publish","4":"has-post-thumbnail","6":"product_cat-dvd","7":"desktop-align-left","8":"tablet-align-left","9":"mobile-align-left","11":"first","12":"instock","13":"sale","14":"shipping-taxable","15":"purchasable","16":"product-type-simple"},"_links":{"self":[{"href":"https:\/\/cinemasoul.es\/index.php?rest_route=\/wp\/v2\/product\/4448","targetHints":{"allow":["GET"]}}],"collection":[{"href":"https:\/\/cinemasoul.es\/index.php?rest_route=\/wp\/v2\/product"}],"about":[{"href":"https:\/\/cinemasoul.es\/index.php?rest_route=\/wp\/v2\/types\/product"}],"replies":[{"embeddable":true,"href":"https:\/\/cinemasoul.es\/index.php?rest_route=%2Fwp%2Fv2%2Fcomments&post=4448"}],"version-history":[{"count":1,"href":"https:\/\/cinemasoul.es\/index.php?rest_route=\/wp\/v2\/product\/4448\/revisions"}],"predecessor-version":[{"id":4451,"href":"https:\/\/cinemasoul.es\/index.php?rest_route=\/wp\/v2\/product\/4448\/revisions\/4451"}],"wp:featuredmedia":[{"embeddable":true,"href":"https:\/\/cinemasoul.es\/index.php?rest_route=\/wp\/v2\/media\/4449"}],"wp:attachment":[{"href":"https:\/\/cinemasoul.es\/index.php?rest_route=%2Fwp%2Fv2%2Fmedia&parent=4448"}],"wp:term":[{"taxonomy":"product_brand","embeddable":true,"href":"https:\/\/cinemasoul.es\/index.php?rest_route=%2Fwp%2Fv2%2Fproduct_brand&post=4448"},{"taxonomy":"product_cat","embeddable":true,"href":"https:\/\/cinemasoul.es\/index.php?rest_route=%2Fwp%2Fv2%2Fproduct_cat&post=4448"},{"taxonomy":"product_tag","embeddable":true,"href":"https:\/\/cinemasoul.es\/index.php?rest_route=%2Fwp%2Fv2%2Fproduct_tag&post=4448"}],"curies":[{"name":"wp","href":"https:\/\/api.w.org\/{rel}","templated":true}]}}