{"id":4412,"date":"2022-02-24T17:21:02","date_gmt":"2022-02-24T17:21:02","guid":{"rendered":"https:\/\/www.cinemasoul.es\/?post_type=product&#038;p=4412"},"modified":"2022-02-24T17:21:03","modified_gmt":"2022-02-24T17:21:03","slug":"el-patriota-dvd","status":"publish","type":"product","link":"https:\/\/cinemasoul.es\/?product=el-patriota-dvd","title":{"rendered":"El patriota [DVD]"},"content":{"rendered":"","protected":false},"excerpt":{"rendered":"<p><strong>T\u00edtulo original<\/strong> The Patriot\u00a0<strong>A\u00f1o<\/strong> 2000\u00a0<strong>Duraci\u00f3n<\/strong> 158 min.\u00a0<strong>Pa\u00eds<\/strong> Estados Unidos\u00a0<strong>Direcci\u00f3n<\/strong> Roland Emmerich <strong>Guion<\/strong> Robert Rodat <strong>M\u00fasica<\/strong> John Williams <strong>Fotograf\u00eda<\/strong> Caleb Deschanel <strong>Reparto<\/strong> Mel Gibson, Heath Ledger, Joely Richardson, Jason Isaacs, Chris Cooper, Tch\u00e9ky Karyo, Rene Auberjonois, Tom Wilkinson, Lisa Brenner, Gregory Smith, Logan Lerman, Donal Logue, Leon Rippy <strong>Productora<\/strong> Mutual Film Company, Centropolis Entertainment, Global Entertainment Productions GmbH &amp; Company Medien KG. <strong>Distribuidora<\/strong><em>:<\/em> Columbia Pictures <strong>G\u00e9nero<\/strong> Aventuras. B\u00e9lico. Drama<\/p>\n<p>A\u00f1o 1776, en plena guerra de Independencia entre los colonos de Nueva Inglaterra y las tropas del rey brit\u00e1nico Jorge III. En Carolina del Sur, el viudo Benjamin Martin (Mel Gibson), heroico soldado en Francia y en la India, renuncia a combatir para cuidar de sus siete hijos. Pero la pac\u00edfica vida de la familia Martin se ve alterada cuando Gabriel (Heath Ledger), el hijo mayor, se alista en el ej\u00e9rcito; mientras tanto su padre se esfuerza por sacar adelante a la prole. Sin embargo, los brit\u00e1nicos, al mando del cruel coronel Tavington (Jason Isaacs), llegar\u00e1n hasta las puertas de su casa poniendo en peligro a toda la familia.<\/p>\n","protected":false},"featured_media":4413,"comment_status":"open","ping_status":"closed","template":"","meta":{"site-sidebar-layout":"default","site-content-layout":"default","ast-site-content-layout":"default","site-content-style":"default","site-sidebar-style":"default","ast-global-header-display":"","ast-banner-title-visibility":"","ast-main-header-display":"","ast-hfb-above-header-display":"","ast-hfb-below-header-display":"","ast-hfb-mobile-header-display":"","site-post-title":"","ast-breadcrumbs-content":"","ast-featured-img":"","footer-sml-layout":"","ast-disable-related-posts":"","theme-transparent-header-meta":"","adv-header-id-meta":"","stick-header-meta":"","header-above-stick-meta":"","header-main-stick-meta":"","header-below-stick-meta":"","astra-migrate-meta-layouts":"default","ast-page-background-enabled":"default","ast-page-background-meta":{"desktop":{"background-color":"","background-image":"","background-repeat":"repeat","background-position":"center center","background-size":"auto","background-attachment":"scroll","background-type":"","background-media":"","overlay-type":"","overlay-color":"","overlay-opacity":"","overlay-gradient":""},"tablet":{"background-color":"","background-image":"","background-repeat":"repeat","background-position":"center center","background-size":"auto","background-attachment":"scroll","background-type":"","background-media":"","overlay-type":"","overlay-color":"","overlay-opacity":"","overlay-gradient":""},"mobile":{"background-color":"","background-image":"","background-repeat":"repeat","background-position":"center center","background-size":"auto","background-attachment":"scroll","background-type":"","background-media":"","overlay-type":"","overlay-color":"","overlay-opacity":"","overlay-gradient":""}},"ast-content-background-meta":{"desktop":{"background-color":"var(--ast-global-color-5)","background-image":"","background-repeat":"repeat","background-position":"center center","background-size":"auto","background-attachment":"scroll","background-type":"","background-media":"","overlay-type":"","overlay-color":"","overlay-opacity":"","overlay-gradient":""},"tablet":{"background-color":"var(--ast-global-color-5)","background-image":"","background-repeat":"repeat","background-position":"center center","background-size":"auto","background-attachment":"scroll","background-type":"","background-media":"","overlay-type":"","overlay-color":"","overlay-opacity":"","overlay-gradient":""},"mobile":{"background-color":"var(--ast-global-color-5)","background-image":"","background-repeat":"repeat","background-position":"center center","background-size":"auto","background-attachment":"scroll","background-type":"","background-media":"","overlay-type":"","overlay-color":"","overlay-opacity":"","overlay-gradient":""}},"_joinchat":[]},"product_brand":[],"product_cat":[42],"product_tag":[],"class_list":{"0":"post-4412","1":"product","2":"type-product","3":"status-publish","4":"has-post-thumbnail","6":"product_cat-dvd","7":"desktop-align-left","8":"tablet-align-left","9":"mobile-align-left","11":"first","12":"instock","13":"sale","14":"shipping-taxable","15":"purchasable","16":"product-type-simple"},"_links":{"self":[{"href":"https:\/\/cinemasoul.es\/index.php?rest_route=\/wp\/v2\/product\/4412","targetHints":{"allow":["GET"]}}],"collection":[{"href":"https:\/\/cinemasoul.es\/index.php?rest_route=\/wp\/v2\/product"}],"about":[{"href":"https:\/\/cinemasoul.es\/index.php?rest_route=\/wp\/v2\/types\/product"}],"replies":[{"embeddable":true,"href":"https:\/\/cinemasoul.es\/index.php?rest_route=%2Fwp%2Fv2%2Fcomments&post=4412"}],"version-history":[{"count":1,"href":"https:\/\/cinemasoul.es\/index.php?rest_route=\/wp\/v2\/product\/4412\/revisions"}],"predecessor-version":[{"id":4415,"href":"https:\/\/cinemasoul.es\/index.php?rest_route=\/wp\/v2\/product\/4412\/revisions\/4415"}],"wp:featuredmedia":[{"embeddable":true,"href":"https:\/\/cinemasoul.es\/index.php?rest_route=\/wp\/v2\/media\/4413"}],"wp:attachment":[{"href":"https:\/\/cinemasoul.es\/index.php?rest_route=%2Fwp%2Fv2%2Fmedia&parent=4412"}],"wp:term":[{"taxonomy":"product_brand","embeddable":true,"href":"https:\/\/cinemasoul.es\/index.php?rest_route=%2Fwp%2Fv2%2Fproduct_brand&post=4412"},{"taxonomy":"product_cat","embeddable":true,"href":"https:\/\/cinemasoul.es\/index.php?rest_route=%2Fwp%2Fv2%2Fproduct_cat&post=4412"},{"taxonomy":"product_tag","embeddable":true,"href":"https:\/\/cinemasoul.es\/index.php?rest_route=%2Fwp%2Fv2%2Fproduct_tag&post=4412"}],"curies":[{"name":"wp","href":"https:\/\/api.w.org\/{rel}","templated":true}]}}