{"id":4353,"date":"2022-02-05T11:14:38","date_gmt":"2022-02-05T11:14:38","guid":{"rendered":"https:\/\/www.cinemasoul.es\/?post_type=product&#038;p=4353"},"modified":"2022-02-05T11:14:39","modified_gmt":"2022-02-05T11:14:39","slug":"las-raices-del-cielo-bd","status":"publish","type":"product","link":"https:\/\/cinemasoul.es\/?product=las-raices-del-cielo-bd","title":{"rendered":"Las ra\u00edces del cielo [BD]"},"content":{"rendered":"","protected":false},"excerpt":{"rendered":"<p><strong>T\u00edtulo original<\/strong>: The Roots of Heaven\u00a0<strong>A\u00f1o<\/strong>: 1958\u00a0<strong>Duraci\u00f3n<\/strong>: 121 min.\u00a0<strong>Pa\u00eds<\/strong>: \u00a0Estados Unidos\u00a0<strong>Direcci\u00f3n<\/strong>: John Huston\u00a0<strong>Guion<\/strong>: Patrick Leigh-Fermor, Romain Gary. <em>Novela:<\/em> Romain Gary\u00a0<strong>M\u00fasica<\/strong>: Malcolm Arnold\u00a0<strong>Fotograf\u00eda<\/strong>: Oswald Morris\u00a0<strong>Reparto<\/strong>: Errol Flynn, Juliette Greco, Trevor Howard, Eddie Albert, Orson Welles, Paul Lukas, Herbert Lom, Gr\u00e9goire Aslan, Andr\u00e9 Luguet, Friedrich von Ledebur, Edric Connor, Olivier Hussenot, Pierre Dudan, Marc Doelnitz, Francis De Wolff\u00a0<strong>Productora<\/strong>: Darryl F. Zanuck, 20th Century Fox\u00a0<strong>G\u00e9nero<\/strong>: Aventuras. Drama<\/p>\n<p><strong>Sinopsis<\/strong>: Morel es un aventurero que viaja a una colonia francesa en \u00c1frica para luchar contra el exterminio indiscriminado de elefantes. Cuenta para ello con la ayuda de una nativa, de un excombatiente y de un presentador de televisi\u00f3n que se encargar\u00e1 de realizar un reportaje; pero tendr\u00e1 tambi\u00e9n que enfrentarse con personas, cuyos intereses son opuestos a los suyos.<\/p>\n","protected":false},"featured_media":4354,"comment_status":"open","ping_status":"closed","template":"","meta":{"site-sidebar-layout":"default","site-content-layout":"default","ast-site-content-layout":"default","site-content-style":"default","site-sidebar-style":"default","ast-global-header-display":"","ast-banner-title-visibility":"","ast-main-header-display":"","ast-hfb-above-header-display":"","ast-hfb-below-header-display":"","ast-hfb-mobile-header-display":"","site-post-title":"","ast-breadcrumbs-content":"","ast-featured-img":"","footer-sml-layout":"","ast-disable-related-posts":"","theme-transparent-header-meta":"","adv-header-id-meta":"","stick-header-meta":"","header-above-stick-meta":"","header-main-stick-meta":"","header-below-stick-meta":"","astra-migrate-meta-layouts":"default","ast-page-background-enabled":"default","ast-page-background-meta":{"desktop":{"background-color":"","background-image":"","background-repeat":"repeat","background-position":"center center","background-size":"auto","background-attachment":"scroll","background-type":"","background-media":"","overlay-type":"","overlay-color":"","overlay-opacity":"","overlay-gradient":""},"tablet":{"background-color":"","background-image":"","background-repeat":"repeat","background-position":"center center","background-size":"auto","background-attachment":"scroll","background-type":"","background-media":"","overlay-type":"","overlay-color":"","overlay-opacity":"","overlay-gradient":""},"mobile":{"background-color":"","background-image":"","background-repeat":"repeat","background-position":"center center","background-size":"auto","background-attachment":"scroll","background-type":"","background-media":"","overlay-type":"","overlay-color":"","overlay-opacity":"","overlay-gradient":""}},"ast-content-background-meta":{"desktop":{"background-color":"var(--ast-global-color-5)","background-image":"","background-repeat":"repeat","background-position":"center center","background-size":"auto","background-attachment":"scroll","background-type":"","background-media":"","overlay-type":"","overlay-color":"","overlay-opacity":"","overlay-gradient":""},"tablet":{"background-color":"var(--ast-global-color-5)","background-image":"","background-repeat":"repeat","background-position":"center center","background-size":"auto","background-attachment":"scroll","background-type":"","background-media":"","overlay-type":"","overlay-color":"","overlay-opacity":"","overlay-gradient":""},"mobile":{"background-color":"var(--ast-global-color-5)","background-image":"","background-repeat":"repeat","background-position":"center center","background-size":"auto","background-attachment":"scroll","background-type":"","background-media":"","overlay-type":"","overlay-color":"","overlay-opacity":"","overlay-gradient":""}},"_joinchat":[]},"product_brand":[],"product_cat":[43],"product_tag":[],"class_list":{"0":"post-4353","1":"product","2":"type-product","3":"status-publish","4":"has-post-thumbnail","6":"product_cat-bluray","7":"desktop-align-left","8":"tablet-align-left","9":"mobile-align-left","11":"first","12":"instock","13":"shipping-taxable","14":"purchasable","15":"product-type-simple"},"_links":{"self":[{"href":"https:\/\/cinemasoul.es\/index.php?rest_route=\/wp\/v2\/product\/4353","targetHints":{"allow":["GET"]}}],"collection":[{"href":"https:\/\/cinemasoul.es\/index.php?rest_route=\/wp\/v2\/product"}],"about":[{"href":"https:\/\/cinemasoul.es\/index.php?rest_route=\/wp\/v2\/types\/product"}],"replies":[{"embeddable":true,"href":"https:\/\/cinemasoul.es\/index.php?rest_route=%2Fwp%2Fv2%2Fcomments&post=4353"}],"version-history":[{"count":2,"href":"https:\/\/cinemasoul.es\/index.php?rest_route=\/wp\/v2\/product\/4353\/revisions"}],"predecessor-version":[{"id":4357,"href":"https:\/\/cinemasoul.es\/index.php?rest_route=\/wp\/v2\/product\/4353\/revisions\/4357"}],"wp:featuredmedia":[{"embeddable":true,"href":"https:\/\/cinemasoul.es\/index.php?rest_route=\/wp\/v2\/media\/4354"}],"wp:attachment":[{"href":"https:\/\/cinemasoul.es\/index.php?rest_route=%2Fwp%2Fv2%2Fmedia&parent=4353"}],"wp:term":[{"taxonomy":"product_brand","embeddable":true,"href":"https:\/\/cinemasoul.es\/index.php?rest_route=%2Fwp%2Fv2%2Fproduct_brand&post=4353"},{"taxonomy":"product_cat","embeddable":true,"href":"https:\/\/cinemasoul.es\/index.php?rest_route=%2Fwp%2Fv2%2Fproduct_cat&post=4353"},{"taxonomy":"product_tag","embeddable":true,"href":"https:\/\/cinemasoul.es\/index.php?rest_route=%2Fwp%2Fv2%2Fproduct_tag&post=4353"}],"curies":[{"name":"wp","href":"https:\/\/api.w.org\/{rel}","templated":true}]}}