{"id":4331,"date":"2022-02-03T20:07:33","date_gmt":"2022-02-03T20:07:33","guid":{"rendered":"https:\/\/www.cinemasoul.es\/?post_type=product&#038;p=4331"},"modified":"2022-02-03T20:14:57","modified_gmt":"2022-02-03T20:14:57","slug":"4331","status":"publish","type":"product","link":"https:\/\/cinemasoul.es\/?product=4331","title":{"rendered":"Las aventuras de Tom Sawyer [BD]"},"content":{"rendered":"","protected":false},"excerpt":{"rendered":"<p><strong>T\u00edtulo original<\/strong>: The Adventures of Tom Sawyer\u00a0<strong>A\u00f1o<\/strong>: 1938\u00a0<strong>Duraci\u00f3n<\/strong>: 77 min.\u00a0<strong>Pa\u00eds<\/strong>: \u00a0Estados Unidos\u00a0<strong>Direcci\u00f3n<\/strong>: Norman Taurog\u00a0<strong>Guion<\/strong>: John V.A. Weaver. <em>Novela:<\/em> Mark Twain\u00a0\u00a0<strong>M\u00fasica<\/strong>: Max\u00a0 Steiner\u00a0<strong>Fotograf\u00eda<\/strong>: James Wong Howe\u00a0<strong>Reparto<\/strong>: Tommy Kelly, May Robson, Walter Brennan, Victor Jory, David Holt, Victor Kilian, Nana Bryant, Olin Howland, Donald Meek, Charles Richman, Margaret Hamilton, Marcia Mae Jones, Mickey Rentschler, Cora Sue Collins, Philip Hurlic, Ann Gillis <strong>Productora<\/strong>: Selznick International Pictures\u00a0<strong>G\u00e9nero<\/strong>: Aventuras | Familia. Infancia. Vida rural (Norteam\u00e9rica)<\/p>\n<p><strong>Sinopsis<\/strong>: Tom Sawyer es un chico que vive en un pueblecito sure\u00f1o a orillas del Mississippi. Hu\u00e9rfano, comparte hogar con sus primos en casa de t\u00eda Polly. Es un chico imaginativo, travieso, inquieto, abierto y sincero. Su temperamento indomable, aunque noble, le hace acreedor de m\u00faltiples castigos y reprimendas. \u00c9l lo intenta, pero su imaginaci\u00f3n desbordante no lo deja en paz y no sale de un l\u00edo cuando ya est\u00e1 metido en otro. T\u00eda Polly, con raz\u00f3n o sin ella, no le pasa una.<\/p>\n","protected":false},"featured_media":4336,"comment_status":"open","ping_status":"closed","template":"","meta":{"site-sidebar-layout":"default","site-content-layout":"default","ast-site-content-layout":"default","site-content-style":"default","site-sidebar-style":"default","ast-global-header-display":"","ast-banner-title-visibility":"","ast-main-header-display":"","ast-hfb-above-header-display":"","ast-hfb-below-header-display":"","ast-hfb-mobile-header-display":"","site-post-title":"","ast-breadcrumbs-content":"","ast-featured-img":"","footer-sml-layout":"","ast-disable-related-posts":"","theme-transparent-header-meta":"","adv-header-id-meta":"","stick-header-meta":"","header-above-stick-meta":"","header-main-stick-meta":"","header-below-stick-meta":"","astra-migrate-meta-layouts":"default","ast-page-background-enabled":"default","ast-page-background-meta":{"desktop":{"background-color":"","background-image":"","background-repeat":"repeat","background-position":"center center","background-size":"auto","background-attachment":"scroll","background-type":"","background-media":"","overlay-type":"","overlay-color":"","overlay-opacity":"","overlay-gradient":""},"tablet":{"background-color":"","background-image":"","background-repeat":"repeat","background-position":"center center","background-size":"auto","background-attachment":"scroll","background-type":"","background-media":"","overlay-type":"","overlay-color":"","overlay-opacity":"","overlay-gradient":""},"mobile":{"background-color":"","background-image":"","background-repeat":"repeat","background-position":"center center","background-size":"auto","background-attachment":"scroll","background-type":"","background-media":"","overlay-type":"","overlay-color":"","overlay-opacity":"","overlay-gradient":""}},"ast-content-background-meta":{"desktop":{"background-color":"var(--ast-global-color-5)","background-image":"","background-repeat":"repeat","background-position":"center center","background-size":"auto","background-attachment":"scroll","background-type":"","background-media":"","overlay-type":"","overlay-color":"","overlay-opacity":"","overlay-gradient":""},"tablet":{"background-color":"var(--ast-global-color-5)","background-image":"","background-repeat":"repeat","background-position":"center center","background-size":"auto","background-attachment":"scroll","background-type":"","background-media":"","overlay-type":"","overlay-color":"","overlay-opacity":"","overlay-gradient":""},"mobile":{"background-color":"var(--ast-global-color-5)","background-image":"","background-repeat":"repeat","background-position":"center center","background-size":"auto","background-attachment":"scroll","background-type":"","background-media":"","overlay-type":"","overlay-color":"","overlay-opacity":"","overlay-gradient":""}},"_joinchat":[]},"product_brand":[],"product_cat":[43],"product_tag":[],"class_list":{"0":"post-4331","1":"product","2":"type-product","3":"status-publish","4":"has-post-thumbnail","6":"product_cat-bluray","7":"desktop-align-left","8":"tablet-align-left","9":"mobile-align-left","11":"first","12":"instock","13":"sale","14":"shipping-taxable","15":"purchasable","16":"product-type-simple"},"_links":{"self":[{"href":"https:\/\/cinemasoul.es\/index.php?rest_route=\/wp\/v2\/product\/4331","targetHints":{"allow":["GET"]}}],"collection":[{"href":"https:\/\/cinemasoul.es\/index.php?rest_route=\/wp\/v2\/product"}],"about":[{"href":"https:\/\/cinemasoul.es\/index.php?rest_route=\/wp\/v2\/types\/product"}],"replies":[{"embeddable":true,"href":"https:\/\/cinemasoul.es\/index.php?rest_route=%2Fwp%2Fv2%2Fcomments&post=4331"}],"version-history":[{"count":3,"href":"https:\/\/cinemasoul.es\/index.php?rest_route=\/wp\/v2\/product\/4331\/revisions"}],"predecessor-version":[{"id":4337,"href":"https:\/\/cinemasoul.es\/index.php?rest_route=\/wp\/v2\/product\/4331\/revisions\/4337"}],"wp:featuredmedia":[{"embeddable":true,"href":"https:\/\/cinemasoul.es\/index.php?rest_route=\/wp\/v2\/media\/4336"}],"wp:attachment":[{"href":"https:\/\/cinemasoul.es\/index.php?rest_route=%2Fwp%2Fv2%2Fmedia&parent=4331"}],"wp:term":[{"taxonomy":"product_brand","embeddable":true,"href":"https:\/\/cinemasoul.es\/index.php?rest_route=%2Fwp%2Fv2%2Fproduct_brand&post=4331"},{"taxonomy":"product_cat","embeddable":true,"href":"https:\/\/cinemasoul.es\/index.php?rest_route=%2Fwp%2Fv2%2Fproduct_cat&post=4331"},{"taxonomy":"product_tag","embeddable":true,"href":"https:\/\/cinemasoul.es\/index.php?rest_route=%2Fwp%2Fv2%2Fproduct_tag&post=4331"}],"curies":[{"name":"wp","href":"https:\/\/api.w.org\/{rel}","templated":true}]}}