{"id":4293,"date":"2022-02-03T17:58:42","date_gmt":"2022-02-03T17:58:42","guid":{"rendered":"https:\/\/www.cinemasoul.es\/?post_type=product&#038;p=4293"},"modified":"2022-02-03T17:58:43","modified_gmt":"2022-02-03T17:58:43","slug":"el-albergue-de-la-sexta-felicidad-blu-ray","status":"publish","type":"product","link":"https:\/\/cinemasoul.es\/?product=el-albergue-de-la-sexta-felicidad-blu-ray","title":{"rendered":"El albergue de la sexta felicidad [Blu-ray]"},"content":{"rendered":"<p><strong>T\u00edtulo original<\/strong>: The Inn of the Sixth Happiness\u00a0<strong>A\u00f1o<\/strong>: 1958\u00a0<strong>Duraci\u00f3n<\/strong>: 158 min.\u00a0<strong>Pa\u00eds<\/strong>: Estados Unidos\u00a0<strong>Direcci\u00f3n<\/strong>: Mark Robson <strong>Guion<\/strong>: Isobel Lennart. <em>Novela:<\/em> Alan Burguess\u00a0 <strong>M\u00fasica<\/strong>: Malcolm Arnold\u00a0<strong>Fotograf\u00eda<\/strong>: Freddie Young\u00a0<strong>Reparto<\/strong>: Ingrid Bergman, Curd J\u00fcrgens, Robert Donat, Michael David, Athene Seyler, Ronald Squire, Moultrie Kelsall, Richard Wattis, Peter Chong, Tsai Chin, Edith Sharpe, Joan Young, Lian-Shin Yang, Noel Hood, Burt Kwouk\u00a0<strong>Productora<\/strong>: 20th Century Fox\u00a0<strong>G\u00e9nero<\/strong>: Aventuras. Drama | Biogr\u00e1fico. A\u00f1os 30. Guerra Chino-Japonesa (II)<\/p>\n<p><strong>Sinopsis<\/strong>: Gladys Aylward, una intr\u00e9pida misionera brit\u00e1nica, cre\u00f3 en China un albergue para acoger a los agotados y hambrientos viajeros que recorr\u00edan las monta\u00f1as. Consigui\u00f3, adem\u00e1s, ganarse la confianza y la admiraci\u00f3n de los hostiles nativos, enamorar a un coronel euro-asi\u00e1tico y convertir al cristianismo a un poderoso mandar\u00edn. Pero su mayor haza\u00f1a la logr\u00f3 cuando en 1938, ante la inminente invasi\u00f3n japonesa, llev\u00f3 a cien ni\u00f1os sin hogar a trav\u00e9s de las monta\u00f1as a un lugar seguro.<\/p>\n","protected":false},"excerpt":{"rendered":"<p>T\u00edtulo original: The Inn of the Sixth Happiness\u00a0A\u00f1o: 1958\u00a0Duraci\u00f3n: 158 min.\u00a0Pa\u00eds: Estados Unidos\u00a0Direcci\u00f3n: Mark Robson Guion: Isobel Lennart. Novela: Alan Burguess\u00a0 M\u00fasica: Malcolm Arnold\u00a0Fotograf\u00eda: Freddie Young\u00a0Reparto: Ingrid Bergman, Curd J\u00fcrgens, Robert Donat, Michael David, Athene Seyler, Ronald Squire, Moultrie Kelsall, Richard Wattis, Peter Chong, Tsai Chin, Edith Sharpe, Joan Young, Lian-Shin Yang, Noel Hood, Burt [&hellip;]<\/p>\n","protected":false},"featured_media":4294,"comment_status":"open","ping_status":"closed","template":"","meta":{"site-sidebar-layout":"default","site-content-layout":"default","ast-site-content-layout":"default","site-content-style":"default","site-sidebar-style":"default","ast-global-header-display":"","ast-banner-title-visibility":"","ast-main-header-display":"","ast-hfb-above-header-display":"","ast-hfb-below-header-display":"","ast-hfb-mobile-header-display":"","site-post-title":"","ast-breadcrumbs-content":"","ast-featured-img":"","footer-sml-layout":"","ast-disable-related-posts":"","theme-transparent-header-meta":"","adv-header-id-meta":"","stick-header-meta":"","header-above-stick-meta":"","header-main-stick-meta":"","header-below-stick-meta":"","astra-migrate-meta-layouts":"default","ast-page-background-enabled":"default","ast-page-background-meta":{"desktop":{"background-color":"","background-image":"","background-repeat":"repeat","background-position":"center center","background-size":"auto","background-attachment":"scroll","background-type":"","background-media":"","overlay-type":"","overlay-color":"","overlay-opacity":"","overlay-gradient":""},"tablet":{"background-color":"","background-image":"","background-repeat":"repeat","background-position":"center center","background-size":"auto","background-attachment":"scroll","background-type":"","background-media":"","overlay-type":"","overlay-color":"","overlay-opacity":"","overlay-gradient":""},"mobile":{"background-color":"","background-image":"","background-repeat":"repeat","background-position":"center center","background-size":"auto","background-attachment":"scroll","background-type":"","background-media":"","overlay-type":"","overlay-color":"","overlay-opacity":"","overlay-gradient":""}},"ast-content-background-meta":{"desktop":{"background-color":"var(--ast-global-color-5)","background-image":"","background-repeat":"repeat","background-position":"center center","background-size":"auto","background-attachment":"scroll","background-type":"","background-media":"","overlay-type":"","overlay-color":"","overlay-opacity":"","overlay-gradient":""},"tablet":{"background-color":"var(--ast-global-color-5)","background-image":"","background-repeat":"repeat","background-position":"center center","background-size":"auto","background-attachment":"scroll","background-type":"","background-media":"","overlay-type":"","overlay-color":"","overlay-opacity":"","overlay-gradient":""},"mobile":{"background-color":"var(--ast-global-color-5)","background-image":"","background-repeat":"repeat","background-position":"center center","background-size":"auto","background-attachment":"scroll","background-type":"","background-media":"","overlay-type":"","overlay-color":"","overlay-opacity":"","overlay-gradient":""}},"_joinchat":[]},"product_brand":[],"product_cat":[43],"product_tag":[],"class_list":{"0":"post-4293","1":"product","2":"type-product","3":"status-publish","4":"has-post-thumbnail","6":"product_cat-bluray","7":"desktop-align-left","8":"tablet-align-left","9":"mobile-align-left","11":"first","12":"instock","13":"sale","14":"shipping-taxable","15":"purchasable","16":"product-type-simple"},"_links":{"self":[{"href":"https:\/\/cinemasoul.es\/index.php?rest_route=\/wp\/v2\/product\/4293","targetHints":{"allow":["GET"]}}],"collection":[{"href":"https:\/\/cinemasoul.es\/index.php?rest_route=\/wp\/v2\/product"}],"about":[{"href":"https:\/\/cinemasoul.es\/index.php?rest_route=\/wp\/v2\/types\/product"}],"replies":[{"embeddable":true,"href":"https:\/\/cinemasoul.es\/index.php?rest_route=%2Fwp%2Fv2%2Fcomments&post=4293"}],"version-history":[{"count":1,"href":"https:\/\/cinemasoul.es\/index.php?rest_route=\/wp\/v2\/product\/4293\/revisions"}],"predecessor-version":[{"id":4296,"href":"https:\/\/cinemasoul.es\/index.php?rest_route=\/wp\/v2\/product\/4293\/revisions\/4296"}],"wp:featuredmedia":[{"embeddable":true,"href":"https:\/\/cinemasoul.es\/index.php?rest_route=\/wp\/v2\/media\/4294"}],"wp:attachment":[{"href":"https:\/\/cinemasoul.es\/index.php?rest_route=%2Fwp%2Fv2%2Fmedia&parent=4293"}],"wp:term":[{"taxonomy":"product_brand","embeddable":true,"href":"https:\/\/cinemasoul.es\/index.php?rest_route=%2Fwp%2Fv2%2Fproduct_brand&post=4293"},{"taxonomy":"product_cat","embeddable":true,"href":"https:\/\/cinemasoul.es\/index.php?rest_route=%2Fwp%2Fv2%2Fproduct_cat&post=4293"},{"taxonomy":"product_tag","embeddable":true,"href":"https:\/\/cinemasoul.es\/index.php?rest_route=%2Fwp%2Fv2%2Fproduct_tag&post=4293"}],"curies":[{"name":"wp","href":"https:\/\/api.w.org\/{rel}","templated":true}]}}