{"id":4285,"date":"2022-02-03T13:56:32","date_gmt":"2022-02-03T13:56:32","guid":{"rendered":"https:\/\/www.cinemasoul.es\/?post_type=product&#038;p=4285"},"modified":"2022-02-03T13:56:32","modified_gmt":"2022-02-03T13:56:32","slug":"dobermann-bd","status":"publish","type":"product","link":"https:\/\/cinemasoul.es\/?product=dobermann-bd","title":{"rendered":"Dobermann [BD]"},"content":{"rendered":"<p>&nbsp;<\/p>\n<p><strong>T\u00edtulo original<\/strong>: Dobermann\u00a0<strong>A\u00f1o<\/strong>: 1997\u00a0<strong>Duraci\u00f3n<\/strong>: 105 min. <strong>Pa\u00eds<\/strong>: Francia <strong>Direcci\u00f3n<\/strong>: Jan Kounen <strong>Guion<\/strong>: Jo\u00ebl Houssin. <em>Novela:<\/em> Jo\u00ebl Houssin <strong>M\u00fasica<\/strong>: Richard Shorr <strong>Fotograf\u00eda<\/strong>: Michel Amathieu <strong>Reparto<\/strong>: Vincent Cassel, Monica Bellucci, Tch\u00e9ky Karyo, Dominique Bettenfeld, Antoine Basler, Romain Duris, Chick Ortega, Laura Ma\u00f1\u00e1 <strong>Productora<\/strong>: La Chauve-Souris, No\u00e9 Productions <strong>G\u00e9nero<\/strong>: Acci\u00f3n. Thriller | Crimen<\/p>\n<p><strong>Sinopsis<\/strong>: Un comisario re\u00fane a sus mejores agentes, la flor y nata de la polic\u00eda, y les hace una advertencia: a los delincuentes como \u00abEl Dobermann\u00bb no hay que arrestarlos y encarcelarlos; hay que eliminarlos. Pero como no le escucharon el comisario tuvo que buscar una soluci\u00f3n m\u00e1s radical.<\/p>\n","protected":false},"excerpt":{"rendered":"<p>&nbsp; T\u00edtulo original: Dobermann\u00a0A\u00f1o: 1997\u00a0Duraci\u00f3n: 105 min. Pa\u00eds: Francia Direcci\u00f3n: Jan Kounen Guion: Jo\u00ebl Houssin. Novela: Jo\u00ebl Houssin M\u00fasica: Richard Shorr Fotograf\u00eda: Michel Amathieu Reparto: Vincent Cassel, Monica Bellucci, Tch\u00e9ky Karyo, Dominique Bettenfeld, Antoine Basler, Romain Duris, Chick Ortega, Laura Ma\u00f1\u00e1 Productora: La Chauve-Souris, No\u00e9 Productions G\u00e9nero: Acci\u00f3n. Thriller | Crimen Sinopsis: Un comisario re\u00fane [&hellip;]<\/p>\n","protected":false},"featured_media":4286,"comment_status":"open","ping_status":"closed","template":"","meta":{"site-sidebar-layout":"default","site-content-layout":"default","ast-site-content-layout":"default","site-content-style":"default","site-sidebar-style":"default","ast-global-header-display":"","ast-banner-title-visibility":"","ast-main-header-display":"","ast-hfb-above-header-display":"","ast-hfb-below-header-display":"","ast-hfb-mobile-header-display":"","site-post-title":"","ast-breadcrumbs-content":"","ast-featured-img":"","footer-sml-layout":"","ast-disable-related-posts":"","theme-transparent-header-meta":"","adv-header-id-meta":"","stick-header-meta":"","header-above-stick-meta":"","header-main-stick-meta":"","header-below-stick-meta":"","astra-migrate-meta-layouts":"default","ast-page-background-enabled":"default","ast-page-background-meta":{"desktop":{"background-color":"","background-image":"","background-repeat":"repeat","background-position":"center center","background-size":"auto","background-attachment":"scroll","background-type":"","background-media":"","overlay-type":"","overlay-color":"","overlay-opacity":"","overlay-gradient":""},"tablet":{"background-color":"","background-image":"","background-repeat":"repeat","background-position":"center center","background-size":"auto","background-attachment":"scroll","background-type":"","background-media":"","overlay-type":"","overlay-color":"","overlay-opacity":"","overlay-gradient":""},"mobile":{"background-color":"","background-image":"","background-repeat":"repeat","background-position":"center center","background-size":"auto","background-attachment":"scroll","background-type":"","background-media":"","overlay-type":"","overlay-color":"","overlay-opacity":"","overlay-gradient":""}},"ast-content-background-meta":{"desktop":{"background-color":"var(--ast-global-color-5)","background-image":"","background-repeat":"repeat","background-position":"center center","background-size":"auto","background-attachment":"scroll","background-type":"","background-media":"","overlay-type":"","overlay-color":"","overlay-opacity":"","overlay-gradient":""},"tablet":{"background-color":"var(--ast-global-color-5)","background-image":"","background-repeat":"repeat","background-position":"center center","background-size":"auto","background-attachment":"scroll","background-type":"","background-media":"","overlay-type":"","overlay-color":"","overlay-opacity":"","overlay-gradient":""},"mobile":{"background-color":"var(--ast-global-color-5)","background-image":"","background-repeat":"repeat","background-position":"center center","background-size":"auto","background-attachment":"scroll","background-type":"","background-media":"","overlay-type":"","overlay-color":"","overlay-opacity":"","overlay-gradient":""}},"_joinchat":[]},"product_brand":[],"product_cat":[43],"product_tag":[],"class_list":{"0":"post-4285","1":"product","2":"type-product","3":"status-publish","4":"has-post-thumbnail","6":"product_cat-bluray","7":"desktop-align-left","8":"tablet-align-left","9":"mobile-align-left","11":"first","12":"instock","13":"sale","14":"shipping-taxable","15":"purchasable","16":"product-type-simple"},"_links":{"self":[{"href":"https:\/\/cinemasoul.es\/index.php?rest_route=\/wp\/v2\/product\/4285","targetHints":{"allow":["GET"]}}],"collection":[{"href":"https:\/\/cinemasoul.es\/index.php?rest_route=\/wp\/v2\/product"}],"about":[{"href":"https:\/\/cinemasoul.es\/index.php?rest_route=\/wp\/v2\/types\/product"}],"replies":[{"embeddable":true,"href":"https:\/\/cinemasoul.es\/index.php?rest_route=%2Fwp%2Fv2%2Fcomments&post=4285"}],"version-history":[{"count":1,"href":"https:\/\/cinemasoul.es\/index.php?rest_route=\/wp\/v2\/product\/4285\/revisions"}],"predecessor-version":[{"id":4288,"href":"https:\/\/cinemasoul.es\/index.php?rest_route=\/wp\/v2\/product\/4285\/revisions\/4288"}],"wp:featuredmedia":[{"embeddable":true,"href":"https:\/\/cinemasoul.es\/index.php?rest_route=\/wp\/v2\/media\/4286"}],"wp:attachment":[{"href":"https:\/\/cinemasoul.es\/index.php?rest_route=%2Fwp%2Fv2%2Fmedia&parent=4285"}],"wp:term":[{"taxonomy":"product_brand","embeddable":true,"href":"https:\/\/cinemasoul.es\/index.php?rest_route=%2Fwp%2Fv2%2Fproduct_brand&post=4285"},{"taxonomy":"product_cat","embeddable":true,"href":"https:\/\/cinemasoul.es\/index.php?rest_route=%2Fwp%2Fv2%2Fproduct_cat&post=4285"},{"taxonomy":"product_tag","embeddable":true,"href":"https:\/\/cinemasoul.es\/index.php?rest_route=%2Fwp%2Fv2%2Fproduct_tag&post=4285"}],"curies":[{"name":"wp","href":"https:\/\/api.w.org\/{rel}","templated":true}]}}