{"id":4270,"date":"2022-02-03T13:26:47","date_gmt":"2022-02-03T13:26:47","guid":{"rendered":"https:\/\/www.cinemasoul.es\/?post_type=product&#038;p=4270"},"modified":"2022-02-03T13:26:47","modified_gmt":"2022-02-03T13:26:47","slug":"cyrano-de-bergerac-1951-blu-ray","status":"publish","type":"product","link":"https:\/\/cinemasoul.es\/?product=cyrano-de-bergerac-1951-blu-ray","title":{"rendered":"Cyrano de Bergerac (1951) [Blu-ray]"},"content":{"rendered":"<p><strong>T\u00edtulo original<\/strong>: Cyrano de Bergerac <strong>A\u00f1o<\/strong>: 1950\u00a0<strong>Duraci\u00f3n<\/strong>: 112 min.\u00a0<strong>Pa\u00eds<\/strong>: Estados Unidos <strong>Direcci\u00f3n<\/strong>: Michael Gordon <strong>Guion<\/strong>: Carl Foreman. <em>Obra:<\/em> Edmond Rostand <strong>M\u00fasica<\/strong>: Dimitri Tiomkin <strong>Fotograf\u00eda<\/strong>: Franz Planer (B&amp;W) <strong>Reparto<\/strong>: Jos\u00e9 Ferrer, Mala Powers, William Prince, Morris Carnovsky, Ralph Clanton, Virginia Farmer, Lloyd Corrigan, Edgar Barrier\u00a0<strong>Productora<\/strong>: United Artists <strong>G\u00e9nero<\/strong>: Aventuras. Drama. Romance | Siglo XVII. Capa y espada<\/p>\n<p><strong>Sinopsis<\/strong>: Cyrano est\u00e1 enamorado de Roxane al igual que su amigo Christian, pero \u00e9ste, que posee todo el atractivo del que carece Cyrano, no sabe c\u00f3mo cortejarla. Cyrano acude en ayuda de su t\u00edmido amigo prest\u00e1ndole sus palabras y sensibilidad para escribir cartas de amor y poes\u00eda. Roxane se enamora de la persona que escribe las cartas, convencida de que es Christian.<\/p>\n","protected":false},"excerpt":{"rendered":"<p>T\u00edtulo original: Cyrano de Bergerac A\u00f1o: 1950\u00a0Duraci\u00f3n: 112 min.\u00a0Pa\u00eds: Estados Unidos Direcci\u00f3n: Michael Gordon Guion: Carl Foreman. Obra: Edmond Rostand M\u00fasica: Dimitri Tiomkin Fotograf\u00eda: Franz Planer (B&amp;W) Reparto: Jos\u00e9 Ferrer, Mala Powers, William Prince, Morris Carnovsky, Ralph Clanton, Virginia Farmer, Lloyd Corrigan, Edgar Barrier\u00a0Productora: United Artists G\u00e9nero: Aventuras. Drama. Romance | Siglo XVII. Capa y [&hellip;]<\/p>\n","protected":false},"featured_media":4271,"comment_status":"open","ping_status":"closed","template":"","meta":{"site-sidebar-layout":"default","site-content-layout":"default","ast-site-content-layout":"default","site-content-style":"default","site-sidebar-style":"default","ast-global-header-display":"","ast-banner-title-visibility":"","ast-main-header-display":"","ast-hfb-above-header-display":"","ast-hfb-below-header-display":"","ast-hfb-mobile-header-display":"","site-post-title":"","ast-breadcrumbs-content":"","ast-featured-img":"","footer-sml-layout":"","ast-disable-related-posts":"","theme-transparent-header-meta":"","adv-header-id-meta":"","stick-header-meta":"","header-above-stick-meta":"","header-main-stick-meta":"","header-below-stick-meta":"","astra-migrate-meta-layouts":"default","ast-page-background-enabled":"default","ast-page-background-meta":{"desktop":{"background-color":"","background-image":"","background-repeat":"repeat","background-position":"center center","background-size":"auto","background-attachment":"scroll","background-type":"","background-media":"","overlay-type":"","overlay-color":"","overlay-opacity":"","overlay-gradient":""},"tablet":{"background-color":"","background-image":"","background-repeat":"repeat","background-position":"center center","background-size":"auto","background-attachment":"scroll","background-type":"","background-media":"","overlay-type":"","overlay-color":"","overlay-opacity":"","overlay-gradient":""},"mobile":{"background-color":"","background-image":"","background-repeat":"repeat","background-position":"center center","background-size":"auto","background-attachment":"scroll","background-type":"","background-media":"","overlay-type":"","overlay-color":"","overlay-opacity":"","overlay-gradient":""}},"ast-content-background-meta":{"desktop":{"background-color":"var(--ast-global-color-5)","background-image":"","background-repeat":"repeat","background-position":"center center","background-size":"auto","background-attachment":"scroll","background-type":"","background-media":"","overlay-type":"","overlay-color":"","overlay-opacity":"","overlay-gradient":""},"tablet":{"background-color":"var(--ast-global-color-5)","background-image":"","background-repeat":"repeat","background-position":"center center","background-size":"auto","background-attachment":"scroll","background-type":"","background-media":"","overlay-type":"","overlay-color":"","overlay-opacity":"","overlay-gradient":""},"mobile":{"background-color":"var(--ast-global-color-5)","background-image":"","background-repeat":"repeat","background-position":"center center","background-size":"auto","background-attachment":"scroll","background-type":"","background-media":"","overlay-type":"","overlay-color":"","overlay-opacity":"","overlay-gradient":""}},"_joinchat":[]},"product_brand":[],"product_cat":[43],"product_tag":[],"class_list":{"0":"post-4270","1":"product","2":"type-product","3":"status-publish","4":"has-post-thumbnail","6":"product_cat-bluray","7":"desktop-align-left","8":"tablet-align-left","9":"mobile-align-left","11":"first","12":"instock","13":"shipping-taxable","14":"purchasable","15":"product-type-simple"},"_links":{"self":[{"href":"https:\/\/cinemasoul.es\/index.php?rest_route=\/wp\/v2\/product\/4270","targetHints":{"allow":["GET"]}}],"collection":[{"href":"https:\/\/cinemasoul.es\/index.php?rest_route=\/wp\/v2\/product"}],"about":[{"href":"https:\/\/cinemasoul.es\/index.php?rest_route=\/wp\/v2\/types\/product"}],"replies":[{"embeddable":true,"href":"https:\/\/cinemasoul.es\/index.php?rest_route=%2Fwp%2Fv2%2Fcomments&post=4270"}],"version-history":[{"count":1,"href":"https:\/\/cinemasoul.es\/index.php?rest_route=\/wp\/v2\/product\/4270\/revisions"}],"predecessor-version":[{"id":4273,"href":"https:\/\/cinemasoul.es\/index.php?rest_route=\/wp\/v2\/product\/4270\/revisions\/4273"}],"wp:featuredmedia":[{"embeddable":true,"href":"https:\/\/cinemasoul.es\/index.php?rest_route=\/wp\/v2\/media\/4271"}],"wp:attachment":[{"href":"https:\/\/cinemasoul.es\/index.php?rest_route=%2Fwp%2Fv2%2Fmedia&parent=4270"}],"wp:term":[{"taxonomy":"product_brand","embeddable":true,"href":"https:\/\/cinemasoul.es\/index.php?rest_route=%2Fwp%2Fv2%2Fproduct_brand&post=4270"},{"taxonomy":"product_cat","embeddable":true,"href":"https:\/\/cinemasoul.es\/index.php?rest_route=%2Fwp%2Fv2%2Fproduct_cat&post=4270"},{"taxonomy":"product_tag","embeddable":true,"href":"https:\/\/cinemasoul.es\/index.php?rest_route=%2Fwp%2Fv2%2Fproduct_tag&post=4270"}],"curies":[{"name":"wp","href":"https:\/\/api.w.org\/{rel}","templated":true}]}}