{"id":4226,"date":"2022-02-01T19:11:56","date_gmt":"2022-02-01T19:11:56","guid":{"rendered":"https:\/\/www.cinemasoul.es\/?post_type=product&#038;p=4226"},"modified":"2022-02-01T19:12:48","modified_gmt":"2022-02-01T19:12:48","slug":"almas-desnudas-dvd","status":"publish","type":"product","link":"https:\/\/cinemasoul.es\/?product=almas-desnudas-dvd","title":{"rendered":"Almas desnudas [DVD]"},"content":{"rendered":"<p><strong>T\u00cdTULO ORIGINAL<\/strong>: <em>THE RECKLESS MOMENT\u00a0<\/em><strong>DIRIGIDA<\/strong> POR MAX OPHULS <strong>PRODUCIDA<\/strong> POR WALTER WANGER <strong>M\u00daSICA<\/strong> ORIGINAL DE HANS J. SALTER <strong>FOTOGRAF\u00cdA<\/strong> DE BURNETT GUFFEY\u00a0<strong>REPARTO<\/strong>: JAMES MASON JOAN BENNETT GERALDINE BROOKS\u00a0 HENRY O&#8217;NEILL\u00a0 SHEPPERD STRUDWICK<\/p>\n<p><strong>A\u00d1O<\/strong>: 1949 <strong>NACIONALIDAD<\/strong>: ESTADOS UNIDOS <strong>GENERO<\/strong>: DRAMA <strong>COLOR<\/strong>: BLANCO Y NEGRO <strong>IDIOMAS<\/strong>: ESPA\u00d1OL, INGL\u00c9S <strong>SUBT\u00cdTULOS<\/strong>:\u00a0ESPA\u00d1OL\u00a0<strong>DURACI\u00d3N<\/strong>: 79 MIN. APROX. <strong>FORMATO<\/strong>: 4\/3 1:37.1. \u00a0<strong>N\u00ba DE EXPEDIENTE<\/strong> 129.171 <strong>CLASIFICACI\u00d3N<\/strong><strong>:<\/strong> NO RECOMENDADA A MENORES DE 7 A\u00d1OS<\/p>\n<p><em>\u00abPara alguno de nosotros, Max Ophuls fue el mejor director franc\u00e9s\u00bb\u00a0<\/em>&#8211; Fran\u00e7ois Truffaut. Tras la muerte accidental del novio de su hija, la respetable madre Luc\u00eda Harper instintivamente oculta el cuerpo para proteger a su familia. Poco despu\u00e9s un extra\u00f1o la llama y le env\u00eda a un amigo para chantajearla. La comodidad y la seguridad del mundo de Luc\u00eda parecen estar a punto de derrumbarse.\u00a0Este cl\u00e1sico <em>film noir<\/em> de Ophuls est\u00e1 lleno de suspense, magn\u00edficamente fotografiado y ofrece las mejores interpretaciones en las carreras de Joan Bennett y James Mason.<\/p>\n","protected":false},"excerpt":{"rendered":"<p>T\u00cdTULO ORIGINAL: THE RECKLESS MOMENT\u00a0DIRIGIDA POR MAX OPHULS PRODUCIDA POR WALTER WANGER M\u00daSICA ORIGINAL DE HANS J. SALTER FOTOGRAF\u00cdA DE BURNETT GUFFEY\u00a0REPARTO: JAMES MASON JOAN BENNETT GERALDINE BROOKS\u00a0 HENRY O&#8217;NEILL\u00a0 SHEPPERD STRUDWICK A\u00d1O: 1949 NACIONALIDAD: ESTADOS UNIDOS GENERO: DRAMA COLOR: BLANCO Y NEGRO IDIOMAS: ESPA\u00d1OL, INGL\u00c9S SUBT\u00cdTULOS:\u00a0ESPA\u00d1OL\u00a0DURACI\u00d3N: 79 MIN. APROX. FORMATO: 4\/3 1:37.1. \u00a0N\u00ba DE [&hellip;]<\/p>\n","protected":false},"featured_media":4227,"comment_status":"open","ping_status":"closed","template":"","meta":{"site-sidebar-layout":"default","site-content-layout":"default","ast-site-content-layout":"default","site-content-style":"default","site-sidebar-style":"default","ast-global-header-display":"","ast-banner-title-visibility":"","ast-main-header-display":"","ast-hfb-above-header-display":"","ast-hfb-below-header-display":"","ast-hfb-mobile-header-display":"","site-post-title":"","ast-breadcrumbs-content":"","ast-featured-img":"","footer-sml-layout":"","ast-disable-related-posts":"","theme-transparent-header-meta":"","adv-header-id-meta":"","stick-header-meta":"","header-above-stick-meta":"","header-main-stick-meta":"","header-below-stick-meta":"","astra-migrate-meta-layouts":"default","ast-page-background-enabled":"default","ast-page-background-meta":{"desktop":{"background-color":"","background-image":"","background-repeat":"repeat","background-position":"center center","background-size":"auto","background-attachment":"scroll","background-type":"","background-media":"","overlay-type":"","overlay-color":"","overlay-opacity":"","overlay-gradient":""},"tablet":{"background-color":"","background-image":"","background-repeat":"repeat","background-position":"center center","background-size":"auto","background-attachment":"scroll","background-type":"","background-media":"","overlay-type":"","overlay-color":"","overlay-opacity":"","overlay-gradient":""},"mobile":{"background-color":"","background-image":"","background-repeat":"repeat","background-position":"center center","background-size":"auto","background-attachment":"scroll","background-type":"","background-media":"","overlay-type":"","overlay-color":"","overlay-opacity":"","overlay-gradient":""}},"ast-content-background-meta":{"desktop":{"background-color":"var(--ast-global-color-5)","background-image":"","background-repeat":"repeat","background-position":"center center","background-size":"auto","background-attachment":"scroll","background-type":"","background-media":"","overlay-type":"","overlay-color":"","overlay-opacity":"","overlay-gradient":""},"tablet":{"background-color":"var(--ast-global-color-5)","background-image":"","background-repeat":"repeat","background-position":"center center","background-size":"auto","background-attachment":"scroll","background-type":"","background-media":"","overlay-type":"","overlay-color":"","overlay-opacity":"","overlay-gradient":""},"mobile":{"background-color":"var(--ast-global-color-5)","background-image":"","background-repeat":"repeat","background-position":"center center","background-size":"auto","background-attachment":"scroll","background-type":"","background-media":"","overlay-type":"","overlay-color":"","overlay-opacity":"","overlay-gradient":""}},"_joinchat":[]},"product_brand":[],"product_cat":[42],"product_tag":[],"class_list":{"0":"post-4226","1":"product","2":"type-product","3":"status-publish","4":"has-post-thumbnail","6":"product_cat-dvd","7":"desktop-align-left","8":"tablet-align-left","9":"mobile-align-left","11":"first","12":"instock","13":"sale","14":"shipping-taxable","15":"purchasable","16":"product-type-simple"},"_links":{"self":[{"href":"https:\/\/cinemasoul.es\/index.php?rest_route=\/wp\/v2\/product\/4226","targetHints":{"allow":["GET"]}}],"collection":[{"href":"https:\/\/cinemasoul.es\/index.php?rest_route=\/wp\/v2\/product"}],"about":[{"href":"https:\/\/cinemasoul.es\/index.php?rest_route=\/wp\/v2\/types\/product"}],"replies":[{"embeddable":true,"href":"https:\/\/cinemasoul.es\/index.php?rest_route=%2Fwp%2Fv2%2Fcomments&post=4226"}],"version-history":[{"count":2,"href":"https:\/\/cinemasoul.es\/index.php?rest_route=\/wp\/v2\/product\/4226\/revisions"}],"predecessor-version":[{"id":4230,"href":"https:\/\/cinemasoul.es\/index.php?rest_route=\/wp\/v2\/product\/4226\/revisions\/4230"}],"wp:featuredmedia":[{"embeddable":true,"href":"https:\/\/cinemasoul.es\/index.php?rest_route=\/wp\/v2\/media\/4227"}],"wp:attachment":[{"href":"https:\/\/cinemasoul.es\/index.php?rest_route=%2Fwp%2Fv2%2Fmedia&parent=4226"}],"wp:term":[{"taxonomy":"product_brand","embeddable":true,"href":"https:\/\/cinemasoul.es\/index.php?rest_route=%2Fwp%2Fv2%2Fproduct_brand&post=4226"},{"taxonomy":"product_cat","embeddable":true,"href":"https:\/\/cinemasoul.es\/index.php?rest_route=%2Fwp%2Fv2%2Fproduct_cat&post=4226"},{"taxonomy":"product_tag","embeddable":true,"href":"https:\/\/cinemasoul.es\/index.php?rest_route=%2Fwp%2Fv2%2Fproduct_tag&post=4226"}],"curies":[{"name":"wp","href":"https:\/\/api.w.org\/{rel}","templated":true}]}}