{"id":4139,"date":"2022-02-01T10:44:30","date_gmt":"2022-02-01T10:44:30","guid":{"rendered":"https:\/\/www.cinemasoul.es\/?post_type=product&#038;p=4139"},"modified":"2022-02-01T10:44:46","modified_gmt":"2022-02-01T10:44:46","slug":"los-grandes-senores-dvd","status":"publish","type":"product","link":"https:\/\/cinemasoul.es\/?product=los-grandes-senores-dvd","title":{"rendered":"Los grandes se\u00f1ores [DVD]"},"content":{"rendered":"<p><strong>T\u00cdTULO<\/strong>: LOS GRANDES SE\u00d1ORES <strong>T\u00cdTULO ORIGINAL<\/strong>: LE GENTLEMAN D\u2019EPSOM <strong>DIRECTOR<\/strong>: GILLES GRANGIER <strong>GUI\u00d3N<\/strong><strong>:<\/strong> MICHEL AUDIARD, GILLES GRANGIER, ALBERT SIMONIN <strong>ARGUMENTO<\/strong>: MICHEL AUDIARD, GILLES GRANGIER, ALBERT SIMONIN <strong>PRODUCTOR<\/strong>: JACQUES BAR <strong>M\u00daSICA<\/strong><strong>:<\/strong> MICHEL LEGRAND, FRANCIS LEMARQUE <strong>FOTOGRAF\u00cdA<\/strong>: LOUIS PAGE <strong>ACTORES<\/strong><strong>:<\/strong> JEAN GABIN, MADELEINE ROBINSON, FRANCK VILLARD, JEAN LEFEBVRE, JACQUES MARIN, JEAN MARTINELLI, JO\u00cbLLE BERNARD, ALINE BERTRAND, LEONCE COME, MERIE-H\u00c9L\u00c9NE DASTE, ALBERT DINAN, PAUL FAIVRE, CAMILLE FOURNIER, PAUL MERCEY, ALEXANDRE RIGNAULT, JOS\u00c9E STEINER, PAUL FRANKEUR, LOUIS DE FUN\u00c8S<strong> A\u00d1O<\/strong>: 1964 <strong>NACIONALIDAD<\/strong>: FRANCIA\/ITALIA <strong>GENERO<\/strong>: COMEDIA\/CRIMEN <strong>FORMATO DE PANTALLA<\/strong>: 16\/9 (2.35:1) <strong>CARACTER\u00cdSTICAS ESPECIALES<\/strong>: MEN\u00daS INTERACTIVOS <strong>IDIOMA<\/strong>: DOLBY DIGITAL 2.0 MONO CASTELLANO. ACCESO DIRECTO A ESCENAS.<strong> EXTRAS<\/strong>: FICHA T\u00c9CNICA, ART\u00cdSTICA, CARTEL ORIGINAL Y GALER\u00cdA FOTOGR\u00c1FICA<\/p>\n<p>Ligera parodia francesa de la alta sociedad con Jean Gabin engatusando a sus ricos y poderosos amigos. Tres guionistas reunieron sus talentos para dar luz el drama franc\u00e9s <em>Los Grandes Se\u00f1ores<\/em>, en el que Jean Gabin interpreta a un minusv\u00e1lido que ha estado viviendo por todo lo alto durante a\u00f1os. En el hip\u00f3dromo, mientras hace sus apuestas en el Epson Downs brit\u00e1nico, Gabin se supera asimismo en astucia\u2026 \u00a0El resto de la historia concierne a sus febriles esfuerzos para recuperar su perdida gloria.<\/p>\n","protected":false},"excerpt":{"rendered":"<p>T\u00cdTULO: LOS GRANDES SE\u00d1ORES T\u00cdTULO ORIGINAL: LE GENTLEMAN D\u2019EPSOM DIRECTOR: GILLES GRANGIER GUI\u00d3N: MICHEL AUDIARD, GILLES GRANGIER, ALBERT SIMONIN ARGUMENTO: MICHEL AUDIARD, GILLES GRANGIER, ALBERT SIMONIN PRODUCTOR: JACQUES BAR M\u00daSICA: MICHEL LEGRAND, FRANCIS LEMARQUE FOTOGRAF\u00cdA: LOUIS PAGE ACTORES: JEAN GABIN, MADELEINE ROBINSON, FRANCK VILLARD, JEAN LEFEBVRE, JACQUES MARIN, JEAN MARTINELLI, JO\u00cbLLE BERNARD, ALINE BERTRAND, LEONCE [&hellip;]<\/p>\n","protected":false},"featured_media":4140,"comment_status":"open","ping_status":"closed","template":"","meta":{"site-sidebar-layout":"default","site-content-layout":"default","ast-site-content-layout":"default","site-content-style":"default","site-sidebar-style":"default","ast-global-header-display":"","ast-banner-title-visibility":"","ast-main-header-display":"","ast-hfb-above-header-display":"","ast-hfb-below-header-display":"","ast-hfb-mobile-header-display":"","site-post-title":"","ast-breadcrumbs-content":"","ast-featured-img":"","footer-sml-layout":"","ast-disable-related-posts":"","theme-transparent-header-meta":"","adv-header-id-meta":"","stick-header-meta":"","header-above-stick-meta":"","header-main-stick-meta":"","header-below-stick-meta":"","astra-migrate-meta-layouts":"default","ast-page-background-enabled":"default","ast-page-background-meta":{"desktop":{"background-color":"","background-image":"","background-repeat":"repeat","background-position":"center center","background-size":"auto","background-attachment":"scroll","background-type":"","background-media":"","overlay-type":"","overlay-color":"","overlay-opacity":"","overlay-gradient":""},"tablet":{"background-color":"","background-image":"","background-repeat":"repeat","background-position":"center center","background-size":"auto","background-attachment":"scroll","background-type":"","background-media":"","overlay-type":"","overlay-color":"","overlay-opacity":"","overlay-gradient":""},"mobile":{"background-color":"","background-image":"","background-repeat":"repeat","background-position":"center center","background-size":"auto","background-attachment":"scroll","background-type":"","background-media":"","overlay-type":"","overlay-color":"","overlay-opacity":"","overlay-gradient":""}},"ast-content-background-meta":{"desktop":{"background-color":"var(--ast-global-color-5)","background-image":"","background-repeat":"repeat","background-position":"center center","background-size":"auto","background-attachment":"scroll","background-type":"","background-media":"","overlay-type":"","overlay-color":"","overlay-opacity":"","overlay-gradient":""},"tablet":{"background-color":"var(--ast-global-color-5)","background-image":"","background-repeat":"repeat","background-position":"center center","background-size":"auto","background-attachment":"scroll","background-type":"","background-media":"","overlay-type":"","overlay-color":"","overlay-opacity":"","overlay-gradient":""},"mobile":{"background-color":"var(--ast-global-color-5)","background-image":"","background-repeat":"repeat","background-position":"center center","background-size":"auto","background-attachment":"scroll","background-type":"","background-media":"","overlay-type":"","overlay-color":"","overlay-opacity":"","overlay-gradient":""}},"_joinchat":[]},"product_brand":[],"product_cat":[42],"product_tag":[],"class_list":{"0":"post-4139","1":"product","2":"type-product","3":"status-publish","4":"has-post-thumbnail","6":"product_cat-dvd","7":"desktop-align-left","8":"tablet-align-left","9":"mobile-align-left","11":"first","12":"instock","13":"sale","14":"shipping-taxable","15":"purchasable","16":"product-type-simple"},"_links":{"self":[{"href":"https:\/\/cinemasoul.es\/index.php?rest_route=\/wp\/v2\/product\/4139","targetHints":{"allow":["GET"]}}],"collection":[{"href":"https:\/\/cinemasoul.es\/index.php?rest_route=\/wp\/v2\/product"}],"about":[{"href":"https:\/\/cinemasoul.es\/index.php?rest_route=\/wp\/v2\/types\/product"}],"replies":[{"embeddable":true,"href":"https:\/\/cinemasoul.es\/index.php?rest_route=%2Fwp%2Fv2%2Fcomments&post=4139"}],"version-history":[{"count":2,"href":"https:\/\/cinemasoul.es\/index.php?rest_route=\/wp\/v2\/product\/4139\/revisions"}],"predecessor-version":[{"id":4143,"href":"https:\/\/cinemasoul.es\/index.php?rest_route=\/wp\/v2\/product\/4139\/revisions\/4143"}],"wp:featuredmedia":[{"embeddable":true,"href":"https:\/\/cinemasoul.es\/index.php?rest_route=\/wp\/v2\/media\/4140"}],"wp:attachment":[{"href":"https:\/\/cinemasoul.es\/index.php?rest_route=%2Fwp%2Fv2%2Fmedia&parent=4139"}],"wp:term":[{"taxonomy":"product_brand","embeddable":true,"href":"https:\/\/cinemasoul.es\/index.php?rest_route=%2Fwp%2Fv2%2Fproduct_brand&post=4139"},{"taxonomy":"product_cat","embeddable":true,"href":"https:\/\/cinemasoul.es\/index.php?rest_route=%2Fwp%2Fv2%2Fproduct_cat&post=4139"},{"taxonomy":"product_tag","embeddable":true,"href":"https:\/\/cinemasoul.es\/index.php?rest_route=%2Fwp%2Fv2%2Fproduct_tag&post=4139"}],"curies":[{"name":"wp","href":"https:\/\/api.w.org\/{rel}","templated":true}]}}